{"id":9965,"date":"2026-04-25T17:21:46","date_gmt":"2026-04-25T17:21:46","guid":{"rendered":"https:\/\/anopri.com\/?product=rice-cooker-rc-280-1000w-2-8l"},"modified":"2026-04-25T17:21:46","modified_gmt":"2026-04-25T17:21:46","slug":"rice-cooker-rc-280-1000w-2-8l","status":"publish","type":"product","link":"https:\/\/anopri.com\/?product=rice-cooker-rc-280-1000w-2-8l","title":{"rendered":"RICE COOKER RC-280 1000W 2.8L"},"content":{"rendered":"<p><strong>1. 3 dans 1 fonction: cuire, garder au chaud et unies<\/strong><br \/>\n<strong>2. Couvercle en verre tremp\u00e9 qui vous permettent de v\u00e9rifier la cuisson du riz statut<\/strong><br \/>\n<strong>3. Removable pot int\u00e9rieur en aluminium<\/strong><br \/>\n<strong>4. Rev\u00eatement antiadh\u00e9sif aide \u00e0 pr\u00e9venir les grains de riz de coller sur le pot<\/strong><br \/>\n<strong>5. Haute temp\u00e9rature protection<\/strong><br \/>\n<strong>6. Accessoires: tasse \u00e0 mesurer et cuill\u00e8re<\/strong><br \/>\n<strong>7. Pi\u00e8ces en option: bac \u00e0 vapeur et rev\u00eatement antiadh\u00e9sif<\/strong><br \/>\n<strong>8. Peut changer en acier inoxydable couvercle, pot int\u00e9rieur en aluminium.<\/strong><\/p>\n","protected":false},"excerpt":{"rendered":"<p>1. 3 dans 1 fonction: cuire, garder au chaud et unies 2. Couvercle en verre tremp\u00e9 qui vous permettent de v\u00e9rifier la cuisson du riz statut 3. Removable pot int\u00e9rieur en aluminium 4. Rev\u00eatement antiadh\u00e9sif aide \u00e0 pr\u00e9venir les grains de riz de coller sur le pot 5. Haute temp\u00e9rature protection 6. Accessoires: tasse \u00e0&#8230;<\/p>\n","protected":false},"featured_media":9963,"comment_status":"closed","ping_status":"closed","template":"","meta":{"_bst_post_transparent":"","_bst_post_title":"","_bst_post_layout":"","_bst_post_sidebar_id":"","_bst_post_content_style":"","_bst_post_vertical_padding":"","_bst_post_feature":"","_bst_post_feature_position":"","_bst_post_header":false,"_bst_post_footer":false},"product_brand":[],"product_cat":[145],"product_tag":[],"product_brands":[],"class_list":{"0":"post-9965","1":"product","2":"type-product","3":"status-publish","4":"has-post-thumbnail","6":"product_cat-electromenager","8":"first","9":"instock","10":"purchasable","11":"product-type-simple","12":"entry","13":"content-bg","14":"loop-entry"},"_links":{"self":[{"href":"https:\/\/anopri.com\/index.php?rest_route=\/wp\/v2\/product\/9965","targetHints":{"allow":["GET"]}}],"collection":[{"href":"https:\/\/anopri.com\/index.php?rest_route=\/wp\/v2\/product"}],"about":[{"href":"https:\/\/anopri.com\/index.php?rest_route=\/wp\/v2\/types\/product"}],"replies":[{"embeddable":true,"href":"https:\/\/anopri.com\/index.php?rest_route=%2Fwp%2Fv2%2Fcomments&post=9965"}],"wp:featuredmedia":[{"embeddable":true,"href":"https:\/\/anopri.com\/index.php?rest_route=\/wp\/v2\/media\/9963"}],"wp:attachment":[{"href":"https:\/\/anopri.com\/index.php?rest_route=%2Fwp%2Fv2%2Fmedia&parent=9965"}],"wp:term":[{"taxonomy":"product_brand","embeddable":true,"href":"https:\/\/anopri.com\/index.php?rest_route=%2Fwp%2Fv2%2Fproduct_brand&post=9965"},{"taxonomy":"product_cat","embeddable":true,"href":"https:\/\/anopri.com\/index.php?rest_route=%2Fwp%2Fv2%2Fproduct_cat&post=9965"},{"taxonomy":"product_tag","embeddable":true,"href":"https:\/\/anopri.com\/index.php?rest_route=%2Fwp%2Fv2%2Fproduct_tag&post=9965"},{"taxonomy":"product_brands","embeddable":true,"href":"https:\/\/anopri.com\/index.php?rest_route=%2Fwp%2Fv2%2Fproduct_brands&post=9965"}],"curies":[{"name":"wp","href":"https:\/\/api.w.org\/{rel}","templated":true}]}}