{"id":9901,"date":"2026-04-25T16:53:14","date_gmt":"2026-04-25T16:53:14","guid":{"rendered":"https:\/\/anopri.com\/?post_type=product&#038;p=9901"},"modified":"2026-04-25T17:08:47","modified_gmt":"2026-04-25T17:08:47","slug":"decodeur-de-television-numerique-hd-satellite-master-s1000hd","status":"publish","type":"product","link":"https:\/\/anopri.com\/?product=decodeur-de-television-numerique-hd-satellite-master-s1000hd","title":{"rendered":"D\u00e9codeur de t\u00e9l\u00e9vision num\u00e9rique HD satellite master s1000hd"},"content":{"rendered":"<p><strong><span style=\"vertical-align: inherit;\"><span style=\"vertical-align: inherit;\">Mod\u00e8le\u00a0 <\/span><\/span><\/strong><span data-spm-anchor-id=\"a2700.details.pronpeci14.i8.2d5b2406fPZ2hj\"><span style=\"vertical-align: inherit;\"><span style=\"vertical-align: inherit;\">\u00a0s1000 hd<\/span><\/span><\/span><\/p>\n<p><span style=\"vertical-align: inherit;\"><span style=\"vertical-align: inherit;\">Utilisez pour connecter le LNB pour recevoir le signal<\/span><\/span><\/p>\n<p><strong><span style=\"vertical-align: inherit;\"><span style=\"vertical-align: inherit;\">\u00a0Sortie HD\u00a0 <\/span><\/span><\/strong><span data-spm-anchor-id=\"a2700.details.pronpeci14.i12.2d5b2406fPZ2hj\"><span style=\"vertical-align: inherit;\"><span style=\"vertical-align: inherit;\">\u00a0Cette prise se connecte \u00e0 l&#8217;entr\u00e9e HDMI de l&#8217;appareil<\/span><\/span><\/span><strong>\u00a0<\/strong><\/p>\n<p><strong><span style=\"vertical-align: inherit;\"><span style=\"vertical-align: inherit;\">Audio R\/L Sortie\u00a0<\/span><\/span><\/strong><span style=\"vertical-align: inherit;\"><span style=\"vertical-align: inherit;\"> \u00a0\u00a0audio analogique L\/R<\/span><\/span><strong>\u00a0<\/strong><\/p>\n<p><span style=\"vertical-align: inherit;\"><span style=\"vertical-align: inherit;\">Signal audio num\u00e9rique de sortie\u00a0\u00a0 <\/span><\/span><strong><span style=\"vertical-align: inherit;\"><span style=\"vertical-align: inherit;\">coaxiale<\/span><\/span><\/strong><strong>\u00a0<\/strong><\/p>\n<p><strong><span style=\"vertical-align: inherit;\"><span style=\"vertical-align: inherit;\">Entr\u00e9e RF<\/span><\/span><\/strong><span style=\"vertical-align: inherit;\"><span style=\"vertical-align: inherit;\"> \u00a0\u00a0Connecter \u00e0 une antenne externe<\/span><\/span><\/p>\n<p><strong><span style=\"vertical-align: inherit;\"><span style=\"vertical-align: inherit;\">\u00a0Sortie RF<\/span><\/span><\/strong><span style=\"vertical-align: inherit;\"><span style=\"vertical-align: inherit;\"> \u00a0\u00a0Pour transmettre le signal RF \u00e0 votre t\u00e9l\u00e9viseur ou \u00e0 un autre syst\u00e8me vid\u00e9o<\/span><\/span><strong>\u00a0<\/strong><\/p>\n<p><strong><span style=\"vertical-align: inherit;\"><span style=\"vertical-align: inherit;\">DC In<\/span><\/span><\/strong><span style=\"vertical-align: inherit;\"><span style=\"vertical-align: inherit;\"> \u00a0\u00a0Connectez l&#8217;alimentation avec le r\u00e9cepteur<\/span><\/span><strong>\u00a0<\/strong><\/p>\n<p><strong><span style=\"vertical-align: inherit;\"><span style=\"vertical-align: inherit;\">RS232<\/span><\/span><\/strong><span style=\"vertical-align: inherit;\"><span style=\"vertical-align: inherit;\"> \u00a0\u00a0Pour la mise \u00e0 niveau du logiciel<\/span><\/span><strong>\u00a0<\/strong><\/p>\n<p><strong><span style=\"vertical-align: inherit;\"><span style=\"vertical-align: inherit;\">Marche\/Arr\u00eat<\/span><\/span><\/strong><span style=\"vertical-align: inherit;\"><span style=\"vertical-align: inherit;\"> \u00a0\u00a0Alimentation pour allumer\/\u00e9teindre le r\u00e9cepteur<\/span><\/span><\/p>\n","protected":false},"excerpt":{"rendered":"<p>Mod\u00e8le\u00a0 \u00a0s1000 hd Utilisez pour connecter le LNB pour recevoir le signal \u00a0Sortie HD\u00a0 \u00a0Cette prise se connecte \u00e0 l&#8217;entr\u00e9e HDMI de l&#8217;appareil\u00a0 Audio R\/L Sortie\u00a0 \u00a0\u00a0audio analogique L\/R\u00a0 Signal audio num\u00e9rique de sortie\u00a0\u00a0 coaxiale\u00a0 Entr\u00e9e RF \u00a0\u00a0Connecter \u00e0 une antenne externe \u00a0Sortie RF \u00a0\u00a0Pour transmettre le signal RF \u00e0 votre t\u00e9l\u00e9viseur ou \u00e0 un&#8230;<\/p>\n","protected":false},"featured_media":9947,"comment_status":"closed","ping_status":"closed","template":"","meta":{"_bst_post_transparent":"","_bst_post_title":"","_bst_post_layout":"","_bst_post_sidebar_id":"","_bst_post_content_style":"","_bst_post_vertical_padding":"","_bst_post_feature":"","_bst_post_feature_position":"","_bst_post_header":false,"_bst_post_footer":false},"product_brand":[],"product_cat":[142,169],"product_tag":[],"product_brands":[],"class_list":{"0":"post-9901","1":"product","2":"type-product","3":"status-publish","4":"has-post-thumbnail","6":"product_cat-electronique","7":"product_cat-ustensiles-gadgets-maison-et-bureau","9":"first","10":"instock","11":"purchasable","12":"product-type-simple","13":"entry","14":"content-bg","15":"loop-entry"},"_links":{"self":[{"href":"https:\/\/anopri.com\/index.php?rest_route=\/wp\/v2\/product\/9901","targetHints":{"allow":["GET"]}}],"collection":[{"href":"https:\/\/anopri.com\/index.php?rest_route=\/wp\/v2\/product"}],"about":[{"href":"https:\/\/anopri.com\/index.php?rest_route=\/wp\/v2\/types\/product"}],"replies":[{"embeddable":true,"href":"https:\/\/anopri.com\/index.php?rest_route=%2Fwp%2Fv2%2Fcomments&post=9901"}],"wp:featuredmedia":[{"embeddable":true,"href":"https:\/\/anopri.com\/index.php?rest_route=\/wp\/v2\/media\/9947"}],"wp:attachment":[{"href":"https:\/\/anopri.com\/index.php?rest_route=%2Fwp%2Fv2%2Fmedia&parent=9901"}],"wp:term":[{"taxonomy":"product_brand","embeddable":true,"href":"https:\/\/anopri.com\/index.php?rest_route=%2Fwp%2Fv2%2Fproduct_brand&post=9901"},{"taxonomy":"product_cat","embeddable":true,"href":"https:\/\/anopri.com\/index.php?rest_route=%2Fwp%2Fv2%2Fproduct_cat&post=9901"},{"taxonomy":"product_tag","embeddable":true,"href":"https:\/\/anopri.com\/index.php?rest_route=%2Fwp%2Fv2%2Fproduct_tag&post=9901"},{"taxonomy":"product_brands","embeddable":true,"href":"https:\/\/anopri.com\/index.php?rest_route=%2Fwp%2Fv2%2Fproduct_brands&post=9901"}],"curies":[{"name":"wp","href":"https:\/\/api.w.org\/{rel}","templated":true}]}}