{"id":9895,"date":"2026-04-25T16:53:13","date_gmt":"2026-04-25T16:53:13","guid":{"rendered":"https:\/\/anopri.com\/?post_type=product&#038;p=9895"},"modified":"2026-04-25T17:08:47","modified_gmt":"2026-04-25T17:08:47","slug":"lampe-solairepanneaux-solaire-3-ampoules-gdlite-10","status":"publish","type":"product","link":"https:\/\/anopri.com\/?product=lampe-solairepanneaux-solaire-3-ampoules-gdlite-10","title":{"rendered":"Lampe solaire+panneaux solaire -3 ampoules -GDLITE 10"},"content":{"rendered":"<p><strong>LAMPE SOLAIRE GDLITE-10<\/strong><\/p>\n<p>&#8211; une plaque solaire<br \/>\n&#8211; Une lampe torche portable<br \/>\n&#8211; 3 ampoules reli\u00e9es \u00e0 des c\u00e2bles de 4m de long pour \u00e9clairer la maison<br \/>\n&#8211; une sortie USB pour charger les t\u00e9l\u00e9phones et autres appareils USB et jouer de la musique<br \/>\n&#8211; Une station de charge ayant 5 types de connecteurs<br \/>\n&#8211; un port de carte m\u00e9moire pour jouer de la musique<br \/>\n&#8211; Une station radio<\/p>\n<p>Son autonomie peut aller jusqu&#8217;\u00e0 30h et illimit\u00e9e lorsque son panneau solaire reste en permanence en contact avec la lumi\u00e8re du jour.<\/p>\n","protected":false},"excerpt":{"rendered":"<p>LAMPE SOLAIRE GDLITE-10<\/p>\n<p>&#8211; une plaque solaire<br \/>\n&#8211; Une lampe torche portable<br \/>\n&#8211; 3 ampoules reli\u00e9es \u00e0 des c\u00e2bles de 4m de long pour \u00e9clairer la maison<br \/>\n&#8211; une sortie USB pour charger les t\u00e9l\u00e9phones et autres appareils USB et jouer de la musique<br \/>\n&#8211; Une station de charge ayant 5 types de connecteurs<br \/>\n&#8211; un port de carte m\u00e9moire pour jouer de la musique<br \/>\n&#8211; Une station radio<\/p>\n<p>Son autonomie peut aller jusqu&#8217;\u00e0 30h et illimit\u00e9e lorsque son panneau solaire reste en permanence en contact avec la lumi\u00e8re du jour.<\/p>\n","protected":false},"featured_media":9936,"comment_status":"closed","ping_status":"closed","template":"","meta":{"_bst_post_transparent":"","_bst_post_title":"","_bst_post_layout":"","_bst_post_sidebar_id":"","_bst_post_content_style":"","_bst_post_vertical_padding":"","_bst_post_feature":"","_bst_post_feature_position":"","_bst_post_header":false,"_bst_post_footer":false},"product_brand":[],"product_cat":[166,189,187],"product_tag":[],"product_brands":[],"class_list":{"0":"post-9895","1":"product","2":"type-product","3":"status-publish","4":"has-post-thumbnail","6":"product_cat-electricite","7":"product_cat-energie-solaire","8":"product_cat-lampe-rechargeable","10":"first","11":"instock","12":"purchasable","13":"product-type-simple","14":"entry","15":"content-bg","16":"loop-entry"},"_links":{"self":[{"href":"https:\/\/anopri.com\/index.php?rest_route=\/wp\/v2\/product\/9895","targetHints":{"allow":["GET"]}}],"collection":[{"href":"https:\/\/anopri.com\/index.php?rest_route=\/wp\/v2\/product"}],"about":[{"href":"https:\/\/anopri.com\/index.php?rest_route=\/wp\/v2\/types\/product"}],"replies":[{"embeddable":true,"href":"https:\/\/anopri.com\/index.php?rest_route=%2Fwp%2Fv2%2Fcomments&post=9895"}],"wp:featuredmedia":[{"embeddable":true,"href":"https:\/\/anopri.com\/index.php?rest_route=\/wp\/v2\/media\/9936"}],"wp:attachment":[{"href":"https:\/\/anopri.com\/index.php?rest_route=%2Fwp%2Fv2%2Fmedia&parent=9895"}],"wp:term":[{"taxonomy":"product_brand","embeddable":true,"href":"https:\/\/anopri.com\/index.php?rest_route=%2Fwp%2Fv2%2Fproduct_brand&post=9895"},{"taxonomy":"product_cat","embeddable":true,"href":"https:\/\/anopri.com\/index.php?rest_route=%2Fwp%2Fv2%2Fproduct_cat&post=9895"},{"taxonomy":"product_tag","embeddable":true,"href":"https:\/\/anopri.com\/index.php?rest_route=%2Fwp%2Fv2%2Fproduct_tag&post=9895"},{"taxonomy":"product_brands","embeddable":true,"href":"https:\/\/anopri.com\/index.php?rest_route=%2Fwp%2Fv2%2Fproduct_brands&post=9895"}],"curies":[{"name":"wp","href":"https:\/\/api.w.org\/{rel}","templated":true}]}}