{"id":9894,"date":"2026-04-25T16:53:13","date_gmt":"2026-04-25T16:53:13","guid":{"rendered":"https:\/\/anopri.com\/?post_type=product&#038;p=9894"},"modified":"2026-04-25T17:08:47","modified_gmt":"2026-04-25T17:08:47","slug":"bain-de-bouche-dentalux-500-ml","status":"publish","type":"product","link":"https:\/\/anopri.com\/?product=bain-de-bouche-dentalux-500-ml","title":{"rendered":"Bain de bouche-DENTALUX 500 ml"},"content":{"rendered":"<p>Apr\u00e8s s&#8217;\u00eatre bross\u00e9 les dents, se rincer la bouche avec un bouchon de produit (20 ml) pendant 30 secondes.<br \/>\n-Ne pas avaler, ne pas rincer.<br \/>\n-Test\u00e9 par les dentistes.<br \/>\n-Ne remplace pas le brossage des dents, \u00e0 utiliser en compl\u00e9ment.<\/p>\n","protected":false},"excerpt":{"rendered":"<p>Apr\u00e8s s&#8217;\u00eatre bross\u00e9 les dents, se rincer la bouche avec un bouchon de produit (20 ml) pendant 30 secondes.<br \/>\n-Ne pas avaler, ne pas rincer.<br \/>\n-Test\u00e9 par les dentistes.<br \/>\n-Ne remplace pas le brossage des dents, \u00e0 utiliser en compl\u00e9ment.<\/p>\n","protected":false},"featured_media":9935,"comment_status":"closed","ping_status":"closed","template":"","meta":{"_bst_post_transparent":"","_bst_post_title":"","_bst_post_layout":"","_bst_post_sidebar_id":"","_bst_post_content_style":"","_bst_post_vertical_padding":"","_bst_post_feature":"","_bst_post_feature_position":"","_bst_post_header":false,"_bst_post_footer":false},"product_brand":[],"product_cat":[169],"product_tag":[],"product_brands":[],"class_list":{"0":"post-9894","1":"product","2":"type-product","3":"status-publish","4":"has-post-thumbnail","6":"product_cat-ustensiles-gadgets-maison-et-bureau","8":"first","9":"instock","10":"purchasable","11":"product-type-simple","12":"entry","13":"content-bg","14":"loop-entry"},"_links":{"self":[{"href":"https:\/\/anopri.com\/index.php?rest_route=\/wp\/v2\/product\/9894","targetHints":{"allow":["GET"]}}],"collection":[{"href":"https:\/\/anopri.com\/index.php?rest_route=\/wp\/v2\/product"}],"about":[{"href":"https:\/\/anopri.com\/index.php?rest_route=\/wp\/v2\/types\/product"}],"replies":[{"embeddable":true,"href":"https:\/\/anopri.com\/index.php?rest_route=%2Fwp%2Fv2%2Fcomments&post=9894"}],"wp:featuredmedia":[{"embeddable":true,"href":"https:\/\/anopri.com\/index.php?rest_route=\/wp\/v2\/media\/9935"}],"wp:attachment":[{"href":"https:\/\/anopri.com\/index.php?rest_route=%2Fwp%2Fv2%2Fmedia&parent=9894"}],"wp:term":[{"taxonomy":"product_brand","embeddable":true,"href":"https:\/\/anopri.com\/index.php?rest_route=%2Fwp%2Fv2%2Fproduct_brand&post=9894"},{"taxonomy":"product_cat","embeddable":true,"href":"https:\/\/anopri.com\/index.php?rest_route=%2Fwp%2Fv2%2Fproduct_cat&post=9894"},{"taxonomy":"product_tag","embeddable":true,"href":"https:\/\/anopri.com\/index.php?rest_route=%2Fwp%2Fv2%2Fproduct_tag&post=9894"},{"taxonomy":"product_brands","embeddable":true,"href":"https:\/\/anopri.com\/index.php?rest_route=%2Fwp%2Fv2%2Fproduct_brands&post=9894"}],"curies":[{"name":"wp","href":"https:\/\/api.w.org\/{rel}","templated":true}]}}