{"id":9821,"date":"2026-04-25T16:52:54","date_gmt":"2026-04-25T16:52:54","guid":{"rendered":"https:\/\/anopri.com\/?post_type=product&#038;p=9821"},"modified":"2026-04-25T17:08:45","modified_gmt":"2026-04-25T17:08:45","slug":"aspirateur-a-tambour-mebashi-medvc1012","status":"publish","type":"product","link":"https:\/\/anopri.com\/?product=aspirateur-a-tambour-mebashi-medvc1012","title":{"rendered":"Aspirateur \u00e0 tambour Mebashi MEDVC1012"},"content":{"rendered":"<p>Aspirateur \u00e0 tambour d\u2019une capacit\u00e9 de 20L<\/p>\n<p>Consommation d\u2019\u00e9nergie\u00a0: 2000\u00a0W\/220-240\u00a0V\/50\/60\u00a0Hz<\/p>\n<p>Haute efficacit\u00e9 et puissance<\/p>\n<p>Indicateur plein de poussi\u00e8re<\/p>\n<p>Capacit\u00e9 poussi\u00e8re : 20L<\/p>\n<p>Mati\u00e8re : ACIER<\/p>\n<p>Nom du mod\u00e8le : ME-DVC1012<\/p>\n<p>Couleur jaune<\/p>\n<p>Num\u00e9ro de pi\u00e8ce : ME-DVC1012<\/p>\n<p>Conseils d\u2019entretien\u00a0: chargement minutieux<\/p>\n<p>L\u2019assemblage est-il requis\u00a0: non<\/p>\n<p>Prise d\u2019alimentation : Type G<\/p>\n<p>Fr\u00e9quence de tension accept\u00e9e : 220 \u00e0 240 Volts et 50 Hertz<\/p>\n<p>Composants inclus : Fixation \u00e0 bord<\/p>\n<p>Des piles sont-elles n\u00e9cessaires\u00a0?\u00a0: Non<\/p>\n","protected":false},"excerpt":{"rendered":"<ul>\n<li>Haute efficacit\u00e9<\/li>\n<li>Niveau sonore bas<\/li>\n<li>Ventilateur disponible<\/li>\n<li>Poign\u00e9e de transport pratique<\/li>\n<li>Indicateur plein de poussi\u00e8re<\/li>\n<li>Syst\u00e8me multi-filtration<\/li>\n<li>Tube t\u00e9lescopique en m\u00e9tal facile \u00e0 installer<\/li>\n<li>Capacit\u00e9 poussi\u00e8re 20L<\/li>\n<li>Longueur du cordon 5M<\/li>\n<\/ul>\n","protected":false},"featured_media":9875,"comment_status":"closed","ping_status":"closed","template":"","meta":{"_bst_post_transparent":"","_bst_post_title":"","_bst_post_layout":"","_bst_post_sidebar_id":"","_bst_post_content_style":"","_bst_post_vertical_padding":"","_bst_post_feature":"","_bst_post_feature_position":"","_bst_post_header":false,"_bst_post_footer":false},"product_brand":[],"product_cat":[145],"product_tag":[],"product_brands":[],"class_list":{"0":"post-9821","1":"product","2":"type-product","3":"status-publish","4":"has-post-thumbnail","6":"product_cat-electromenager","8":"first","9":"instock","10":"purchasable","11":"product-type-simple","12":"entry","13":"content-bg","14":"loop-entry"},"_links":{"self":[{"href":"https:\/\/anopri.com\/index.php?rest_route=\/wp\/v2\/product\/9821","targetHints":{"allow":["GET"]}}],"collection":[{"href":"https:\/\/anopri.com\/index.php?rest_route=\/wp\/v2\/product"}],"about":[{"href":"https:\/\/anopri.com\/index.php?rest_route=\/wp\/v2\/types\/product"}],"replies":[{"embeddable":true,"href":"https:\/\/anopri.com\/index.php?rest_route=%2Fwp%2Fv2%2Fcomments&post=9821"}],"wp:featuredmedia":[{"embeddable":true,"href":"https:\/\/anopri.com\/index.php?rest_route=\/wp\/v2\/media\/9875"}],"wp:attachment":[{"href":"https:\/\/anopri.com\/index.php?rest_route=%2Fwp%2Fv2%2Fmedia&parent=9821"}],"wp:term":[{"taxonomy":"product_brand","embeddable":true,"href":"https:\/\/anopri.com\/index.php?rest_route=%2Fwp%2Fv2%2Fproduct_brand&post=9821"},{"taxonomy":"product_cat","embeddable":true,"href":"https:\/\/anopri.com\/index.php?rest_route=%2Fwp%2Fv2%2Fproduct_cat&post=9821"},{"taxonomy":"product_tag","embeddable":true,"href":"https:\/\/anopri.com\/index.php?rest_route=%2Fwp%2Fv2%2Fproduct_tag&post=9821"},{"taxonomy":"product_brands","embeddable":true,"href":"https:\/\/anopri.com\/index.php?rest_route=%2Fwp%2Fv2%2Fproduct_brands&post=9821"}],"curies":[{"name":"wp","href":"https:\/\/api.w.org\/{rel}","templated":true}]}}