{"id":9819,"date":"2026-04-25T16:52:54","date_gmt":"2026-04-25T16:52:54","guid":{"rendered":"https:\/\/anopri.com\/?post_type=product&#038;p=9819"},"modified":"2026-04-25T17:08:45","modified_gmt":"2026-04-25T17:08:45","slug":"mini-machine-a-coudre-multifonction-sm-202a","status":"publish","type":"product","link":"https:\/\/anopri.com\/?product=mini-machine-a-coudre-multifonction-sm-202a","title":{"rendered":"Mini Machine A Coudre Multifonction SM-202A"},"content":{"rendered":"<p>&#8216;-Tension: 100-240 V, 50-60Hz<\/p>\n","protected":false},"excerpt":{"rendered":"<p>&#8216;-Mini machine \u00e0 coudre offre des doubles fils et un contr\u00f4le parfait des points<br \/>\n-Meilleure vue et plus pratique dans la coupe du fil<br \/>\n-Taille Mini, l\u00e9ger et avec une finition exquise<br \/>\n-Cette machine \u00e0 coudre est une machine \u00e0 coudre de base, avec sa fonction facile \u00e0 utiliser, adapt\u00e9e \u00e0 tous les utilisateurs de machine \u00e0 coudre<br \/>\n-Equip\u00e9 d\u2019une lampe d\u2019\u00e9clairage et d\u2019un coupe-fil, facile \u00e0 couper les fils<br \/>\n-Une grande bobine peut \u00eatre utilis\u00e9e avec un dispositif de rembobinage pour un remplacement facile de la canette inf\u00e9rieure<\/p>\n","protected":false},"featured_media":9871,"comment_status":"closed","ping_status":"closed","template":"","meta":{"_bst_post_transparent":"","_bst_post_title":"","_bst_post_layout":"","_bst_post_sidebar_id":"","_bst_post_content_style":"","_bst_post_vertical_padding":"","_bst_post_feature":"","_bst_post_feature_position":"","_bst_post_header":false,"_bst_post_footer":false},"product_brand":[],"product_cat":[176],"product_tag":[],"product_brands":[],"class_list":{"0":"post-9819","1":"product","2":"type-product","3":"status-publish","4":"has-post-thumbnail","6":"product_cat-machines-a-coudre-accessoires-de-couture","8":"first","9":"instock","10":"purchasable","11":"product-type-simple","12":"entry","13":"content-bg","14":"loop-entry"},"_links":{"self":[{"href":"https:\/\/anopri.com\/index.php?rest_route=\/wp\/v2\/product\/9819","targetHints":{"allow":["GET"]}}],"collection":[{"href":"https:\/\/anopri.com\/index.php?rest_route=\/wp\/v2\/product"}],"about":[{"href":"https:\/\/anopri.com\/index.php?rest_route=\/wp\/v2\/types\/product"}],"replies":[{"embeddable":true,"href":"https:\/\/anopri.com\/index.php?rest_route=%2Fwp%2Fv2%2Fcomments&post=9819"}],"wp:featuredmedia":[{"embeddable":true,"href":"https:\/\/anopri.com\/index.php?rest_route=\/wp\/v2\/media\/9871"}],"wp:attachment":[{"href":"https:\/\/anopri.com\/index.php?rest_route=%2Fwp%2Fv2%2Fmedia&parent=9819"}],"wp:term":[{"taxonomy":"product_brand","embeddable":true,"href":"https:\/\/anopri.com\/index.php?rest_route=%2Fwp%2Fv2%2Fproduct_brand&post=9819"},{"taxonomy":"product_cat","embeddable":true,"href":"https:\/\/anopri.com\/index.php?rest_route=%2Fwp%2Fv2%2Fproduct_cat&post=9819"},{"taxonomy":"product_tag","embeddable":true,"href":"https:\/\/anopri.com\/index.php?rest_route=%2Fwp%2Fv2%2Fproduct_tag&post=9819"},{"taxonomy":"product_brands","embeddable":true,"href":"https:\/\/anopri.com\/index.php?rest_route=%2Fwp%2Fv2%2Fproduct_brands&post=9819"}],"curies":[{"name":"wp","href":"https:\/\/api.w.org\/{rel}","templated":true}]}}