{"id":9805,"date":"2026-04-25T16:52:53","date_gmt":"2026-04-25T16:52:53","guid":{"rendered":"https:\/\/anopri.com\/?post_type=product&#038;p=9805"},"modified":"2026-04-25T17:08:45","modified_gmt":"2026-04-25T17:08:45","slug":"motopompe-honda-wb20xh","status":"publish","type":"product","link":"https:\/\/anopri.com\/?product=motopompe-honda-wb20xh","title":{"rendered":"MOTOPOMPE HONDA WB20XH"},"content":{"rendered":"<table class=\"shop_attributes\" style=\"height: 446px;\" width=\"409\" cellspacing=\"0\">\n<tbody>\n<tr>\n<th>Marque<\/th>\n<td>HONDA<\/td>\n<\/tr>\n<tr class=\"alt\">\n<th>Mod\u00e8le<\/th>\n<td>WB20X<\/td>\n<\/tr>\n<tr>\n<th>Poids<\/th>\n<td>21 kg<\/td>\n<\/tr>\n<tr class=\"alt\">\n<th>Garantie<\/th>\n<td>2 ans ( usage particulier )<\/td>\n<\/tr>\n<tr>\n<th>Energie<\/th>\n<td>essence<\/td>\n<\/tr>\n<tr class=\"alt\">\n<th>Type de d\u00e9marrage<\/th>\n<td>manuel<\/td>\n<\/tr>\n<tr>\n<th>D\u00e9bit maxi<\/th>\n<td>36000 l\/h<\/td>\n<\/tr>\n<tr class=\"alt\">\n<th>Hauteur maxi d\u2019aspiration<\/th>\n<td>8 m<\/td>\n<\/tr>\n<tr>\n<th>Hauteur maxi de refoulement<\/th>\n<td>32 m<\/td>\n<\/tr>\n<tr class=\"alt\">\n<th>Usage conseill\u00e9<\/th>\n<td>pompe de surface<\/td>\n<\/tr>\n<\/tbody>\n<\/table>\n","protected":false},"excerpt":{"rendered":"<p>Con\u00e7ue pour fournir de grands volumes de liquide en peu de temps, la pompe \u00e0 eau HONDA WB20 est adapt\u00e9e \u00e0 un usage professionnel.<\/p>\n<p>Sa poign\u00e9e permet de transporter la pompe charg\u00e9e sur diff\u00e9rents terrains et son moteur GX120 offre une possibilit\u00e9 de d\u00e9bit de 600l\/min, id\u00e9al pour des travaux d\u2019irrigation ou de vidange des cuves.<\/p>\n","protected":false},"featured_media":9849,"comment_status":"closed","ping_status":"closed","template":"","meta":{"_bst_post_transparent":"","_bst_post_title":"","_bst_post_layout":"","_bst_post_sidebar_id":"","_bst_post_content_style":"","_bst_post_vertical_padding":"","_bst_post_feature":"","_bst_post_feature_position":"","_bst_post_header":false,"_bst_post_footer":false},"product_brand":[],"product_cat":[186],"product_tag":[],"product_brands":[],"class_list":{"0":"post-9805","1":"product","2":"type-product","3":"status-publish","4":"has-post-thumbnail","6":"product_cat-generateurs","8":"first","9":"instock","10":"purchasable","11":"product-type-simple","12":"entry","13":"content-bg","14":"loop-entry"},"_links":{"self":[{"href":"https:\/\/anopri.com\/index.php?rest_route=\/wp\/v2\/product\/9805","targetHints":{"allow":["GET"]}}],"collection":[{"href":"https:\/\/anopri.com\/index.php?rest_route=\/wp\/v2\/product"}],"about":[{"href":"https:\/\/anopri.com\/index.php?rest_route=\/wp\/v2\/types\/product"}],"replies":[{"embeddable":true,"href":"https:\/\/anopri.com\/index.php?rest_route=%2Fwp%2Fv2%2Fcomments&post=9805"}],"wp:featuredmedia":[{"embeddable":true,"href":"https:\/\/anopri.com\/index.php?rest_route=\/wp\/v2\/media\/9849"}],"wp:attachment":[{"href":"https:\/\/anopri.com\/index.php?rest_route=%2Fwp%2Fv2%2Fmedia&parent=9805"}],"wp:term":[{"taxonomy":"product_brand","embeddable":true,"href":"https:\/\/anopri.com\/index.php?rest_route=%2Fwp%2Fv2%2Fproduct_brand&post=9805"},{"taxonomy":"product_cat","embeddable":true,"href":"https:\/\/anopri.com\/index.php?rest_route=%2Fwp%2Fv2%2Fproduct_cat&post=9805"},{"taxonomy":"product_tag","embeddable":true,"href":"https:\/\/anopri.com\/index.php?rest_route=%2Fwp%2Fv2%2Fproduct_tag&post=9805"},{"taxonomy":"product_brands","embeddable":true,"href":"https:\/\/anopri.com\/index.php?rest_route=%2Fwp%2Fv2%2Fproduct_brands&post=9805"}],"curies":[{"name":"wp","href":"https:\/\/api.w.org\/{rel}","templated":true}]}}