{"id":9720,"date":"2026-04-25T16:52:29","date_gmt":"2026-04-25T16:52:29","guid":{"rendered":"https:\/\/anopri.com\/?post_type=product&#038;p=9720"},"modified":"2026-04-25T17:08:42","modified_gmt":"2026-04-25T17:08:42","slug":"tv-hisense-smart-43-43a5730fa","status":"publish","type":"product","link":"https:\/\/anopri.com\/?product=tv-hisense-smart-43-43a5730fa","title":{"rendered":"TV HISENSE Smart 43&#8243;- 43A5730FA"},"content":{"rendered":"<h3 id=\"\u0434\u0438\u0437\u0430\u0439\u043d\" class=\"wp-block-heading\">Conception<\/h3>\n<p>Le mod\u00e8le a un design simple et moderne.\u00a0Sur trois c\u00f4t\u00e9s, l&#8217;\u00e9cran est entour\u00e9 de cadres tr\u00e8s fins qui s&#8217;int\u00e8grent bien dans n&#8217;importe quelle pi\u00e8ce.\u00a0En bas se trouve le logo du fabricant.\u00a0Le bo\u00eetier a une finition mate et ne recueille pas la poussi\u00e8re, et l&#8217;\u00e9cran est brillant.\u00a0Le moniteur est mont\u00e9 sur un large support avec des pieds en forme de V, vous aurez donc besoin d&#8217;une grande table pour placer le t\u00e9l\u00e9viseur.\u00a0Si vous d\u00e9cidez de monter le t\u00e9l\u00e9viseur sur le support, gardez \u00e0 l&#8217;esprit que les connecteurs sont situ\u00e9s pr\u00e8s du centre du panneau arri\u00e8re &#8211; il ne sera pas tr\u00e8s pratique de les atteindre.<\/p>\n<h3 id=\"\u043a\u0430\u0447\u0435\u0441\u0442\u0432\u043e-\u0438\u0437\u043e\u0431\u0440\u0430\u0436\u0435\u043d\u0438\u044f-\u0438-\u0437\u0432\u0443\u043a\u0430\" class=\"wp-block-heading\">Qualit\u00e9 d&#8217;image et de son<\/h3>\n<p>Les critiques notent que le t\u00e9l\u00e9viseur a une bonne qualit\u00e9 d&#8217;image pour son prix.\u00a0Il a de larges angles de vision, ce qui est important si vous aimez regarder des films ou des \u00e9missions sportives dans l&#8217;entreprise.\u00a0La marge de luminosit\u00e9 est moyenne (environ 250 cd\/m2), le t\u00e9l\u00e9viseur est adapt\u00e9 \u00e0 un visionnage dans une pi\u00e8ce \u00e0 \u00e9clairage mod\u00e9r\u00e9.\u00a0La reproduction des couleurs est assez bonne, les couleurs semblent naturelles.\u00a0Malheureusement, le Hisense 43A5730FA a un faible taux de contraste.\u00a0Lorsque vous regardez dans l&#8217;obscurit\u00e9, vous remarquerez peut-\u00eatre que la couleur noire semble in\u00e9gale et ressemble plus \u00e0 du gris.<\/p>\n<p>La qualit\u00e9 sonore est m\u00e9diocre.\u00a0Les critiques se plaignent du manque de basses fr\u00e9quences et de volume des haut-parleurs int\u00e9gr\u00e9s.\u00a0Si vous avez besoin de quelque chose de plus de votre t\u00e9l\u00e9viseur que de regarder la t\u00e9l\u00e9vision, vous devez connecter des haut-parleurs externes.<\/p>\n<h3 id=\"\u0444\u0443\u043d\u043a\u0446\u0438\u0438\" class=\"wp-block-heading\">Les fonctions<\/h3>\n<p>Le mod\u00e8le fonctionne sur la base de la plateforme Android TV.\u00a0Le syst\u00e8me d&#8217;exploitation est stable et permet d&#8217;acc\u00e9der aux services de streaming populaires et \u00e0 d&#8217;autres applications.<\/p>\n<h3 id=\"\u0438\u0442\u043e\u0433\u0438-\u043e\u0431\u0437\u043e\u0440\u0430\" class=\"wp-block-heading\">Examiner les r\u00e9sultats<\/h3>\n<p>Le Hisense 43A5730FA est un tr\u00e8s bon t\u00e9l\u00e9viseur pour le prix.\u00a0Il a un bon design, un grand angle de vision et une reproduction pr\u00e9cise des couleurs de l&#8217;\u00e9cran.\u00a0Le mod\u00e8le dispose d&#8217;une Smart TV stable et d&#8217;une commande vocale.\u00a0Dans le m\u00eame temps, les critiques se plaignent de la mauvaise qualit\u00e9 du son.\u00a0Et \u00e0 cause du faible contraste, le t\u00e9l\u00e9viseur n&#8217;est gu\u00e8re adapt\u00e9 \u00e0 la visualisation de contenu en basse lumi\u00e8re.<\/p>\n","protected":false},"excerpt":{"rendered":"<ul>\n<li><strong>Sp\u00e9cification de base<\/strong><\/li>\n<li>Taille : 43\u2033<\/li>\n<li>R\u00e9solution : Full HD<\/li>\n<li>Smart TV<\/li>\n<li>Classe de consommation \u00e9nerg\u00e9tique : A+<\/li>\n<li>Consommation d\u2019\u00e9nergie : 65w<\/li>\n<li><\/li>\n<li><strong>Image<\/strong><\/li>\n<li>Diagonale d\u2019\u00e9cran : 43\u2033 \/ 108 cm<\/li>\n<li>Technologie de r\u00e9tro\u00e9clairage : LED directe<\/li>\n<li>Format : 16:9<\/li>\n<li>Processeur d\u2019images : MSD6683<\/li>\n<li>R\u00e9solution d\u2019image : 1920 \u00d7 1080<\/li>\n<li>Luminosit\u00e9 : 250 cd\/m\u00b2<\/li>\n<li>Contraste : 1200\u00a0: 1<\/li>\n<li><\/li>\n<li><strong>Voix<\/strong><\/li>\n<li><\/li>\n<li>Nombre de canaux audio : 2<\/li>\n<li>Puissance sonore : 2 x 7 W<\/li>\n<li>Syst\u00e8me audio : DTS Studio Sound<\/li>\n<li><\/li>\n<li><strong>Syst\u00e8me<\/strong><\/li>\n<li><\/li>\n<li>Syst\u00e8me d\u2019exploitation\u00a0: Android<\/li>\n<li><\/li>\n<li><strong>Sp\u00e9cifications et fonctions<\/strong><\/li>\n<li><\/li>\n<li>Lecteur multim\u00e9dia<\/li>\n<li>T\u00e9l\u00e9texte<\/li>\n<li>Connexion \u00e0 des appareils mobiles<\/li>\n<li>Contr\u00f4le parental<\/li>\n<li>Enregistrement de diffusion<\/li>\n<li>Fonction TIME SHIFT<\/li>\n<li>EPG<\/li>\n<li><\/li>\n<li><strong>Fonctions intelligentes<\/strong><\/li>\n<li><\/li>\n<li>Navigateur Web<\/li>\n<li>Applications intelligentes<\/li>\n<li><\/li>\n<li><strong>Connexion sans fil<\/strong><\/li>\n<li><\/li>\n<li>Bluetooth<\/li>\n<li>Wifi<\/li>\n<li><\/li>\n<li><strong>R\u00e9cepteur de t\u00e9l\u00e9vision<\/strong><\/li>\n<li><\/li>\n<li>Num\u00e9rique : DVB-T\/T2\/C\/S\/S2<\/li>\n<li>Analogique<\/li>\n<li><\/li>\n<li><strong>Ports de connexion<\/strong><\/li>\n<li><\/li>\n<li>RF<\/li>\n<li>HDMI<\/li>\n<li>USB\u00a0: 2<\/li>\n<li>Sortie audio (3,5\u00a0mm)<\/li>\n<li>Sortie audio optique<\/li>\n<li>R\u00e9seau local (RJ45)<\/li>\n<li>CI<\/li>\n<li><strong>Ach\u00e8vement<\/strong><\/li>\n<li>T\u00e9l\u00e9commande<\/li>\n<li>Batterie<\/li>\n<li>Socle de support<\/li>\n<li>Documentation<\/li>\n<li>Cordon d\u2019alimentation<\/li>\n<\/ul>\n<p><strong>Garantie 06 mois<\/strong><\/p>\n","protected":false},"featured_media":9758,"comment_status":"closed","ping_status":"closed","template":"","meta":{"_bst_post_transparent":"","_bst_post_title":"","_bst_post_layout":"","_bst_post_sidebar_id":"","_bst_post_content_style":"","_bst_post_vertical_padding":"","_bst_post_feature":"","_bst_post_feature_position":"","_bst_post_header":false,"_bst_post_footer":false},"product_brand":[],"product_cat":[142,143,144],"product_tag":[],"product_brands":[],"class_list":{"0":"post-9720","1":"product","2":"type-product","3":"status-publish","4":"has-post-thumbnail","6":"product_cat-electronique","7":"product_cat-television","8":"product_cat-televisions-smart","10":"first","11":"instock","12":"sale","13":"purchasable","14":"product-type-simple","15":"entry","16":"content-bg","17":"loop-entry"},"_links":{"self":[{"href":"https:\/\/anopri.com\/index.php?rest_route=\/wp\/v2\/product\/9720","targetHints":{"allow":["GET"]}}],"collection":[{"href":"https:\/\/anopri.com\/index.php?rest_route=\/wp\/v2\/product"}],"about":[{"href":"https:\/\/anopri.com\/index.php?rest_route=\/wp\/v2\/types\/product"}],"replies":[{"embeddable":true,"href":"https:\/\/anopri.com\/index.php?rest_route=%2Fwp%2Fv2%2Fcomments&post=9720"}],"wp:featuredmedia":[{"embeddable":true,"href":"https:\/\/anopri.com\/index.php?rest_route=\/wp\/v2\/media\/9758"}],"wp:attachment":[{"href":"https:\/\/anopri.com\/index.php?rest_route=%2Fwp%2Fv2%2Fmedia&parent=9720"}],"wp:term":[{"taxonomy":"product_brand","embeddable":true,"href":"https:\/\/anopri.com\/index.php?rest_route=%2Fwp%2Fv2%2Fproduct_brand&post=9720"},{"taxonomy":"product_cat","embeddable":true,"href":"https:\/\/anopri.com\/index.php?rest_route=%2Fwp%2Fv2%2Fproduct_cat&post=9720"},{"taxonomy":"product_tag","embeddable":true,"href":"https:\/\/anopri.com\/index.php?rest_route=%2Fwp%2Fv2%2Fproduct_tag&post=9720"},{"taxonomy":"product_brands","embeddable":true,"href":"https:\/\/anopri.com\/index.php?rest_route=%2Fwp%2Fv2%2Fproduct_brands&post=9720"}],"curies":[{"name":"wp","href":"https:\/\/api.w.org\/{rel}","templated":true}]}}