{"id":9717,"date":"2026-04-25T16:52:29","date_gmt":"2026-04-25T16:52:29","guid":{"rendered":"https:\/\/anopri.com\/?post_type=product&#038;p=9717"},"modified":"2026-04-25T17:08:42","modified_gmt":"2026-04-25T17:08:42","slug":"plastifieuse-a-froid-fs-400","status":"publish","type":"product","link":"https:\/\/anopri.com\/?product=plastifieuse-a-froid-fs-400","title":{"rendered":"Plastifieuse \u00e0 froid. FS-400"},"content":{"rendered":"<p>Type: machine de scellage continue<\/p>\n<p>Mod\u00e8le: FS-400<\/p>\n<p>Puissance: 0.45 (Kw)<\/p>\n<p>Poids: 2.5 (kg)<\/p>\n<p>Dimensions: 330*110*230 (mm)<\/p>\n<p>Mat\u00e9riau d&#8217;emballage: plastique<\/p>\n<p><span data-spm-anchor-id=\"a2g0o.detail.1000023.i0.6bd63f65NAaGnN\">Degr\u00e9 d&#8217;automatisation: pression manuelle<\/span><\/p>\n<p>Industries applicables: aliments, jouets, quincaillerie, machines, produits chimiques, v\u00eatements, tabac et alcool, produits chimiques quotidiens, restauration, m\u00e9decine, cadeaux, artisanat, textiles de maison<\/p>\n<p>Alimentation: 220V<\/p>\n<p>Vitesse de scellage: environ 15 sacs par minute<\/p>\n<p>Largeur de scellage: 3MM<\/p>\n<p>\u00c9paisseur du Film: moins de 4<\/p>\n","protected":false},"excerpt":{"rendered":"<p>Avec ses 400 mm\/16 po\/40 cm, la chaleur d&#8217;impulsion de l&#8217;\u00e9tanch\u00e9it\u00e9 et du joint De cette machine emballe sans efforts les sacs plastique. Afin de maintenir la qualit\u00e9 du produit et \u00e9viter les pertes. il peut \u00eatre utilis\u00e9 pour sceller Tellement de produits. le temps de chauffage est tr\u00e8s court et vous permet d&#8217;\u00e9conomiser plus d&#8217;\u00e9nergie.<br \/>\nPlus de pr\u00e9cision avec contr\u00f4le \u00e9lectronique .<\/p>\n<p>Sp\u00e9cifications<\/p>\n<p>Source: 220\/240V 50\/60 Hz<br \/>\nLargeur d&#8217;\u00e9tanch\u00e9it\u00e9: 400mmx3mm<br \/>\nL&#8217;\u00e9paisseur d&#8217;\u00e9tanch\u00e9it\u00e9: 0, 01-0.8mm (00314960.0003937~0. In)<br \/>\nL&#8217;article Poids: 2, 8 kg<br \/>\nMod\u00e8le\u00a0: \u00a0 FS-400La tension AC :220V\/50HZ\u00a0 60<\/p>\n","protected":false},"featured_media":9755,"comment_status":"closed","ping_status":"closed","template":"","meta":{"_bst_post_transparent":"","_bst_post_title":"","_bst_post_layout":"","_bst_post_sidebar_id":"","_bst_post_content_style":"","_bst_post_vertical_padding":"","_bst_post_feature":"","_bst_post_feature_position":"","_bst_post_header":false,"_bst_post_footer":false},"product_brand":[],"product_cat":[156],"product_tag":[],"product_brands":[],"class_list":{"0":"post-9717","1":"product","2":"type-product","3":"status-publish","4":"has-post-thumbnail","6":"product_cat-outillages-et-petits-materiels-a-main","8":"first","9":"instock","10":"purchasable","11":"product-type-simple","12":"entry","13":"content-bg","14":"loop-entry"},"_links":{"self":[{"href":"https:\/\/anopri.com\/index.php?rest_route=\/wp\/v2\/product\/9717","targetHints":{"allow":["GET"]}}],"collection":[{"href":"https:\/\/anopri.com\/index.php?rest_route=\/wp\/v2\/product"}],"about":[{"href":"https:\/\/anopri.com\/index.php?rest_route=\/wp\/v2\/types\/product"}],"replies":[{"embeddable":true,"href":"https:\/\/anopri.com\/index.php?rest_route=%2Fwp%2Fv2%2Fcomments&post=9717"}],"wp:featuredmedia":[{"embeddable":true,"href":"https:\/\/anopri.com\/index.php?rest_route=\/wp\/v2\/media\/9755"}],"wp:attachment":[{"href":"https:\/\/anopri.com\/index.php?rest_route=%2Fwp%2Fv2%2Fmedia&parent=9717"}],"wp:term":[{"taxonomy":"product_brand","embeddable":true,"href":"https:\/\/anopri.com\/index.php?rest_route=%2Fwp%2Fv2%2Fproduct_brand&post=9717"},{"taxonomy":"product_cat","embeddable":true,"href":"https:\/\/anopri.com\/index.php?rest_route=%2Fwp%2Fv2%2Fproduct_cat&post=9717"},{"taxonomy":"product_tag","embeddable":true,"href":"https:\/\/anopri.com\/index.php?rest_route=%2Fwp%2Fv2%2Fproduct_tag&post=9717"},{"taxonomy":"product_brands","embeddable":true,"href":"https:\/\/anopri.com\/index.php?rest_route=%2Fwp%2Fv2%2Fproduct_brands&post=9717"}],"curies":[{"name":"wp","href":"https:\/\/api.w.org\/{rel}","templated":true}]}}