{"id":9561,"date":"2026-04-25T13:09:36","date_gmt":"2026-04-25T13:09:36","guid":{"rendered":"https:\/\/anopri.com\/?post_type=product&#038;p=9561"},"modified":"2026-04-25T13:09:47","modified_gmt":"2026-04-25T13:09:47","slug":"tv-smart-lg-86-pouces-uhd-4k-86ur78006lc","status":"publish","type":"product","link":"https:\/\/anopri.com\/?product=tv-smart-lg-86-pouces-uhd-4k-86ur78006lc","title":{"rendered":"TV Smart LG  86 pouces- UHD 4K- 86UR78006LC"},"content":{"rendered":"<p>D\u00e9couvrez une exp\u00e9rience visuelle in\u00e9gal\u00e9e avec le t\u00e9l\u00e9viseur intelligent LG ULTRA HD 86 pouces AI 4K 2023. Avec une r\u00e9solution 4K ultra haute d\u00e9finition, chaque image est affich\u00e9e avec une clart\u00e9 incroyable et des couleurs \u00e9clatantes, rendant vos films, s\u00e9ries et jeux plus r\u00e9alistes que jamais.<\/p>\n<p>Gr\u00e2ce \u00e0 l&#8217;intelligence artificielle int\u00e9gr\u00e9e, le t\u00e9l\u00e9viseur adapte automatiquement les param\u00e8tres pour offrir la meilleure qualit\u00e9 d&#8217;image et de son possible. Le grand \u00e9cran de 86 pouces offre une immersion totale, parfaite pour les soir\u00e9es cin\u00e9ma en famille ou les marathons de s\u00e9ries. La connectivit\u00e9 intelligente permet d&#8217;acc\u00e9der facilement \u00e0 vos applications pr\u00e9f\u00e9r\u00e9es comme Netflix, YouTube et bien plus encore, directement depuis votre t\u00e9l\u00e9viseur.<\/p>\n","protected":false},"excerpt":{"rendered":"<ul>\n<li><strong>Marque<\/strong>: LG<\/li>\n<li><strong>Mod\u00e8le<\/strong>: 86UR78006LC<\/li>\n<li><strong>Taille d&#8217;\u00e9cran<\/strong>: 86 pouces<\/li>\n<li><strong>Technologie \u00e9cran<\/strong>: 4K OLED<\/li>\n<li><strong>R\u00e9solution de l&#8217;\u00e9cran<\/strong>: 4K Ultra HD (3840 x 2160)<\/li>\n<li><strong>Processeur:<\/strong>\u00a0AI \u03b15 4K Gen6<\/li>\n<li><strong>Connectivit\u00e9:<\/strong>\u00a0HDMI, Bluetooth( V5.0), Port Ethernet, Simplink, Sortie audio num\u00e9rique optique<\/li>\n<li><strong>Large gamme de couleurs<\/strong>: OLED Color<\/li>\n<li><strong>HDR (High Dynamic Range):<\/strong>\u00a0Dolby Vision IQ \/ HDR10 \/ HLG<\/li>\n<li><strong>Compatibilit\u00e9 FreeSync (AMD):<\/strong>\u00a0Oui<\/li>\n<li><strong>Dolby Atmos<\/strong>: Oui<\/li>\n<li><strong>Compatibilit\u00e9 G-Sync (Nvidia):<\/strong>\u00a0Oui<\/li>\n<li><strong>R\u00e9glages famille<\/strong>: Oui<\/li>\n<li><strong>ThinQ<\/strong>: Oui<\/li>\n<li><strong>Compatible avec Apple Home<\/strong>: Oui<\/li>\n<li><strong>Interface TV (OS)<\/strong>: webOS 23<\/li>\n<li><strong>Home Dashboard:<\/strong>\u00a0Oui<\/li>\n<li><strong>Clear Voice Pro<\/strong>: Oui<\/li>\n<li><strong>Sortie audio simultan\u00e9e<\/strong>: Oui<\/li>\n<li><strong>Compatible Bluetooth Surround<\/strong>: Oui<\/li>\n<li><strong>Optimiseur de jeu (VRR\/ALLM\/GameGenre PQ &amp; AI Game Sound):<\/strong>\u00a0Oui \/ Oui \/ Oui<\/li>\n<\/ul>\n","protected":false},"featured_media":9600,"comment_status":"closed","ping_status":"closed","template":"","meta":{"_bst_post_transparent":"","_bst_post_title":"","_bst_post_layout":"","_bst_post_sidebar_id":"","_bst_post_content_style":"","_bst_post_vertical_padding":"","_bst_post_feature":"","_bst_post_feature_position":"","_bst_post_header":false,"_bst_post_footer":false},"product_brand":[],"product_cat":[145,143,144],"product_tag":[],"product_brands":[],"class_list":{"0":"post-9561","1":"product","2":"type-product","3":"status-publish","4":"has-post-thumbnail","6":"product_cat-electromenager","7":"product_cat-television","8":"product_cat-televisions-smart","10":"first","11":"instock","12":"shipping-taxable","13":"purchasable","14":"product-type-simple","15":"entry","16":"content-bg","17":"loop-entry"},"_links":{"self":[{"href":"https:\/\/anopri.com\/index.php?rest_route=\/wp\/v2\/product\/9561","targetHints":{"allow":["GET"]}}],"collection":[{"href":"https:\/\/anopri.com\/index.php?rest_route=\/wp\/v2\/product"}],"about":[{"href":"https:\/\/anopri.com\/index.php?rest_route=\/wp\/v2\/types\/product"}],"replies":[{"embeddable":true,"href":"https:\/\/anopri.com\/index.php?rest_route=%2Fwp%2Fv2%2Fcomments&post=9561"}],"wp:featuredmedia":[{"embeddable":true,"href":"https:\/\/anopri.com\/index.php?rest_route=\/wp\/v2\/media\/9600"}],"wp:attachment":[{"href":"https:\/\/anopri.com\/index.php?rest_route=%2Fwp%2Fv2%2Fmedia&parent=9561"}],"wp:term":[{"taxonomy":"product_brand","embeddable":true,"href":"https:\/\/anopri.com\/index.php?rest_route=%2Fwp%2Fv2%2Fproduct_brand&post=9561"},{"taxonomy":"product_cat","embeddable":true,"href":"https:\/\/anopri.com\/index.php?rest_route=%2Fwp%2Fv2%2Fproduct_cat&post=9561"},{"taxonomy":"product_tag","embeddable":true,"href":"https:\/\/anopri.com\/index.php?rest_route=%2Fwp%2Fv2%2Fproduct_tag&post=9561"},{"taxonomy":"product_brands","embeddable":true,"href":"https:\/\/anopri.com\/index.php?rest_route=%2Fwp%2Fv2%2Fproduct_brands&post=9561"}],"curies":[{"name":"wp","href":"https:\/\/api.w.org\/{rel}","templated":true}]}}