{"id":9511,"date":"2026-04-25T13:09:13","date_gmt":"2026-04-25T13:09:13","guid":{"rendered":"https:\/\/anopri.com\/?post_type=product&#038;p=9511"},"modified":"2026-04-25T13:09:42","modified_gmt":"2026-04-25T13:09:42","slug":"tv-smart-lg-50-pouces-50ur73006la","status":"publish","type":"product","link":"https:\/\/anopri.com\/?product=tv-smart-lg-50-pouces-50ur73006la","title":{"rendered":"TV SMART LG &#8211; 50 Pouces &#8211; 50UR73006LA"},"content":{"rendered":"<ul>\n<li><strong>\u00c9cran 4K UHD :\u00a0<\/strong>Profitez d&#8217;une r\u00e9solution quatre fois sup\u00e9rieure \u00e0 la Full HD pour des images d&#8217;une clart\u00e9 et d&#8217;une pr\u00e9cision \u00e9poustouflantes.<\/li>\n<li><strong>Processeur \u03b15 AI 4K Gen6 :\u00a0<\/strong>Le processeur intelligent de LG optimise l&#8217;image et le son pour une exp\u00e9rience visuelle et auditive optimale.<\/li>\n<li><strong>HDR10 Pro :<\/strong>\u00a0Profitez d&#8217;une plage dynamique \u00e9tendue pour des images plus r\u00e9alistes avec des blancs plus lumineux et des noirs plus profonds.<\/li>\n<li><strong>Dolby Vision &amp; Atmos :<\/strong>\u00a0Plongez au c\u0153ur de l&#8217;action avec un son et une image immersifs gr\u00e2ce aux technologies Dolby Vision et Atmos.<\/li>\n<li><strong>ThinQ AI :\u00a0<\/strong>Contr\u00f4lez votre TV avec votre voix et acc\u00e9dez \u00e0 vos contenus pr\u00e9f\u00e9r\u00e9s en toute simplicit\u00e9.<\/li>\n<li><strong>WebOS 23 :\u00a0<\/strong>Profitez d&#8217;une interface intuitive et fluide pour acc\u00e9der \u00e0 vos applications et services pr\u00e9f\u00e9r\u00e9s.<\/li>\n<li><strong>Compatible AirPlay 2 &amp; HomeKit :<\/strong>\u00a0Diffusez facilement du contenu depuis vos appareils Apple.<\/li>\n<\/ul>\n","protected":false},"excerpt":{"rendered":"<ul>\n<li><strong>Marque :<\/strong>\u00a0LG<\/li>\n<li><strong>Mod\u00e8le :<\/strong>\u00a050UR73006LA<\/li>\n<li><strong>Type d&#8217;\u00e9cran :\u00a0<\/strong>4K UHD LED<\/li>\n<li><strong>R\u00e9solution de l&#8217;\u00e9cran :\u00a0<\/strong>4K Ultra HD (3 840 x 2 160)<\/li>\n<li><strong>Fonctionne avec Apple Airplay2 :\u00a0<\/strong>Oui<\/li>\n<li><strong>Syst\u00e8me d&#8217;exploitation (OS) :<\/strong>\u00a0webOS 23<\/li>\n<li><strong>Alimentation (tension, Hz) :\u00a0<\/strong>AC 100~240V 50-60Hz<\/li>\n<li><strong>Consommation en veille :\u00a0<\/strong>moins de 0,5 W<\/li>\n<li><strong>Type d&#8217;\u00e9cran :<\/strong>\u00a04K UHD LED<\/li>\n<li><strong>Taux de rafra\u00eechissement :<\/strong>\u00a050Hz natif<\/li>\n<li><strong>Processeur d&#8217;image :\u00a0<\/strong>\u03b15 AI Processor 4K Gen6<\/li>\n<li><strong>HDR (High Dynamic Range) :<\/strong>\u00a0HDR10 \/ HLG<\/li>\n<li><strong>Sortie audio :\u00a0<\/strong>20W<\/li>\n<li><strong>Syst\u00e8me de haut-parleurs :\u00a0<\/strong>2.0 canaux<\/li>\n<\/ul>\n","protected":false},"featured_media":9587,"comment_status":"closed","ping_status":"closed","template":"","meta":{"_bst_post_transparent":"","_bst_post_title":"","_bst_post_layout":"","_bst_post_sidebar_id":"","_bst_post_content_style":"","_bst_post_vertical_padding":"","_bst_post_feature":"","_bst_post_feature_position":"","_bst_post_header":false,"_bst_post_footer":false},"product_brand":[],"product_cat":[143,144],"product_tag":[],"product_brands":[],"class_list":{"0":"post-9511","1":"product","2":"type-product","3":"status-publish","4":"has-post-thumbnail","6":"product_cat-television","7":"product_cat-televisions-smart","9":"first","10":"instock","11":"shipping-taxable","12":"purchasable","13":"product-type-simple","14":"entry","15":"content-bg","16":"loop-entry"},"_links":{"self":[{"href":"https:\/\/anopri.com\/index.php?rest_route=\/wp\/v2\/product\/9511","targetHints":{"allow":["GET"]}}],"collection":[{"href":"https:\/\/anopri.com\/index.php?rest_route=\/wp\/v2\/product"}],"about":[{"href":"https:\/\/anopri.com\/index.php?rest_route=\/wp\/v2\/types\/product"}],"replies":[{"embeddable":true,"href":"https:\/\/anopri.com\/index.php?rest_route=%2Fwp%2Fv2%2Fcomments&post=9511"}],"wp:featuredmedia":[{"embeddable":true,"href":"https:\/\/anopri.com\/index.php?rest_route=\/wp\/v2\/media\/9587"}],"wp:attachment":[{"href":"https:\/\/anopri.com\/index.php?rest_route=%2Fwp%2Fv2%2Fmedia&parent=9511"}],"wp:term":[{"taxonomy":"product_brand","embeddable":true,"href":"https:\/\/anopri.com\/index.php?rest_route=%2Fwp%2Fv2%2Fproduct_brand&post=9511"},{"taxonomy":"product_cat","embeddable":true,"href":"https:\/\/anopri.com\/index.php?rest_route=%2Fwp%2Fv2%2Fproduct_cat&post=9511"},{"taxonomy":"product_tag","embeddable":true,"href":"https:\/\/anopri.com\/index.php?rest_route=%2Fwp%2Fv2%2Fproduct_tag&post=9511"},{"taxonomy":"product_brands","embeddable":true,"href":"https:\/\/anopri.com\/index.php?rest_route=%2Fwp%2Fv2%2Fproduct_brands&post=9511"}],"curies":[{"name":"wp","href":"https:\/\/api.w.org\/{rel}","templated":true}]}}