{"id":9505,"date":"2026-04-25T13:09:13","date_gmt":"2026-04-25T13:09:13","guid":{"rendered":"https:\/\/anopri.com\/?post_type=product&#038;p=9505"},"modified":"2026-04-25T13:09:38","modified_gmt":"2026-04-25T13:09:38","slug":"refrigerateur-combine-tcl-162l-f200bf","status":"publish","type":"product","link":"https:\/\/anopri.com\/?product=refrigerateur-combine-tcl-162l-f200bf","title":{"rendered":"R\u00e9frig\u00e9rateur Combin\u00e9 TCL 162L \u2013 F200BF"},"content":{"rendered":"","protected":false},"excerpt":{"rendered":"<ul>\n<li>\n<h3><strong>Type de Produit :<\/strong>\u00a0R\u00e9frig\u00e9rateur Combin\u00e9<\/h3>\n<\/li>\n<li>\n<h3><strong>Marque :<\/strong>\u00a0TCL<\/h3>\n<\/li>\n<li>\n<h3><strong>Mod\u00e8le :<\/strong>\u00a0F200BF<\/h3>\n<\/li>\n<li>\n<h3><strong>Capacit\u00e9 totale:<\/strong>\u00a0162 litres<\/h3>\n<\/li>\n<li>\n<h3><strong>Type de froid:<\/strong>\u00a0Statique<\/h3>\n<\/li>\n<li>\n<h3><strong>Classe \u00e9nerg\u00e9tique:<\/strong>\u00a0A+<\/h3>\n<\/li>\n<li>\n<h3><strong>Nombre de portes:<\/strong>\u00a02<\/h3>\n<\/li>\n<li>\n<h3><strong>Type de clayettes:<\/strong>\u00a0Verre<\/h3>\n<\/li>\n<li>\n<h3><strong>Couleur<\/strong>: Argent<\/h3>\n<\/li>\n<li>\n<h3><strong>\u00c9clairage:<\/strong>\u00a0LED<\/h3>\n<\/li>\n<li>\n<h3><strong>D\u00e9givrage:<\/strong>\u00a0Automatique<\/h3>\n<\/li>\n<li>\n<h3><strong>Niveau sonore:<\/strong>\u00a042 dB<\/h3>\n<\/li>\n<li>\n<h3>R\u00e9frig\u00e9rant :\u00a0R600a<\/h3>\n<\/li>\n<li>\n<h3>Tension :\u00a0220\/240Hz<\/h3>\n<\/li>\n<li>\n<h3><strong>Dimensions:<\/strong>\u00a0147cm x 50 cm<\/h3>\n<\/li>\n<li>\n<h3><strong>Poids:<\/strong>\u00a045 kg<\/h3>\n<\/li>\n<\/ul>\n","protected":false},"featured_media":9579,"comment_status":"closed","ping_status":"closed","template":"","meta":{"_bst_post_transparent":"","_bst_post_title":"","_bst_post_layout":"","_bst_post_sidebar_id":"","_bst_post_content_style":"","_bst_post_vertical_padding":"","_bst_post_feature":"","_bst_post_feature_position":"","_bst_post_header":false,"_bst_post_footer":false},"product_brand":[],"product_cat":[145,157],"product_tag":[],"product_brands":[],"class_list":{"0":"post-9505","1":"product","2":"type-product","3":"status-publish","4":"has-post-thumbnail","6":"product_cat-electromenager","7":"product_cat-refrigerateur","9":"first","10":"instock","11":"shipping-taxable","12":"purchasable","13":"product-type-simple","14":"entry","15":"content-bg","16":"loop-entry"},"_links":{"self":[{"href":"https:\/\/anopri.com\/index.php?rest_route=\/wp\/v2\/product\/9505","targetHints":{"allow":["GET"]}}],"collection":[{"href":"https:\/\/anopri.com\/index.php?rest_route=\/wp\/v2\/product"}],"about":[{"href":"https:\/\/anopri.com\/index.php?rest_route=\/wp\/v2\/types\/product"}],"replies":[{"embeddable":true,"href":"https:\/\/anopri.com\/index.php?rest_route=%2Fwp%2Fv2%2Fcomments&post=9505"}],"wp:featuredmedia":[{"embeddable":true,"href":"https:\/\/anopri.com\/index.php?rest_route=\/wp\/v2\/media\/9579"}],"wp:attachment":[{"href":"https:\/\/anopri.com\/index.php?rest_route=%2Fwp%2Fv2%2Fmedia&parent=9505"}],"wp:term":[{"taxonomy":"product_brand","embeddable":true,"href":"https:\/\/anopri.com\/index.php?rest_route=%2Fwp%2Fv2%2Fproduct_brand&post=9505"},{"taxonomy":"product_cat","embeddable":true,"href":"https:\/\/anopri.com\/index.php?rest_route=%2Fwp%2Fv2%2Fproduct_cat&post=9505"},{"taxonomy":"product_tag","embeddable":true,"href":"https:\/\/anopri.com\/index.php?rest_route=%2Fwp%2Fv2%2Fproduct_tag&post=9505"},{"taxonomy":"product_brands","embeddable":true,"href":"https:\/\/anopri.com\/index.php?rest_route=%2Fwp%2Fv2%2Fproduct_brands&post=9505"}],"curies":[{"name":"wp","href":"https:\/\/api.w.org\/{rel}","templated":true}]}}

Réfrigérateur Combiné TCL 162L – F200BF

<ul>
<li>
<h3><strong>Type de Produit :</strong> Réfrigérateur Combiné</h3>
</li>
<li>
<h3><strong>Marque :</strong> TCL</h3>
</li>
<li>
<h3><strong>Modèle :</strong> F200BF</h3>
</li>
<li>
<h3><strong>Capacité totale:</strong> 162 litres</h3>
</li>
<li>
<h3><strong>Type de froid:</strong> Statique</h3>
</li>
<li>
<h3><strong>Classe énergétique:</strong> A+</h3>
</li>
<li>
<h3><strong>Nombre de portes:</strong> 2</h3>
</li>
<li>
<h3><strong>Type de clayettes:</strong> Verre</h3>
</li>
<li>
<h3><strong>Couleur</strong>: Argent</h3>
</li>
<li>
<h3><strong>Éclairage:</strong> LED</h3>
</li>
<li>
<h3><strong>Dégivrage:</strong> Automatique</h3>
</li>
<li>
<h3><strong>Niveau sonore:</strong> 42 dB</h3>
</li>
<li>
<h3>Réfrigérant : R600a</h3>
</li>
<li>
<h3>Tension : 220/240Hz</h3>
</li>
<li>
<h3><strong>Dimensions:</strong> 147cm x 50 cm</h3>
</li>
<li>
<h3><strong>Poids:</strong> 45 kg</h3>
</li>
</ul>
