{"id":9350,"date":"2026-04-25T13:08:34","date_gmt":"2026-04-25T13:08:34","guid":{"rendered":"https:\/\/anopri.com\/?post_type=product&#038;p=9350"},"modified":"2026-04-25T13:08:44","modified_gmt":"2026-04-25T13:08:44","slug":"hachoir-a-viande-electrique-tk-22-en-acier-inoxydable","status":"publish","type":"product","link":"https:\/\/anopri.com\/?product=hachoir-a-viande-electrique-tk-22-en-acier-inoxydable","title":{"rendered":"Hachoir \u00e0 viande Electrique &#8211; Tk-22 en acier inoxydable"},"content":{"rendered":"<p>1. \u00a0 Id\u00e9al pour les petites boucheries, \u00e9piceries fines et restaurants.<br \/>\n2. \u00a0 Comprend Remplacement Couteau, bac en plastique de la viande de pousseur, , d&#8217;une meuleuse plaques.<br \/>\n3. \u00a0 Utilisant une faible vitesse et de processus \u00e0 couple \u00e9lev\u00e9, la nourriture conserve tous ses \u00e9l\u00e9ments nutritifs apr\u00e8s qu&#8217;il a \u00e9t\u00e9 trait\u00e9e.<br \/>\n4. \u00a0 La t\u00eate et des structures de caisse sont distinctes, permettant une beaucoup plus facile de nettoyer et produit plus s\u00fbr pour la sant\u00e9 du client.<br \/>\n5. \u00a0 Le cuivre le pignon de transmission, ce qui rend incroyablement r\u00e9sistant.<\/p>\n","protected":false},"excerpt":{"rendered":"<ul class=\"a-unordered-list a-vertical a-spacing-mini\">\n<li class=\"a-spacing-mini\"><span class=\"a-list-item\">Le hachoir \u00e0 viande se caract\u00e9rise par une op\u00e9ration simple, un d\u00e9montage et un montage faciles, il est facile \u00e0 nettoyer<\/span><\/li>\n<li class=\"a-spacing-mini\"><span class=\"a-list-item\">La coque du hachoir \u00e0 viande est en acier inoxydable 304 et ne pollue pas le mat\u00e9riau trait\u00e9. Elle permet de traiter une large gamme de viande. Les \u00e9l\u00e9ments nutritifs d&#8217;origine de la viande peuvent \u00eatre stock\u00e9s correctement apr\u00e8s le traitement<\/span><\/li>\n<li class=\"a-spacing-mini\"><span class=\"a-list-item\">Le hachoir \u00e0 viande est con\u00e7u pour la production de saucisses, jambon, aliments pour animaux domestiques et autres produits \u00e0 base de viande. Il est utilis\u00e9 dans les restaurants, les supermarch\u00e9s, les fast-foods, les bouchers, etc.<\/span><\/li>\n<\/ul>\n","protected":false},"featured_media":9390,"comment_status":"closed","ping_status":"closed","template":"","meta":{"_bst_post_transparent":"","_bst_post_title":"","_bst_post_layout":"","_bst_post_sidebar_id":"","_bst_post_content_style":"","_bst_post_vertical_padding":"","_bst_post_feature":"","_bst_post_feature_position":"","_bst_post_header":false,"_bst_post_footer":false},"product_brand":[],"product_cat":[185,145],"product_tag":[],"product_brands":[],"class_list":{"0":"post-9350","1":"product","2":"type-product","3":"status-publish","4":"has-post-thumbnail","6":"product_cat-articles-de-cuisine","7":"product_cat-electromenager","9":"first","10":"instock","11":"shipping-taxable","12":"purchasable","13":"product-type-simple","14":"entry","15":"content-bg","16":"loop-entry"},"_links":{"self":[{"href":"https:\/\/anopri.com\/index.php?rest_route=\/wp\/v2\/product\/9350","targetHints":{"allow":["GET"]}}],"collection":[{"href":"https:\/\/anopri.com\/index.php?rest_route=\/wp\/v2\/product"}],"about":[{"href":"https:\/\/anopri.com\/index.php?rest_route=\/wp\/v2\/types\/product"}],"replies":[{"embeddable":true,"href":"https:\/\/anopri.com\/index.php?rest_route=%2Fwp%2Fv2%2Fcomments&post=9350"}],"wp:featuredmedia":[{"embeddable":true,"href":"https:\/\/anopri.com\/index.php?rest_route=\/wp\/v2\/media\/9390"}],"wp:attachment":[{"href":"https:\/\/anopri.com\/index.php?rest_route=%2Fwp%2Fv2%2Fmedia&parent=9350"}],"wp:term":[{"taxonomy":"product_brand","embeddable":true,"href":"https:\/\/anopri.com\/index.php?rest_route=%2Fwp%2Fv2%2Fproduct_brand&post=9350"},{"taxonomy":"product_cat","embeddable":true,"href":"https:\/\/anopri.com\/index.php?rest_route=%2Fwp%2Fv2%2Fproduct_cat&post=9350"},{"taxonomy":"product_tag","embeddable":true,"href":"https:\/\/anopri.com\/index.php?rest_route=%2Fwp%2Fv2%2Fproduct_tag&post=9350"},{"taxonomy":"product_brands","embeddable":true,"href":"https:\/\/anopri.com\/index.php?rest_route=%2Fwp%2Fv2%2Fproduct_brands&post=9350"}],"curies":[{"name":"wp","href":"https:\/\/api.w.org\/{rel}","templated":true}]}}