{"id":9279,"date":"2026-04-25T13:08:16","date_gmt":"2026-04-25T13:08:16","guid":{"rendered":"https:\/\/anopri.com\/?post_type=product&#038;p=9279"},"modified":"2026-04-25T13:08:29","modified_gmt":"2026-04-25T13:08:29","slug":"mixeur-blender-binatone-300-watts-blg-410","status":"publish","type":"product","link":"https:\/\/anopri.com\/?product=mixeur-blender-binatone-300-watts-blg-410","title":{"rendered":"MIXEUR Blender Binatone 300 Watts \u2013 BLG \u2013 410"},"content":{"rendered":"","protected":false},"excerpt":{"rendered":"<ul>\n<li><strong><span style=\"box-sizing: inherit; font-size: 12pt;\"><span style=\"box-sizing: inherit;\">Marque :<\/span>\u00a0<\/span><\/strong><span style=\"box-sizing: inherit; font-size: 12pt;\">binatone<\/span><\/li>\n<li><strong><span style=\"box-sizing: inherit; font-size: 12pt;\">Mod\u00e8le :\u00a0<\/span><\/strong><span style=\"box-sizing: inherit; font-size: 12pt;\">BLG-410<\/span><\/li>\n<li><strong><span style=\"box-sizing: inherit; font-size: 12pt;\"><span style=\"box-sizing: inherit;\">Type de produit :<\/span>\u00a0<\/span><\/strong><span style=\"box-sizing: inherit; font-size: 12pt;\">Robot mixeur<\/span><\/li>\n<li><strong><span style=\"box-sizing: inherit; font-size: 12pt;\"><span style=\"box-sizing: inherit;\">Type de lame\u00a0<\/span>:\u00a0<\/span><\/strong><span style=\"box-sizing: inherit; font-size: 12pt;\">Lames en acier inoxydable<\/span><\/li>\n<li><strong><span style=\"box-sizing: inherit; font-size: 12pt;\"><span style=\"box-sizing: inherit;\">Puissance\u00a0<\/span>:\u00a0<\/span><\/strong><span style=\"box-sizing: inherit; font-size: 12pt;\">300W<\/span><\/li>\n<li><strong><span style=\"box-sizing: inherit; font-size: 12pt;\"><span style=\"box-sizing: inherit;\">Capacit\u00e9\u00a0<\/span>:\u00a0<\/span><\/strong><span style=\"box-sizing: inherit; font-size: 12pt;\">1.5 litres<\/span><\/li>\n<li><strong><span style=\"box-sizing: inherit; font-size: 12pt;\"><span style=\"box-sizing: inherit;\">Tension :<\/span><\/span><\/strong><span class=\"elementor-icon-list-text\" style=\"box-sizing: inherit;\">220-240V ~ 50\/60Hz<\/span><\/li>\n<li><strong><span style=\"box-sizing: inherit; font-size: 12pt;\">protection contre les surtensions<\/span><\/strong><\/li>\n<li><strong><span class=\"Y2IQFc\" lang=\"fr\" style=\"box-sizing: inherit;\" xml:lang=\"fr\">Cruche incassable<\/span><\/strong><\/li>\n<li><strong><span class=\"Y2IQFc\" lang=\"fr\" style=\"box-sizing: inherit;\" xml:lang=\"fr\">Broie rapidement et facilement le caf\u00e9, les haricots, les noix, les \u00e9pices, la viande, les noix de coco<\/span><\/strong><\/li>\n<li><strong><span class=\"Y2IQFc\" lang=\"fr\" style=\"box-sizing: inherit;\" xml:lang=\"fr\">Aide \u00e0 pr\u00e9parer vos jus de fruits, milk-shakes et autres cocktails pr\u00e9f\u00e9r\u00e9s<\/span><\/strong><\/li>\n<li><strong><span style=\"box-sizing: inherit; font-size: 12pt;\"><span style=\"box-sizing: inherit;\">Mati\u00e8re :\u00a0<\/span><\/span><\/strong><span style=\"box-sizing: inherit; font-size: 12pt;\">plastique et inox<\/span><\/li>\n<li><strong><span style=\"box-sizing: inherit; font-size: 12pt;\"><span style=\"box-sizing: inherit;\">R\u00e9glage de vitesse :<\/span><\/span><\/strong><span style=\"box-sizing: inherit; font-size: 12pt;\">\u00a02<\/span><\/li>\n<\/ul>\n","protected":false},"featured_media":9325,"comment_status":"closed","ping_status":"closed","template":"","meta":{"_bst_post_transparent":"","_bst_post_title":"","_bst_post_layout":"","_bst_post_sidebar_id":"","_bst_post_content_style":"","_bst_post_vertical_padding":"","_bst_post_feature":"","_bst_post_feature_position":"","_bst_post_header":false,"_bst_post_footer":false},"product_brand":[],"product_cat":[145,182],"product_tag":[],"product_brands":[],"class_list":{"0":"post-9279","1":"product","2":"type-product","3":"status-publish","4":"has-post-thumbnail","6":"product_cat-electromenager","7":"product_cat-mixeurs-blenders","9":"first","10":"instock","11":"shipping-taxable","12":"purchasable","13":"product-type-simple","14":"entry","15":"content-bg","16":"loop-entry"},"_links":{"self":[{"href":"https:\/\/anopri.com\/index.php?rest_route=\/wp\/v2\/product\/9279","targetHints":{"allow":["GET"]}}],"collection":[{"href":"https:\/\/anopri.com\/index.php?rest_route=\/wp\/v2\/product"}],"about":[{"href":"https:\/\/anopri.com\/index.php?rest_route=\/wp\/v2\/types\/product"}],"replies":[{"embeddable":true,"href":"https:\/\/anopri.com\/index.php?rest_route=%2Fwp%2Fv2%2Fcomments&post=9279"}],"wp:featuredmedia":[{"embeddable":true,"href":"https:\/\/anopri.com\/index.php?rest_route=\/wp\/v2\/media\/9325"}],"wp:attachment":[{"href":"https:\/\/anopri.com\/index.php?rest_route=%2Fwp%2Fv2%2Fmedia&parent=9279"}],"wp:term":[{"taxonomy":"product_brand","embeddable":true,"href":"https:\/\/anopri.com\/index.php?rest_route=%2Fwp%2Fv2%2Fproduct_brand&post=9279"},{"taxonomy":"product_cat","embeddable":true,"href":"https:\/\/anopri.com\/index.php?rest_route=%2Fwp%2Fv2%2Fproduct_cat&post=9279"},{"taxonomy":"product_tag","embeddable":true,"href":"https:\/\/anopri.com\/index.php?rest_route=%2Fwp%2Fv2%2Fproduct_tag&post=9279"},{"taxonomy":"product_brands","embeddable":true,"href":"https:\/\/anopri.com\/index.php?rest_route=%2Fwp%2Fv2%2Fproduct_brands&post=9279"}],"curies":[{"name":"wp","href":"https:\/\/api.w.org\/{rel}","templated":true}]}}