{"id":9270,"date":"2026-04-25T13:08:16","date_gmt":"2026-04-25T13:08:16","guid":{"rendered":"https:\/\/anopri.com\/?post_type=product&#038;p=9270"},"modified":"2026-04-25T13:08:25","modified_gmt":"2026-04-25T13:08:25","slug":"plastifieuse-sous-vide-automatique","status":"publish","type":"product","link":"https:\/\/anopri.com\/?product=plastifieuse-sous-vide-automatique","title":{"rendered":"Plastifieuse Sous-Vide  Automatique"},"content":{"rendered":"<ul class=\"a-unordered-list a-vertical a-spacing-mini\">\n<li class=\"a-spacing-mini\"><span class=\"a-list-item\"><strong>\u3010Op\u00e9ration \u00e0 une touche\u3011<\/strong> : Con\u00e7u avec une op\u00e9ration de scellage sous vide enti\u00e8rement automatique. Mettez simplement le sac dans la machine, choisissez le mode sec\/moist, il commencera \u00e0 aspirer et \u00e0 sceller automatiquement. Vous pouvez retirer le couvercle sup\u00e9rieur pour nettoyer la machine \u00e0 sceller facilement et en toute s\u00e9curit\u00e9.<\/span><\/li>\n<li class=\"a-spacing-mini\"><span class=\"a-list-item\">5 modes r\u00e9glables : Sec\/humide\/vac\/externe vac\/joint. Mettez simplement votre sac dans la machine, choisissez le mode sec, il commencera \u00e0 aspirer et \u00e0 sceller automatiquement. En mode vac, vous pouvez contr\u00f4ler le temps de vide pour l&#8217;adapter \u00e0 tout ce que vous scellez. Offrez \u00e0 vos aliments la meilleure conservation possible en fonction de vos diff\u00e9rents types.<\/span><\/li>\n<li class=\"a-spacing-mini\"><span class=\"a-list-item\"><strong>\u3010Scellement frais rapide\u3011<\/strong> : La scelleuse de sacs sous vide utilise une puissante bande d&#8217;aspiration et de thermo scellage, scellant en 10 \u00e0 20 secondes. Prolongez la dur\u00e9e de vie des aliments jusqu&#8217;\u00e0 10 fois plus longtemps, \u00e9vitant ainsi les br\u00fblures et la d\u00e9t\u00e9rioration du cong\u00e9lateur, r\u00e9duisant ainsi le gaspillage.<\/span><\/li>\n<li class=\"a-spacing-mini\"><span class=\"a-list-item\"><strong>Fonction d&#8217;aspiration externe et facile \u00e0 nettoyer<\/strong> : Le syst\u00e8me d&#8217;\u00e9tanch\u00e9it\u00e9 \u00e0 l&#8217;air se connecte aux bouteilles de vin, aux bocaux, aux sacs ziplock et aux bacs \u00e0 l\u00e9gumes pour la viande, les fruits, les chips, les collations, les \u00e9conomiseurs de marinade, etc. Le bac d&#8217;\u00e9gouttage amovible et les mat\u00e9riaux abs et acier inoxydable. Assurer un nettoyage facile. Astuce : Le tuyau d&#8217;aspiration d&#8217;air n&#8217;est pas inclus dans l&#8217;emballage.<\/span><\/li>\n<li class=\"a-spacing-mini\"><span class=\"a-list-item\"><strong>\u3010Design exclusif\u3011<\/strong> : La machine sous vide automatique a un design \u00e9l\u00e9gant et une couleur tendance qui s&#8217;int\u00e8gre parfaitement dans l&#8217;esth\u00e9tique du design contemporain. La taille compacte et la conception l\u00e9g\u00e8re sont faciles \u00e0 ranger et \u00e0 d\u00e9placer.<\/span><\/li>\n<\/ul>\n","protected":false},"excerpt":{"rendered":"<p><strong>Caract\u00e9ristiques:<\/strong><\/p>\n<p>1. Boutons tactiles haute sensibilit\u00e9.<\/p>\n<p>2. Conception d&#8217;\u00e9tanch\u00e9it\u00e9 \u00e9tendue 30cm.<\/p>\n<p>3. Universel pour sec\/humide\/poudre.<\/p>\n<p>4. Indicateur de fonctionnement de conservation sous vide \u00e0 lumi\u00e8re bleue.<\/p>\n<p>5. Le bo\u00eetier abs technique r\u00e9siste aux temp\u00e9ratures \u00e9lev\u00e9es, aux chutes et aux chocs.<\/p>\n<p>6. Fonction de pompage externe, aspirez plusieurs types de conteneurs.<\/p>\n<p>Sp\u00e9cification :<\/p>\n<p>Nom : Machine \u00e0 emballer sous vide pour aliments.<\/p>\n<p>Puissance nominale : 110 w<\/p>\n<p>Fr\u00e9quence nominale : 50 hz<\/p>\n<p>Alimentation : 110-220v~<\/p>\n","protected":false},"featured_media":9306,"comment_status":"closed","ping_status":"closed","template":"","meta":{"_bst_post_transparent":"","_bst_post_title":"","_bst_post_layout":"","_bst_post_sidebar_id":"","_bst_post_content_style":"","_bst_post_vertical_padding":"","_bst_post_feature":"","_bst_post_feature_position":"","_bst_post_header":false,"_bst_post_footer":false},"product_brand":[],"product_cat":[145,142,156],"product_tag":[],"product_brands":[],"class_list":{"0":"post-9270","1":"product","2":"type-product","3":"status-publish","4":"has-post-thumbnail","6":"product_cat-electromenager","7":"product_cat-electronique","8":"product_cat-outillages-et-petits-materiels-a-main","10":"first","11":"instock","12":"sale","13":"shipping-taxable","14":"purchasable","15":"product-type-simple","16":"entry","17":"content-bg","18":"loop-entry"},"_links":{"self":[{"href":"https:\/\/anopri.com\/index.php?rest_route=\/wp\/v2\/product\/9270","targetHints":{"allow":["GET"]}}],"collection":[{"href":"https:\/\/anopri.com\/index.php?rest_route=\/wp\/v2\/product"}],"about":[{"href":"https:\/\/anopri.com\/index.php?rest_route=\/wp\/v2\/types\/product"}],"replies":[{"embeddable":true,"href":"https:\/\/anopri.com\/index.php?rest_route=%2Fwp%2Fv2%2Fcomments&post=9270"}],"wp:featuredmedia":[{"embeddable":true,"href":"https:\/\/anopri.com\/index.php?rest_route=\/wp\/v2\/media\/9306"}],"wp:attachment":[{"href":"https:\/\/anopri.com\/index.php?rest_route=%2Fwp%2Fv2%2Fmedia&parent=9270"}],"wp:term":[{"taxonomy":"product_brand","embeddable":true,"href":"https:\/\/anopri.com\/index.php?rest_route=%2Fwp%2Fv2%2Fproduct_brand&post=9270"},{"taxonomy":"product_cat","embeddable":true,"href":"https:\/\/anopri.com\/index.php?rest_route=%2Fwp%2Fv2%2Fproduct_cat&post=9270"},{"taxonomy":"product_tag","embeddable":true,"href":"https:\/\/anopri.com\/index.php?rest_route=%2Fwp%2Fv2%2Fproduct_tag&post=9270"},{"taxonomy":"product_brands","embeddable":true,"href":"https:\/\/anopri.com\/index.php?rest_route=%2Fwp%2Fv2%2Fproduct_brands&post=9270"}],"curies":[{"name":"wp","href":"https:\/\/api.w.org\/{rel}","templated":true}]}}