{"id":9244,"date":"2026-04-25T13:07:53","date_gmt":"2026-04-25T13:07:53","guid":{"rendered":"https:\/\/anopri.com\/?post_type=product&#038;p=9244"},"modified":"2026-04-25T13:08:23","modified_gmt":"2026-04-25T13:08:23","slug":"friteuse-electrique-a-air-sutai-st608-75-l","status":"publish","type":"product","link":"https:\/\/anopri.com\/?product=friteuse-electrique-a-air-sutai-st608-75-l","title":{"rendered":"Friteuse Electrique \u00e0 Air SuTai-ST608 -7,5 L"},"content":{"rendered":"<ul class=\"a-unordered-list a-vertical a-spacing-mini\">\n<li class=\"a-spacing-mini\"><span class=\"a-list-item\">\u3010<strong>Mat\u00e9riaux alimentaires<\/strong>\u3011La friteuse \u00e0 air est sp\u00e9cialement formul\u00e9e et con\u00e7ue avec de la qualit\u00e9 alimentaire 304, sans rev\u00eatement chimique et sans PFOA et BPA, devenant une friteuse \u00e0 air qui peut offrir une haute qualit\u00e9 et une s\u00e9curit\u00e9 alimentaire.<\/span><\/li>\n<li class=\"a-spacing-mini\"><span class=\"a-list-item\"><strong>\u3010Friture saine\u3011<\/strong>Les friteuses \u00e0 air utilisent un cyclone d&#8217;air \u00e0 chauffage rapide pour cuire vos aliments pr\u00e9f\u00e9r\u00e9s avec tr\u00e8s peu ou pas d&#8217;huile du tout.<\/span><\/li>\n<li class=\"a-spacing-mini\"><span class=\"a-list-item\">\u3010<strong>Facile \u00e0 nettoyer\u3011<\/strong>Le grand panier amovible de la friteuse \u00e0 air est facile \u00e0 nettoyer et passe enti\u00e8rement au lave-vaisselle ! Vous pouvez ainsi frire, griller, cuire et r\u00f4tir des aliments sains sans huile pour toute la famille.<\/span><\/li>\n<li class=\"a-spacing-mini\"><span class=\"a-list-item\"><strong>\u3010Mode de cuisson<\/strong>\u3011La friteuse \u00e0 air vous permet de choisir parmi des modes de cuisson pr\u00e9d\u00e9finis qui garantissent des repas parfaits et la libert\u00e9 de cuisiner tous vos plats pr\u00e9f\u00e9r\u00e9s sans tracas. Il s&#8217;agit notamment du poulet, des frites, du poisson, du steak, des crevettes, du porc et m\u00eame des g\u00e2teaux.<\/span><\/li>\n<\/ul>\n","protected":false},"excerpt":{"rendered":"<p>\u3010Mat\u00e9riaux alimentaires\u3011La friteuse \u00e0 air est sp\u00e9cialement formul\u00e9e et con\u00e7ue avec de la qualit\u00e9 alimentaire 304, sans rev\u00eatement chimique et sans PFOA et BPA, devenant une friteuse \u00e0 air qui peut offrir une haute qualit\u00e9 et une s\u00e9curit\u00e9 alimentaire. \u3010Friture saine\u3011Les friteuses \u00e0 air utilisent un cyclone d&#8217;air \u00e0 chauffage rapide pour cuire vos aliments&#8230;<\/p>\n","protected":false},"featured_media":9302,"comment_status":"closed","ping_status":"closed","template":"","meta":{"_bst_post_transparent":"","_bst_post_title":"","_bst_post_layout":"","_bst_post_sidebar_id":"","_bst_post_content_style":"","_bst_post_vertical_padding":"","_bst_post_feature":"","_bst_post_feature_position":"","_bst_post_header":false,"_bst_post_footer":false},"product_brand":[],"product_cat":[146,145],"product_tag":[],"product_brands":[],"class_list":{"0":"post-9244","1":"product","2":"type-product","3":"status-publish","4":"has-post-thumbnail","6":"product_cat-appareils-de-cuisson","7":"product_cat-electromenager","9":"first","10":"instock","11":"sale","12":"shipping-taxable","13":"purchasable","14":"product-type-simple","15":"entry","16":"content-bg","17":"loop-entry"},"_links":{"self":[{"href":"https:\/\/anopri.com\/index.php?rest_route=\/wp\/v2\/product\/9244","targetHints":{"allow":["GET"]}}],"collection":[{"href":"https:\/\/anopri.com\/index.php?rest_route=\/wp\/v2\/product"}],"about":[{"href":"https:\/\/anopri.com\/index.php?rest_route=\/wp\/v2\/types\/product"}],"replies":[{"embeddable":true,"href":"https:\/\/anopri.com\/index.php?rest_route=%2Fwp%2Fv2%2Fcomments&post=9244"}],"wp:featuredmedia":[{"embeddable":true,"href":"https:\/\/anopri.com\/index.php?rest_route=\/wp\/v2\/media\/9302"}],"wp:attachment":[{"href":"https:\/\/anopri.com\/index.php?rest_route=%2Fwp%2Fv2%2Fmedia&parent=9244"}],"wp:term":[{"taxonomy":"product_brand","embeddable":true,"href":"https:\/\/anopri.com\/index.php?rest_route=%2Fwp%2Fv2%2Fproduct_brand&post=9244"},{"taxonomy":"product_cat","embeddable":true,"href":"https:\/\/anopri.com\/index.php?rest_route=%2Fwp%2Fv2%2Fproduct_cat&post=9244"},{"taxonomy":"product_tag","embeddable":true,"href":"https:\/\/anopri.com\/index.php?rest_route=%2Fwp%2Fv2%2Fproduct_tag&post=9244"},{"taxonomy":"product_brands","embeddable":true,"href":"https:\/\/anopri.com\/index.php?rest_route=%2Fwp%2Fv2%2Fproduct_brands&post=9244"}],"curies":[{"name":"wp","href":"https:\/\/api.w.org\/{rel}","templated":true}]}}