{"id":9238,"date":"2026-04-25T13:07:52","date_gmt":"2026-04-25T13:07:52","guid":{"rendered":"https:\/\/anopri.com\/?post_type=product&#038;p=9238"},"modified":"2026-04-25T13:08:21","modified_gmt":"2026-04-25T13:08:21","slug":"friteuse-electrique-raf-r-5229-inox-2000w-15l","status":"publish","type":"product","link":"https:\/\/anopri.com\/?product=friteuse-electrique-raf-r-5229-inox-2000w-15l","title":{"rendered":"FRITEUSE ELECTRIQUE RAF- R.5229 INOX 2000W 1,5L"},"content":{"rendered":"<div><span>Une friteuse \u00e9lectrique vous aidera s\u00fbrement dans la cuisine. L&#8217;appareil est \u00e9quip\u00e9 d&#8217;un filtre anti-odeurs dans le couvercle, qui \u00e9liminera les odeurs ind\u00e9sirables de la cuisine et de tout l&#8217;appartement. Tous les interrupteurs et boutons n\u00e9cessaires sont situ\u00e9s sur l&#8217;appareil \u00e0 port\u00e9e de main. Un thermostat r\u00e9glable vous permet de contr\u00f4ler la temp\u00e9rature de friture. Le voyant de contr\u00f4le (rouge) fournit des informations sur le fonctionnement de l&#8217;appareil.<\/span><\/div>\n<div><span>La friteuse \u00e9lectrique est con\u00e7ue pour la pr\u00e9paration rapide d&#8217;une grande vari\u00e9t\u00e9 de plats gr\u00e2ce \u00e0 la technologie de friture : frites, l\u00e9gumes hach\u00e9s et cuits, tartes, beignets, p\u00e2tisseries, boulettes, etc.\u00a0<\/span><\/div>\n","protected":false},"excerpt":{"rendered":"<p><img decoding=\"async\" class=\"emoji\" role=\"img\" draggable=\"false\" src=\"https:\/\/s.w.org\/images\/core\/emoji\/15.0.3\/svg\/25fe.svg\" alt=\"\u25fe\ufe0f\" \/><span>Puissance : La friteuse RAF R.5229 a une puissance de 2000 W, ce qui garantit un processus de friture rapide et efficace.<\/span><\/p>\n<p><img decoding=\"async\" class=\"emoji\" role=\"img\" draggable=\"false\" src=\"https:\/\/s.w.org\/images\/core\/emoji\/15.0.3\/svg\/25fe.svg\" alt=\"\u25fe\ufe0f\" \/><span>Capacit\u00e9 : La friteuse a une capacit\u00e9 suffisante de 1,5L pour cuire plusieurs repas en m\u00eame temps.<\/span><\/p>\n<p><img decoding=\"async\" class=\"emoji\" role=\"img\" draggable=\"false\" src=\"https:\/\/s.w.org\/images\/core\/emoji\/15.0.3\/svg\/25fe.svg\" alt=\"\u25fe\ufe0f\" \/><span>Contr\u00f4le de la temp\u00e9rature : la friteuse \u00e0 air est \u00e9quip\u00e9e d&#8217;un thermostat r\u00e9glable qui vous permet de contr\u00f4ler et d&#8217;ajuster la temp\u00e9rature de friture en fonction du type d&#8217;aliment que vous cuisinez.<\/span><\/p>\n<p><img decoding=\"async\" class=\"emoji\" role=\"img\" draggable=\"false\" src=\"https:\/\/s.w.org\/images\/core\/emoji\/15.0.3\/svg\/25fe.svg\" alt=\"\u25fe\ufe0f\" \/><span>Panier \u00e0 friture : la friteuse est livr\u00e9e avec un panier \u00e0 friture amovible qui vous permet d&#8217;abaisser et de retirer facilement les aliments de l&#8217;huile. Le panier est dot\u00e9 d&#8217;une poign\u00e9e pour une manipulation en toute s\u00e9curit\u00e9.<\/span><\/p>\n<p><img decoding=\"async\" class=\"emoji\" role=\"img\" draggable=\"false\" src=\"https:\/\/s.w.org\/images\/core\/emoji\/15.0.3\/svg\/25fe.svg\" alt=\"\u25fe\ufe0f\" \/><span>Indicateur de contr\u00f4le : La friteuse dispose d&#8217;un indicateur qui indique quand elle a atteint la bonne temp\u00e9rature et est pr\u00eate \u00e0 l&#8217;emploi. Cela permet de garantir que les aliments sont cuits correctement.<\/span><\/p>\n<p><img decoding=\"async\" class=\"emoji\" role=\"img\" draggable=\"false\" src=\"https:\/\/s.w.org\/images\/core\/emoji\/15.0.3\/svg\/25fe.svg\" alt=\"\u25fe\ufe0f\" \/><span>Facilit\u00e9 d&#8217;entretien : La friteuse peut \u00eatre facilement d\u00e9mont\u00e9e pour le nettoyage. Le panier \u00e0 friture et les autres pi\u00e8ces amovibles peuvent \u00eatre lav\u00e9s \u00e0 la main ou plac\u00e9s au lave-vaisselle.<\/span><\/p>\n<p><img decoding=\"async\" class=\"emoji\" role=\"img\" draggable=\"false\" src=\"https:\/\/s.w.org\/images\/core\/emoji\/15.0.3\/svg\/25fe.svg\" alt=\"\u25fe\ufe0f\" \/><span>S\u00e9curit\u00e9 : la friteuse dispose de mesures de s\u00e9curit\u00e9 telles qu&#8217;une protection contre la surchauffe et une fermeture s\u00e9curis\u00e9e du couvercle pour \u00e9viter toute ouverture accidentelle pendant le fonctionnement.<\/span><\/p>\n<p><img decoding=\"async\" class=\"emoji\" role=\"img\" draggable=\"false\" src=\"https:\/\/s.w.org\/images\/core\/emoji\/15.0.3\/svg\/25fe.svg\" alt=\"\u25fe\ufe0f\" \/><span>Bo\u00eetier : En acier inoxydable poli.<\/span><\/p>\n","protected":false},"featured_media":9293,"comment_status":"closed","ping_status":"closed","template":"","meta":{"_bst_post_transparent":"","_bst_post_title":"","_bst_post_layout":"","_bst_post_sidebar_id":"","_bst_post_content_style":"","_bst_post_vertical_padding":"","_bst_post_feature":"","_bst_post_feature_position":"","_bst_post_header":false,"_bst_post_footer":false},"product_brand":[],"product_cat":[145],"product_tag":[],"product_brands":[],"class_list":{"0":"post-9238","1":"product","2":"type-product","3":"status-publish","4":"has-post-thumbnail","6":"product_cat-electromenager","8":"first","9":"instock","10":"shipping-taxable","11":"purchasable","12":"product-type-simple","13":"entry","14":"content-bg","15":"loop-entry"},"_links":{"self":[{"href":"https:\/\/anopri.com\/index.php?rest_route=\/wp\/v2\/product\/9238","targetHints":{"allow":["GET"]}}],"collection":[{"href":"https:\/\/anopri.com\/index.php?rest_route=\/wp\/v2\/product"}],"about":[{"href":"https:\/\/anopri.com\/index.php?rest_route=\/wp\/v2\/types\/product"}],"replies":[{"embeddable":true,"href":"https:\/\/anopri.com\/index.php?rest_route=%2Fwp%2Fv2%2Fcomments&post=9238"}],"wp:featuredmedia":[{"embeddable":true,"href":"https:\/\/anopri.com\/index.php?rest_route=\/wp\/v2\/media\/9293"}],"wp:attachment":[{"href":"https:\/\/anopri.com\/index.php?rest_route=%2Fwp%2Fv2%2Fmedia&parent=9238"}],"wp:term":[{"taxonomy":"product_brand","embeddable":true,"href":"https:\/\/anopri.com\/index.php?rest_route=%2Fwp%2Fv2%2Fproduct_brand&post=9238"},{"taxonomy":"product_cat","embeddable":true,"href":"https:\/\/anopri.com\/index.php?rest_route=%2Fwp%2Fv2%2Fproduct_cat&post=9238"},{"taxonomy":"product_tag","embeddable":true,"href":"https:\/\/anopri.com\/index.php?rest_route=%2Fwp%2Fv2%2Fproduct_tag&post=9238"},{"taxonomy":"product_brands","embeddable":true,"href":"https:\/\/anopri.com\/index.php?rest_route=%2Fwp%2Fv2%2Fproduct_brands&post=9238"}],"curies":[{"name":"wp","href":"https:\/\/api.w.org\/{rel}","templated":true}]}}