{"id":9235,"date":"2026-04-25T13:07:52","date_gmt":"2026-04-25T13:07:52","guid":{"rendered":"https:\/\/anopri.com\/?post_type=product&#038;p=9235"},"modified":"2026-04-25T13:08:18","modified_gmt":"2026-04-25T13:08:18","slug":"bouilloire-electrique-raf-r-7958-3l","status":"publish","type":"product","link":"https:\/\/anopri.com\/?product=bouilloire-electrique-raf-r-7958-3l","title":{"rendered":"Bouilloire \u00e9lectrique RAF- R.7958 -3L"},"content":{"rendered":"<p>L&#8217;un des avantages de cette bouilloire \u00e9lectrique est qu&#8217;elle peut \u00eatre utilis\u00e9e comme cafeti\u00e8re. Les autres bouilloires \u00e9lectriques n&#8217;ont pas cet avantage car la porte est fix\u00e9e \u00e0 la bouilloire elle-m\u00eame. Faire bouillir l&#8217;eau en 3,2 minutes.<\/p>\n","protected":false},"excerpt":{"rendered":"<p>Marque : RAF<br \/>\nMod\u00e8le : R.7958<br \/>\nType : Bouilloire \u00e9lectrique<br \/>\nVolume, L : 3<br \/>\nMat\u00e9riau du corps :<br \/>\nAcier inoxydable<br \/>\nAcier inoxydable<br \/>\nConsommation \u00e9lectrique, W : 1500<br \/>\nBouilloire : Non<br \/>\nIndicateur de niveau d&#8217;eau :<br \/>\nNon<br \/>\nMinuterie :<br \/>\nNon<br \/>\nFonction d&#8217;arr\u00eat automatique :<br \/>\nOui<br \/>\nSuppl\u00e9mentaire caract\u00e9ristiques :<br \/>\nProtection contre la surchauffe<\/p>\n","protected":false},"featured_media":9288,"comment_status":"closed","ping_status":"closed","template":"","meta":{"_bst_post_transparent":"","_bst_post_title":"","_bst_post_layout":"","_bst_post_sidebar_id":"","_bst_post_content_style":"","_bst_post_vertical_padding":"","_bst_post_feature":"","_bst_post_feature_position":"","_bst_post_header":false,"_bst_post_footer":false},"product_brand":[],"product_cat":[155,145],"product_tag":[],"product_brands":[],"class_list":{"0":"post-9235","1":"product","2":"type-product","3":"status-publish","4":"has-post-thumbnail","6":"product_cat-bouilloire-electrique","7":"product_cat-electromenager","9":"first","10":"instock","11":"shipping-taxable","12":"purchasable","13":"product-type-simple","14":"entry","15":"content-bg","16":"loop-entry"},"_links":{"self":[{"href":"https:\/\/anopri.com\/index.php?rest_route=\/wp\/v2\/product\/9235","targetHints":{"allow":["GET"]}}],"collection":[{"href":"https:\/\/anopri.com\/index.php?rest_route=\/wp\/v2\/product"}],"about":[{"href":"https:\/\/anopri.com\/index.php?rest_route=\/wp\/v2\/types\/product"}],"replies":[{"embeddable":true,"href":"https:\/\/anopri.com\/index.php?rest_route=%2Fwp%2Fv2%2Fcomments&post=9235"}],"wp:featuredmedia":[{"embeddable":true,"href":"https:\/\/anopri.com\/index.php?rest_route=\/wp\/v2\/media\/9288"}],"wp:attachment":[{"href":"https:\/\/anopri.com\/index.php?rest_route=%2Fwp%2Fv2%2Fmedia&parent=9235"}],"wp:term":[{"taxonomy":"product_brand","embeddable":true,"href":"https:\/\/anopri.com\/index.php?rest_route=%2Fwp%2Fv2%2Fproduct_brand&post=9235"},{"taxonomy":"product_cat","embeddable":true,"href":"https:\/\/anopri.com\/index.php?rest_route=%2Fwp%2Fv2%2Fproduct_cat&post=9235"},{"taxonomy":"product_tag","embeddable":true,"href":"https:\/\/anopri.com\/index.php?rest_route=%2Fwp%2Fv2%2Fproduct_tag&post=9235"},{"taxonomy":"product_brands","embeddable":true,"href":"https:\/\/anopri.com\/index.php?rest_route=%2Fwp%2Fv2%2Fproduct_brands&post=9235"}],"curies":[{"name":"wp","href":"https:\/\/api.w.org\/{rel}","templated":true}]}}