{"id":9234,"date":"2026-04-25T13:07:52","date_gmt":"2026-04-25T13:07:52","guid":{"rendered":"https:\/\/anopri.com\/?post_type=product&#038;p=9234"},"modified":"2026-04-25T13:08:17","modified_gmt":"2026-04-25T13:08:17","slug":"bouilloire-electrique-double-couche-krypton-knk6040n","status":"publish","type":"product","link":"https:\/\/anopri.com\/?product=bouilloire-electrique-double-couche-krypton-knk6040n","title":{"rendered":"Bouilloire \u00e9lectrique double couche Krypton- KNK6040N"},"content":{"rendered":"<p>&#8216;- Pr\u00e9parez de l&#8217;eau chaude en quelques secondes avec la bouilloire \u00e9lectrique Krypton.<\/p>\n<p>&#8211; Il comporte des pr\u00e9cautions de s\u00e9curit\u00e9 pour assurer votre s\u00e9curit\u00e9<\/p>\n<p>&#8211;\u00a0Il est facile \u00e0 nettoyer et la poign\u00e9e assure un confort et un soutien ultimes pour que vous puissiez le tenir avec adh\u00e9rence.<\/p>\n","protected":false},"excerpt":{"rendered":"<p style=\"font-weight: 400;\">-Krypton KNK6040N Bouilloire \u00e9lectrique pratique KNK6040N<\/p>\n<p style=\"font-weight: 400;\">-Double couche<\/p>\n<p style=\"font-weight: 400;\">-Look nouveau et \u00e9l\u00e9gant<\/p>\n<p style=\"font-weight: 400;\">-Capacit\u00e9 de 2,0 litres<\/p>\n<p style=\"font-weight: 400;\">-Corps double couche<\/p>\n<p style=\"font-weight: 400;\">* Fermeture automatique<\/p>\n<p style=\"font-weight: 400;\">*Protection contre l&#8217;\u00e9bullition \u00e0 sec<\/p>\n<p style=\"font-weight: 400;\">* Base rotative \u00e0 260 degr\u00e9s<\/p>\n<p style=\"font-weight: 400;\">* Stockage sans fil dans la base motoris\u00e9e<\/p>\n<p style=\"font-weight: 400;\">* \u00c9l\u00e9ment chauffant dissimul\u00e9<\/p>\n","protected":false},"featured_media":9287,"comment_status":"closed","ping_status":"closed","template":"","meta":{"_bst_post_transparent":"","_bst_post_title":"","_bst_post_layout":"","_bst_post_sidebar_id":"","_bst_post_content_style":"","_bst_post_vertical_padding":"","_bst_post_feature":"","_bst_post_feature_position":"","_bst_post_header":false,"_bst_post_footer":false},"product_brand":[],"product_cat":[155,145],"product_tag":[],"product_brands":[],"class_list":{"0":"post-9234","1":"product","2":"type-product","3":"status-publish","4":"has-post-thumbnail","6":"product_cat-bouilloire-electrique","7":"product_cat-electromenager","9":"first","10":"instock","11":"shipping-taxable","12":"purchasable","13":"product-type-simple","14":"entry","15":"content-bg","16":"loop-entry"},"_links":{"self":[{"href":"https:\/\/anopri.com\/index.php?rest_route=\/wp\/v2\/product\/9234","targetHints":{"allow":["GET"]}}],"collection":[{"href":"https:\/\/anopri.com\/index.php?rest_route=\/wp\/v2\/product"}],"about":[{"href":"https:\/\/anopri.com\/index.php?rest_route=\/wp\/v2\/types\/product"}],"replies":[{"embeddable":true,"href":"https:\/\/anopri.com\/index.php?rest_route=%2Fwp%2Fv2%2Fcomments&post=9234"}],"wp:featuredmedia":[{"embeddable":true,"href":"https:\/\/anopri.com\/index.php?rest_route=\/wp\/v2\/media\/9287"}],"wp:attachment":[{"href":"https:\/\/anopri.com\/index.php?rest_route=%2Fwp%2Fv2%2Fmedia&parent=9234"}],"wp:term":[{"taxonomy":"product_brand","embeddable":true,"href":"https:\/\/anopri.com\/index.php?rest_route=%2Fwp%2Fv2%2Fproduct_brand&post=9234"},{"taxonomy":"product_cat","embeddable":true,"href":"https:\/\/anopri.com\/index.php?rest_route=%2Fwp%2Fv2%2Fproduct_cat&post=9234"},{"taxonomy":"product_tag","embeddable":true,"href":"https:\/\/anopri.com\/index.php?rest_route=%2Fwp%2Fv2%2Fproduct_tag&post=9234"},{"taxonomy":"product_brands","embeddable":true,"href":"https:\/\/anopri.com\/index.php?rest_route=%2Fwp%2Fv2%2Fproduct_brands&post=9234"}],"curies":[{"name":"wp","href":"https:\/\/api.w.org\/{rel}","templated":true}]}}