{"id":9148,"date":"2026-04-25T13:07:29","date_gmt":"2026-04-25T13:07:29","guid":{"rendered":"https:\/\/anopri.com\/?post_type=product&#038;p=9148"},"modified":"2026-04-25T13:07:43","modified_gmt":"2026-04-25T13:07:43","slug":"the-habkat-ceylon-avec-100-sachets","status":"publish","type":"product","link":"https:\/\/anopri.com\/?product=the-habkat-ceylon-avec-100-sachets","title":{"rendered":"Th\u00e9 Habkat Ceylon avec 100 sachets"},"content":{"rendered":"<ul>\n<li>Le th\u00e9 Habkat est l&#8217;un des meilleurs th\u00e9s de Ceylan disponibles.<\/li>\n<li>Th\u00e9 de Ceylan 100 % pur au go\u00fbt excellent et fort<\/li>\n<li>Le th\u00e9 Habkat a \u00e9galement de nombreux bienfaits pour la sant\u00e9, il regorge d&#8217;antioxydants.<\/li>\n<li>100 sachets<\/li>\n<\/ul>\n","protected":false},"excerpt":{"rendered":"<p>Le th\u00e9 Habkat est l&#8217;un des meilleurs th\u00e9s de Ceylan disponibles. Th\u00e9 de Ceylan 100 % pur au go\u00fbt excellent et fort Le th\u00e9 Habkat a \u00e9galement de nombreux bienfaits pour la sant\u00e9, il regorge d&#8217;antioxydants. 100 sachets<\/p>\n","protected":false},"featured_media":9200,"comment_status":"closed","ping_status":"closed","template":"","meta":{"_bst_post_transparent":"","_bst_post_title":"","_bst_post_layout":"","_bst_post_sidebar_id":"","_bst_post_content_style":"","_bst_post_vertical_padding":"","_bst_post_feature":"","_bst_post_feature_position":"","_bst_post_header":false,"_bst_post_footer":false},"product_brand":[],"product_cat":[53,124],"product_tag":[],"product_brands":[],"class_list":{"0":"post-9148","1":"product","2":"type-product","3":"status-publish","4":"has-post-thumbnail","6":"product_cat-fashion","7":"product_cat-univers-sante-beaute","9":"first","10":"instock","11":"shipping-taxable","12":"purchasable","13":"product-type-simple","14":"entry","15":"content-bg","16":"loop-entry"},"_links":{"self":[{"href":"https:\/\/anopri.com\/index.php?rest_route=\/wp\/v2\/product\/9148","targetHints":{"allow":["GET"]}}],"collection":[{"href":"https:\/\/anopri.com\/index.php?rest_route=\/wp\/v2\/product"}],"about":[{"href":"https:\/\/anopri.com\/index.php?rest_route=\/wp\/v2\/types\/product"}],"replies":[{"embeddable":true,"href":"https:\/\/anopri.com\/index.php?rest_route=%2Fwp%2Fv2%2Fcomments&post=9148"}],"wp:featuredmedia":[{"embeddable":true,"href":"https:\/\/anopri.com\/index.php?rest_route=\/wp\/v2\/media\/9200"}],"wp:attachment":[{"href":"https:\/\/anopri.com\/index.php?rest_route=%2Fwp%2Fv2%2Fmedia&parent=9148"}],"wp:term":[{"taxonomy":"product_brand","embeddable":true,"href":"https:\/\/anopri.com\/index.php?rest_route=%2Fwp%2Fv2%2Fproduct_brand&post=9148"},{"taxonomy":"product_cat","embeddable":true,"href":"https:\/\/anopri.com\/index.php?rest_route=%2Fwp%2Fv2%2Fproduct_cat&post=9148"},{"taxonomy":"product_tag","embeddable":true,"href":"https:\/\/anopri.com\/index.php?rest_route=%2Fwp%2Fv2%2Fproduct_tag&post=9148"},{"taxonomy":"product_brands","embeddable":true,"href":"https:\/\/anopri.com\/index.php?rest_route=%2Fwp%2Fv2%2Fproduct_brands&post=9148"}],"curies":[{"name":"wp","href":"https:\/\/api.w.org\/{rel}","templated":true}]}}