{"id":9112,"date":"2026-04-25T13:07:18","date_gmt":"2026-04-25T13:07:18","guid":{"rendered":"https:\/\/anopri.com\/?post_type=product&#038;p=9112"},"modified":"2026-04-25T13:07:22","modified_gmt":"2026-04-25T13:07:22","slug":"distributeur-deau-automatique-rechargeable","status":"publish","type":"product","link":"https:\/\/anopri.com\/?product=distributeur-deau-automatique-rechargeable","title":{"rendered":"Distributeur d&#8217;eau automatique -rechargeable"},"content":{"rendered":"<p>Distributeur d&#8217;eau utilisant le tuyau en silicone de qualit\u00e9 alimentaire. Sans BPA, pas toxique, pas d&#8217;odeur, r\u00e9sistant au froid, r\u00e9sistance aux hautes temp\u00e9ratures, s\u00fbr et sain. Le distributeur d&#8217;eau potable est fait de coque en plastique ABS haute densit\u00e9, de bonne qualit\u00e9 et durable.<br \/>\nAucune Installation, aucun remodelage, aucun besoin de percer des trous et aucun besoin d&#8217;\u00e9riger des supports. La pompe de distributeur d&#8217;eau est facile \u00e0 fixer et l&#8217;utilisation instantan\u00e9e permet de distribuer de l&#8217;eau \u00e0 tout moment et n&#8217;importe o\u00f9. D\u00e9charge l&#8217;eau jusqu&#8217;\u00e0 la derni\u00e8re goutte. Le distributeur de bouteille d&#8217;eau convient \u00e0 diff\u00e9rentes marques et diff\u00e9rentes tailles d&#8217;ouverture de bouche.<br \/>\nLe distributeur de cruche d&#8217;eau fonctionne sur une batterie rechargeable Lithium-Ion . Le chargement par c\u00e2ble USB, 4 heures (bas\u00e9 sur un chargeur de t\u00e9l\u00e9phone diff\u00e9rent) suffit.<\/p>\n","protected":false},"excerpt":{"rendered":"<p>Distributeur d&#8217;eau utilisant le tuyau en silicone de qualit\u00e9 alimentaire. Sans BPA, pas toxique, pas d&#8217;odeur, r\u00e9sistant au froid, r\u00e9sistance aux hautes temp\u00e9ratures, s\u00fbr et sain. Le distributeur d&#8217;eau potable est fait de coque en plastique ABS haute densit\u00e9, de bonne qualit\u00e9 et durable. Aucune Installation, aucun remodelage, aucun besoin de percer des trous et&#8230;<\/p>\n","protected":false},"featured_media":8350,"comment_status":"open","ping_status":"closed","template":"","meta":{"_bst_post_transparent":"","_bst_post_title":"","_bst_post_layout":"","_bst_post_sidebar_id":"","_bst_post_content_style":"","_bst_post_vertical_padding":"","_bst_post_feature":"","_bst_post_feature_position":"","_bst_post_header":false,"_bst_post_footer":false},"product_brand":[],"product_cat":[185,145],"product_tag":[],"product_brands":[],"class_list":{"0":"post-9112","1":"product","2":"type-product","3":"status-publish","4":"has-post-thumbnail","6":"product_cat-articles-de-cuisine","7":"product_cat-electromenager","9":"first","10":"instock","11":"shipping-taxable","12":"purchasable","13":"product-type-simple","14":"entry","15":"content-bg","16":"loop-entry"},"_links":{"self":[{"href":"https:\/\/anopri.com\/index.php?rest_route=\/wp\/v2\/product\/9112","targetHints":{"allow":["GET"]}}],"collection":[{"href":"https:\/\/anopri.com\/index.php?rest_route=\/wp\/v2\/product"}],"about":[{"href":"https:\/\/anopri.com\/index.php?rest_route=\/wp\/v2\/types\/product"}],"replies":[{"embeddable":true,"href":"https:\/\/anopri.com\/index.php?rest_route=%2Fwp%2Fv2%2Fcomments&post=9112"}],"wp:featuredmedia":[{"embeddable":true,"href":"https:\/\/anopri.com\/index.php?rest_route=\/wp\/v2\/media\/8350"}],"wp:attachment":[{"href":"https:\/\/anopri.com\/index.php?rest_route=%2Fwp%2Fv2%2Fmedia&parent=9112"}],"wp:term":[{"taxonomy":"product_brand","embeddable":true,"href":"https:\/\/anopri.com\/index.php?rest_route=%2Fwp%2Fv2%2Fproduct_brand&post=9112"},{"taxonomy":"product_cat","embeddable":true,"href":"https:\/\/anopri.com\/index.php?rest_route=%2Fwp%2Fv2%2Fproduct_cat&post=9112"},{"taxonomy":"product_tag","embeddable":true,"href":"https:\/\/anopri.com\/index.php?rest_route=%2Fwp%2Fv2%2Fproduct_tag&post=9112"},{"taxonomy":"product_brands","embeddable":true,"href":"https:\/\/anopri.com\/index.php?rest_route=%2Fwp%2Fv2%2Fproduct_brands&post=9112"}],"curies":[{"name":"wp","href":"https:\/\/api.w.org\/{rel}","templated":true}]}}