{"id":9103,"date":"2026-04-25T13:07:18","date_gmt":"2026-04-25T13:07:18","guid":{"rendered":"https:\/\/anopri.com\/?post_type=product&#038;p=9103"},"modified":"2026-04-25T13:07:20","modified_gmt":"2026-04-25T13:07:20","slug":"four-machine-a-petit-dejeuner-3-en-1-sokany","status":"publish","type":"product","link":"https:\/\/anopri.com\/?product=four-machine-a-petit-dejeuner-3-en-1-sokany","title":{"rendered":"Four Machine \u00e0 petit-d\u00e9jeuner 3 en 1 Sokany"},"content":{"rendered":"<p>MACHINE \u00c0 PETIT D\u00c9JEUNER 3 EN 1 SOKANY: Cette machine \u00e0 petit-d\u00e9jeuner 3 en 1 combine les trois fonctions d&#8217;un\u00a0 Four, d&#8217;une machine \u00e0 caf\u00e9 et d&#8217;une plaque de cuisson, vous permettant de cuisiner du caf\u00e9, de griller des saucisses, des \u0153ufs au plat, etc. tout en pr\u00e9parant le petit-d\u00e9jeuner. le matin<br \/>\n[BAKEWARE DE TAILLE FAMILLE] : la machine \u00e0 petit-d\u00e9jeuner 3 en 1 comprend un plateau de four amovible et une grille antiadh\u00e9sive. Il peut \u00eatre utilis\u00e9 le matin pour faire frire des \u0153ufs, des cr\u00eapes, des saucisses, du bacon, des galettes de pommes de terre, etc.<br \/>\n[PO\u00caLE \u00c0 FRIRE S\u00c9PAR\u00c9E]: La surface de la po\u00eale \u00e0 frire est recouverte d&#8217;un rev\u00eatement antiadh\u00e9sif r\u00e9sistant aux hautes temp\u00e9ratures, facile \u00e0 nettoyer en raison de sa r\u00e9sistance aux hautes temp\u00e9ratures et \u00e0 la corrosion<br \/>\nCe n&#8217;est pas seulement appropri\u00e9 pour le petit-d\u00e9jeuner, mais aussi pour le th\u00e9 et le d\u00eener de l&#8217;apr\u00e8s-midi, un tr\u00e8s bon article pour la maison<\/p>\n","protected":false},"excerpt":{"rendered":"<ul>\n<li>L\u2019appareil \u00e0 trois usages avec une plaque chauffante, un four et une cafeti\u00e8re.<\/li>\n<li>Par cons\u00e9quent, il est c\u00e9l\u00e8bre comme machine \u00e0 petit-d\u00e9jeuner.<\/li>\n<li>Ce gadget fonctionne \u00e0 l\u2019\u00e9lectricit\u00e9 et consomme une puissance de 600 watts.<\/li>\n<li>La capacit\u00e9 du four est de 12L.<\/li>\n<li>La dimension du gadget est de 45X19X18 cm.<\/li>\n<\/ul>\n","protected":false},"featured_media":8331,"comment_status":"open","ping_status":"closed","template":"","meta":{"_bst_post_transparent":"","_bst_post_title":"","_bst_post_layout":"","_bst_post_sidebar_id":"","_bst_post_content_style":"","_bst_post_vertical_padding":"","_bst_post_feature":"","_bst_post_feature_position":"","_bst_post_header":false,"_bst_post_footer":false},"product_brand":[],"product_cat":[185,151,154],"product_tag":[],"product_brands":[],"class_list":{"0":"post-9103","1":"product","2":"type-product","3":"status-publish","4":"has-post-thumbnail","6":"product_cat-articles-de-cuisine","7":"product_cat-cuisiniere","8":"product_cat-micro-onde-fours","10":"first","11":"instock","12":"sale","13":"shipping-taxable","14":"purchasable","15":"product-type-simple","16":"entry","17":"content-bg","18":"loop-entry"},"_links":{"self":[{"href":"https:\/\/anopri.com\/index.php?rest_route=\/wp\/v2\/product\/9103","targetHints":{"allow":["GET"]}}],"collection":[{"href":"https:\/\/anopri.com\/index.php?rest_route=\/wp\/v2\/product"}],"about":[{"href":"https:\/\/anopri.com\/index.php?rest_route=\/wp\/v2\/types\/product"}],"replies":[{"embeddable":true,"href":"https:\/\/anopri.com\/index.php?rest_route=%2Fwp%2Fv2%2Fcomments&post=9103"}],"wp:featuredmedia":[{"embeddable":true,"href":"https:\/\/anopri.com\/index.php?rest_route=\/wp\/v2\/media\/8331"}],"wp:attachment":[{"href":"https:\/\/anopri.com\/index.php?rest_route=%2Fwp%2Fv2%2Fmedia&parent=9103"}],"wp:term":[{"taxonomy":"product_brand","embeddable":true,"href":"https:\/\/anopri.com\/index.php?rest_route=%2Fwp%2Fv2%2Fproduct_brand&post=9103"},{"taxonomy":"product_cat","embeddable":true,"href":"https:\/\/anopri.com\/index.php?rest_route=%2Fwp%2Fv2%2Fproduct_cat&post=9103"},{"taxonomy":"product_tag","embeddable":true,"href":"https:\/\/anopri.com\/index.php?rest_route=%2Fwp%2Fv2%2Fproduct_tag&post=9103"},{"taxonomy":"product_brands","embeddable":true,"href":"https:\/\/anopri.com\/index.php?rest_route=%2Fwp%2Fv2%2Fproduct_brands&post=9103"}],"curies":[{"name":"wp","href":"https:\/\/api.w.org\/{rel}","templated":true}]}}