{"id":9101,"date":"2026-04-25T13:07:18","date_gmt":"2026-04-25T13:07:18","guid":{"rendered":"https:\/\/anopri.com\/?post_type=product&#038;p=9101"},"modified":"2026-04-25T13:07:20","modified_gmt":"2026-04-25T13:07:20","slug":"climatiseur-armoire-hisense-30000btu-r410-4-5cv","status":"publish","type":"product","link":"https:\/\/anopri.com\/?product=climatiseur-armoire-hisense-30000btu-r410-4-5cv","title":{"rendered":"Climatiseur Armoire HISENSE 30000BTU -R410-4.5CV"},"content":{"rendered":"<p><span style=\"vertical-align: inherit;\"><span style=\"vertical-align: inherit;\">Le climatiseur armoire Hisense est sp\u00e9cialement con\u00e7u pour les grands espaces, offrant un refroidissement puissant et efficace. <\/span><span style=\"vertical-align: inherit;\">Avec une capacit\u00e9 de 30 000 BTU et un d\u00e9bit d&#8217;air de plus de 10 m\u00e8tres, il assure une distribution uniforme de l&#8217;air frais dans la pi\u00e8ce, vous permettant de profiter d&#8217;un confort optimal m\u00eame pendant les journ\u00e9es les plus chaudes.<\/span><\/span><\/p>\n<p><span style=\"vertical-align: inherit;\"><span style=\"vertical-align: inherit;\">Le climatiseur armoire Hisense est \u00e9quip\u00e9 d&#8217;une fonction de red\u00e9marrage automatique qui garantit que l&#8217;appareil se rallume automatiquement apr\u00e8s une coupure de courant, vous pr\u00e9sentez ainsi tout inconv\u00e9nient. <\/span><span style=\"vertical-align: inherit;\">De plus, sa fonction de refroidissement turbo permet de rafra\u00eechir rapidement la pi\u00e8ce en maximisant la vitesse du ventilateur et les performances du compresseur.<\/span><\/span><\/p>\n<p><span style=\"vertical-align: inherit;\"><span style=\"vertical-align: inherit;\">Ce climatiseur Hisense assure une r\u00e9gulation pr\u00e9cise de la temp\u00e9rature tout en optimisant la consommation d&#8217;\u00e9nergie. <\/span><span style=\"vertical-align: inherit;\">Son filtre \u00e0 poussi\u00e8re int\u00e9gr\u00e9 capture les particules ind\u00e9sirables dans l&#8217;air, garantissant un environnement plus sain.<\/span><\/span><\/p>\n<p><span style=\"vertical-align: inherit;\"><span style=\"vertical-align: inherit;\">L&#8217;appareil est \u00e9galement dot\u00e9 d&#8217;un affichage LED sur le panneau avant, permettant une facilit\u00e9 d&#8217;utilisation et de contr\u00f4le. <\/span><span style=\"vertical-align: inherit;\">Vous pouvez programmer le climatiseur selon vos pr\u00e9f\u00e9rences gr\u00e2ce \u00e0 sa minuterie marche\/arr\u00eat de 12 heures. <\/span><span style=\"vertical-align: inherit;\">La fonction d&#8217;auto-nettoyage assure une circulation d&#8217;air propre et saine, notamment l&#8217;accumulation de salet\u00e9 et de moisissures.<\/span><\/span><\/p>\n<p><span style=\"vertical-align: inherit;\"><span style=\"vertical-align: inherit;\">Le climatiseur ARMOIRE est livr\u00e9 avec une t\u00e9l\u00e9commande \u00e0 distance \u00e9tendue, vous permettant de contr\u00f4ler facilement toutes les fonctionnalit\u00e9s de l&#8217;appareil depuis n&#8217;importe quel endroit de la pi\u00e8ce. <\/span><span style=\"vertical-align: inherit;\">De plus, il b\u00e9n\u00e9ficie d&#8217;une garantie de 06 mois pour vous offrir une tranquillit\u00e9 d&#8217;esprit suppl\u00e9mentaire.<\/span><\/span><\/p>\n","protected":false},"excerpt":{"rendered":"<p><span style=\"vertical-align: inherit;\"><span style=\"vertical-align: inherit;\">Caract\u00e9ristiques et sp\u00e9cifications :<\/span><\/span><\/p>\n<ul>\n<li><b><span style=\"vertical-align: inherit;\"><span style=\"vertical-align: inherit;\">\u00a0TYPE<\/span><\/span><\/b><span style=\"vertical-align: inherit;\"><span style=\"vertical-align: inherit;\"> : Climatiseur Armoire<\/span><\/span><\/li>\n<li><strong><span style=\"vertical-align: inherit;\"><span style=\"vertical-align: inherit;\">Marque<\/span><\/span><\/strong><span style=\"vertical-align: inherit;\"><span style=\"vertical-align: inherit;\"> \u00a0: Hisense<\/span><\/span><\/li>\n<li><strong><span style=\"vertical-align: inherit;\"><span style=\"vertical-align: inherit;\">Mod\u00e8le<\/span><\/span><\/strong><span style=\"vertical-align: inherit;\"><span style=\"vertical-align: inherit;\"> \u00a0: AUF-30HTR4FEM<\/span><\/span><\/li>\n<li><strong><span style=\"vertical-align: inherit;\"><span style=\"vertical-align: inherit;\">Puissance frigorifique<\/span><\/span><\/strong><span style=\"vertical-align: inherit;\"><span style=\"vertical-align: inherit;\"> \u00a0: 30 000 BTU<\/span><\/span><\/li>\n<li><strong><span style=\"vertical-align: inherit;\"><span style=\"vertical-align: inherit;\">Gaz r\u00e9frig\u00e9rant<\/span><\/span><\/strong><span style=\"vertical-align: inherit;\"><span style=\"vertical-align: inherit;\"> \u00a0: R410<\/span><\/span><\/li>\n<li><strong><span style=\"vertical-align: inherit;\"><span style=\"vertical-align: inherit;\">Puissance<\/span><\/span><\/strong><span style=\"vertical-align: inherit;\"><span style=\"vertical-align: inherit;\"> \u00a0: 4,5Cv<\/span><\/span><\/li>\n<li><strong><span style=\"vertical-align: inherit;\"><span style=\"vertical-align: inherit;\">Tension<\/span><\/span><\/strong><span style=\"vertical-align: inherit;\"><span style=\"vertical-align: inherit;\"> : 220-240 V<\/span><\/span><\/li>\n<li><strong><span style=\"vertical-align: inherit;\"><span style=\"vertical-align: inherit;\">Circulation d&#8217;air<\/span><\/span><\/strong><span style=\"vertical-align: inherit;\"><span style=\"vertical-align: inherit;\"> : PLUS DE 10 m\u00e8tres<\/span><\/span><\/li>\n<li><strong><span style=\"vertical-align: inherit;\"><span style=\"vertical-align: inherit;\">Couleur<\/span><\/span><\/strong><span style=\"vertical-align: inherit;\"><span style=\"vertical-align: inherit;\"> \u00a0: Blanc<\/span><\/span><\/li>\n<li><strong><span style=\"vertical-align: inherit;\"><span style=\"vertical-align: inherit;\">Garantie<\/span><\/span><\/strong><span style=\"vertical-align: inherit;\"><span style=\"vertical-align: inherit;\"> \u00a0: 6 Mois<\/span><\/span><\/li>\n<\/ul>\n","protected":false},"featured_media":8330,"comment_status":"open","ping_status":"closed","template":"","meta":{"_bst_post_transparent":"","_bst_post_title":"","_bst_post_layout":"","_bst_post_sidebar_id":"","_bst_post_content_style":"","_bst_post_vertical_padding":"","_bst_post_feature":"","_bst_post_feature_position":"","_bst_post_header":false,"_bst_post_footer":false},"product_brand":[],"product_cat":[164,160],"product_tag":[],"product_brands":[],"class_list":{"0":"post-9101","1":"product","2":"type-product","3":"status-publish","4":"has-post-thumbnail","6":"product_cat-climatiseurs","7":"product_cat-climatiseurs-ventilateurs","9":"first","10":"instock","11":"shipping-taxable","12":"purchasable","13":"product-type-simple","14":"entry","15":"content-bg","16":"loop-entry"},"_links":{"self":[{"href":"https:\/\/anopri.com\/index.php?rest_route=\/wp\/v2\/product\/9101","targetHints":{"allow":["GET"]}}],"collection":[{"href":"https:\/\/anopri.com\/index.php?rest_route=\/wp\/v2\/product"}],"about":[{"href":"https:\/\/anopri.com\/index.php?rest_route=\/wp\/v2\/types\/product"}],"replies":[{"embeddable":true,"href":"https:\/\/anopri.com\/index.php?rest_route=%2Fwp%2Fv2%2Fcomments&post=9101"}],"wp:featuredmedia":[{"embeddable":true,"href":"https:\/\/anopri.com\/index.php?rest_route=\/wp\/v2\/media\/8330"}],"wp:attachment":[{"href":"https:\/\/anopri.com\/index.php?rest_route=%2Fwp%2Fv2%2Fmedia&parent=9101"}],"wp:term":[{"taxonomy":"product_brand","embeddable":true,"href":"https:\/\/anopri.com\/index.php?rest_route=%2Fwp%2Fv2%2Fproduct_brand&post=9101"},{"taxonomy":"product_cat","embeddable":true,"href":"https:\/\/anopri.com\/index.php?rest_route=%2Fwp%2Fv2%2Fproduct_cat&post=9101"},{"taxonomy":"product_tag","embeddable":true,"href":"https:\/\/anopri.com\/index.php?rest_route=%2Fwp%2Fv2%2Fproduct_tag&post=9101"},{"taxonomy":"product_brands","embeddable":true,"href":"https:\/\/anopri.com\/index.php?rest_route=%2Fwp%2Fv2%2Fproduct_brands&post=9101"}],"curies":[{"name":"wp","href":"https:\/\/api.w.org\/{rel}","templated":true}]}}