{"id":9081,"date":"2026-04-25T13:07:10","date_gmt":"2026-04-25T13:07:10","guid":{"rendered":"https:\/\/anopri.com\/?post_type=product&#038;p=9081"},"modified":"2026-04-25T13:07:13","modified_gmt":"2026-04-25T13:07:13","slug":"nettoyeur-haute-pression-bosch-easyaquatak-100-1100w-100-bars","status":"publish","type":"product","link":"https:\/\/anopri.com\/?product=nettoyeur-haute-pression-bosch-easyaquatak-100-1100w-100-bars","title":{"rendered":"Nettoyeur Haute Pression \u2013 Bosch EasyAquatak 100 &#8211; 1100W &#8211; 100 bars"},"content":{"rendered":"<p>Ce\u00a0<strong>nettoyeur haute-pression Bosch<\/strong>\u00a0est la solution pratique pour le nettoyage r\u00e9gulier de surfaces sales. La poign\u00e9e\u00a0<strong>pistolet orientable de 360\u00b0<\/strong>\u00a0permet d\u2019atteindre facilement les endroits difficiles d\u2019acc\u00e8s. L\u2019utilisation \u00e0 une main vous offre un maximum de libert\u00e9 et permet de d\u00e9placer avec la main libre des objets en cours de nettoyage pour un travail plus rapide. La buse peut \u00eatre r\u00e9gl\u00e9e pour obtenir aussi bien un jet de nettoyage puissant qu\u2019un jet de rin\u00e7age doux selon les besoins.<\/p>\n","protected":false},"excerpt":{"rendered":"<ul>\n<li><span data-sheets-value=\"{&quot;1&quot;:2,&quot;2&quot;:&quot;- Type du produit : Nettoyeur Haute Pression\\n- Marque:  Bosch\\n- Mod\u00e8le : EasyAquatak 100\\n- Puissance du moteur : 1.100 W\\n- Pression maxi : 100 bar\\n- D\u00e9bit maxi : 330 l\/h\\n- D\u00e9bit maxi : 40 \u00b0C\\n- Capacit\u00e9 d'auto-amor\u00e7age : 0.5 m\\n- Syst\u00e8me pour d\u00e9tergent : Mousse haute pression\\n- Type de moteur : S\u00e9rie\\n- Type de pompe : 3 cylindres\\n- Longueur du c\u00e2ble : 5 m\\n- Longueur du flexible : 3 m\\n-  Type de flexible : PVC\\n- Enrouleur de flexible : Manuel\\n- Enrouleur pour flexible haute pression : Non\\n- Poids (sans accessoires) : 3,0 kg\\n- Poids de l\u2019outil : 3 kg\\n- Garantie : 6 mois\\n- Condition (neuf, occasion, refurbished): Neuf&quot;}\" data-sheets-userformat=\"{&quot;2&quot;:4226,&quot;4&quot;:{&quot;1&quot;:2,&quot;2&quot;:16777215},&quot;10&quot;:2,&quot;15&quot;:&quot;Arial&quot;}\"><strong>Type du produit :<\/strong>\u00a0Nettoyeur Haute Pression<br \/>\n<\/span><\/li>\n<li><span data-sheets-value=\"{&quot;1&quot;:2,&quot;2&quot;:&quot;- Type du produit : Nettoyeur Haute Pression\\n- Marque:  Bosch\\n- Mod\u00e8le : EasyAquatak 100\\n- Puissance du moteur : 1.100 W\\n- Pression maxi : 100 bar\\n- D\u00e9bit maxi : 330 l\/h\\n- D\u00e9bit maxi : 40 \u00b0C\\n- Capacit\u00e9 d'auto-amor\u00e7age : 0.5 m\\n- Syst\u00e8me pour d\u00e9tergent : Mousse haute pression\\n- Type de moteur : S\u00e9rie\\n- Type de pompe : 3 cylindres\\n- Longueur du c\u00e2ble : 5 m\\n- Longueur du flexible : 3 m\\n-  Type de flexible : PVC\\n- Enrouleur de flexible : Manuel\\n- Enrouleur pour flexible haute pression : Non\\n- Poids (sans accessoires) : 3,0 kg\\n- Poids de l\u2019outil : 3 kg\\n- Garantie : 6 mois\\n- Condition (neuf, occasion, refurbished): Neuf&quot;}\" data-sheets-userformat=\"{&quot;2&quot;:4226,&quot;4&quot;:{&quot;1&quot;:2,&quot;2&quot;:16777215},&quot;10&quot;:2,&quot;15&quot;:&quot;Arial&quot;}\"><strong>Marque:<\/strong>\u00a0Bosch<br \/>\n<\/span><\/li>\n<li><span data-sheets-value=\"{&quot;1&quot;:2,&quot;2&quot;:&quot;- Type du produit : Nettoyeur Haute Pression\\n- Marque:  Bosch\\n- Mod\u00e8le : EasyAquatak 100\\n- Puissance du moteur : 1.100 W\\n- Pression maxi : 100 bar\\n- D\u00e9bit maxi : 330 l\/h\\n- D\u00e9bit maxi : 40 \u00b0C\\n- Capacit\u00e9 d'auto-amor\u00e7age : 0.5 m\\n- Syst\u00e8me pour d\u00e9tergent : Mousse haute pression\\n- Type de moteur : S\u00e9rie\\n- Type de pompe : 3 cylindres\\n- Longueur du c\u00e2ble : 5 m\\n- Longueur du flexible : 3 m\\n-  Type de flexible : PVC\\n- Enrouleur de flexible : Manuel\\n- Enrouleur pour flexible haute pression : Non\\n- Poids (sans accessoires) : 3,0 kg\\n- Poids de l\u2019outil : 3 kg\\n- Garantie : 6 mois\\n- Condition (neuf, occasion, refurbished): Neuf&quot;}\" data-sheets-userformat=\"{&quot;2&quot;:4226,&quot;4&quot;:{&quot;1&quot;:2,&quot;2&quot;:16777215},&quot;10&quot;:2,&quot;15&quot;:&quot;Arial&quot;}\"><strong>Mod\u00e8le :<\/strong>\u00a0EasyAquatak 100<br \/>\n<\/span><\/li>\n<li><span data-sheets-value=\"{&quot;1&quot;:2,&quot;2&quot;:&quot;- Type du produit : Nettoyeur Haute Pression\\n- Marque:  Bosch\\n- Mod\u00e8le : EasyAquatak 100\\n- Puissance du moteur : 1.100 W\\n- Pression maxi : 100 bar\\n- D\u00e9bit maxi : 330 l\/h\\n- D\u00e9bit maxi : 40 \u00b0C\\n- Capacit\u00e9 d'auto-amor\u00e7age : 0.5 m\\n- Syst\u00e8me pour d\u00e9tergent : Mousse haute pression\\n- Type de moteur : S\u00e9rie\\n- Type de pompe : 3 cylindres\\n- Longueur du c\u00e2ble : 5 m\\n- Longueur du flexible : 3 m\\n-  Type de flexible : PVC\\n- Enrouleur de flexible : Manuel\\n- Enrouleur pour flexible haute pression : Non\\n- Poids (sans accessoires) : 3,0 kg\\n- Poids de l\u2019outil : 3 kg\\n- Garantie : 6 mois\\n- Condition (neuf, occasion, refurbished): Neuf&quot;}\" data-sheets-userformat=\"{&quot;2&quot;:4226,&quot;4&quot;:{&quot;1&quot;:2,&quot;2&quot;:16777215},&quot;10&quot;:2,&quot;15&quot;:&quot;Arial&quot;}\"><strong>Puissance du moteur<\/strong>\u00a0: 1.100 W<br \/>\n<\/span><\/li>\n<li><span data-sheets-value=\"{&quot;1&quot;:2,&quot;2&quot;:&quot;- Type du produit : Nettoyeur Haute Pression\\n- Marque:  Bosch\\n- Mod\u00e8le : EasyAquatak 100\\n- Puissance du moteur : 1.100 W\\n- Pression maxi : 100 bar\\n- D\u00e9bit maxi : 330 l\/h\\n- D\u00e9bit maxi : 40 \u00b0C\\n- Capacit\u00e9 d'auto-amor\u00e7age : 0.5 m\\n- Syst\u00e8me pour d\u00e9tergent : Mousse haute pression\\n- Type de moteur : S\u00e9rie\\n- Type de pompe : 3 cylindres\\n- Longueur du c\u00e2ble : 5 m\\n- Longueur du flexible : 3 m\\n-  Type de flexible : PVC\\n- Enrouleur de flexible : Manuel\\n- Enrouleur pour flexible haute pression : Non\\n- Poids (sans accessoires) : 3,0 kg\\n- Poids de l\u2019outil : 3 kg\\n- Garantie : 6 mois\\n- Condition (neuf, occasion, refurbished): Neuf&quot;}\" data-sheets-userformat=\"{&quot;2&quot;:4226,&quot;4&quot;:{&quot;1&quot;:2,&quot;2&quot;:16777215},&quot;10&quot;:2,&quot;15&quot;:&quot;Arial&quot;}\"><strong>Pression maxi<\/strong>\u00a0: 100 bar<br \/>\n<\/span><\/li>\n<li><span data-sheets-value=\"{&quot;1&quot;:2,&quot;2&quot;:&quot;- Type du produit : Nettoyeur Haute Pression\\n- Marque:  Bosch\\n- Mod\u00e8le : EasyAquatak 100\\n- Puissance du moteur : 1.100 W\\n- Pression maxi : 100 bar\\n- D\u00e9bit maxi : 330 l\/h\\n- D\u00e9bit maxi : 40 \u00b0C\\n- Capacit\u00e9 d'auto-amor\u00e7age : 0.5 m\\n- Syst\u00e8me pour d\u00e9tergent : Mousse haute pression\\n- Type de moteur : S\u00e9rie\\n- Type de pompe : 3 cylindres\\n- Longueur du c\u00e2ble : 5 m\\n- Longueur du flexible : 3 m\\n-  Type de flexible : PVC\\n- Enrouleur de flexible : Manuel\\n- Enrouleur pour flexible haute pression : Non\\n- Poids (sans accessoires) : 3,0 kg\\n- Poids de l\u2019outil : 3 kg\\n- Garantie : 6 mois\\n- Condition (neuf, occasion, refurbished): Neuf&quot;}\" data-sheets-userformat=\"{&quot;2&quot;:4226,&quot;4&quot;:{&quot;1&quot;:2,&quot;2&quot;:16777215},&quot;10&quot;:2,&quot;15&quot;:&quot;Arial&quot;}\"><strong>D\u00e9bit maxi<\/strong>\u00a0: 330 l\/h<br \/>\n<\/span><\/li>\n<li><span data-sheets-value=\"{&quot;1&quot;:2,&quot;2&quot;:&quot;- Type du produit : Nettoyeur Haute Pression\\n- Marque:  Bosch\\n- Mod\u00e8le : EasyAquatak 100\\n- Puissance du moteur : 1.100 W\\n- Pression maxi : 100 bar\\n- D\u00e9bit maxi : 330 l\/h\\n- D\u00e9bit maxi : 40 \u00b0C\\n- Capacit\u00e9 d'auto-amor\u00e7age : 0.5 m\\n- Syst\u00e8me pour d\u00e9tergent : Mousse haute pression\\n- Type de moteur : S\u00e9rie\\n- Type de pompe : 3 cylindres\\n- Longueur du c\u00e2ble : 5 m\\n- Longueur du flexible : 3 m\\n-  Type de flexible : PVC\\n- Enrouleur de flexible : Manuel\\n- Enrouleur pour flexible haute pression : Non\\n- Poids (sans accessoires) : 3,0 kg\\n- Poids de l\u2019outil : 3 kg\\n- Garantie : 6 mois\\n- Condition (neuf, occasion, refurbished): Neuf&quot;}\" data-sheets-userformat=\"{&quot;2&quot;:4226,&quot;4&quot;:{&quot;1&quot;:2,&quot;2&quot;:16777215},&quot;10&quot;:2,&quot;15&quot;:&quot;Arial&quot;}\"><strong>D\u00e9bit maxi<\/strong>\u00a0: 40 \u00b0C<br \/>\n<\/span><\/li>\n<li><span data-sheets-value=\"{&quot;1&quot;:2,&quot;2&quot;:&quot;- Type du produit : Nettoyeur Haute Pression\\n- Marque:  Bosch\\n- Mod\u00e8le : EasyAquatak 100\\n- Puissance du moteur : 1.100 W\\n- Pression maxi : 100 bar\\n- D\u00e9bit maxi : 330 l\/h\\n- D\u00e9bit maxi : 40 \u00b0C\\n- Capacit\u00e9 d'auto-amor\u00e7age : 0.5 m\\n- Syst\u00e8me pour d\u00e9tergent : Mousse haute pression\\n- Type de moteur : S\u00e9rie\\n- Type de pompe : 3 cylindres\\n- Longueur du c\u00e2ble : 5 m\\n- Longueur du flexible : 3 m\\n-  Type de flexible : PVC\\n- Enrouleur de flexible : Manuel\\n- Enrouleur pour flexible haute pression : Non\\n- Poids (sans accessoires) : 3,0 kg\\n- Poids de l\u2019outil : 3 kg\\n- Garantie : 6 mois\\n- Condition (neuf, occasion, refurbished): Neuf&quot;}\" data-sheets-userformat=\"{&quot;2&quot;:4226,&quot;4&quot;:{&quot;1&quot;:2,&quot;2&quot;:16777215},&quot;10&quot;:2,&quot;15&quot;:&quot;Arial&quot;}\"><strong>Capacit\u00e9 d&#8217;auto-amor\u00e7age :<\/strong>\u00a00.5 m<br \/>\n<\/span><\/li>\n<li><span data-sheets-value=\"{&quot;1&quot;:2,&quot;2&quot;:&quot;- Type du produit : Nettoyeur Haute Pression\\n- Marque:  Bosch\\n- Mod\u00e8le : EasyAquatak 100\\n- Puissance du moteur : 1.100 W\\n- Pression maxi : 100 bar\\n- D\u00e9bit maxi : 330 l\/h\\n- D\u00e9bit maxi : 40 \u00b0C\\n- Capacit\u00e9 d'auto-amor\u00e7age : 0.5 m\\n- Syst\u00e8me pour d\u00e9tergent : Mousse haute pression\\n- Type de moteur : S\u00e9rie\\n- Type de pompe : 3 cylindres\\n- Longueur du c\u00e2ble : 5 m\\n- Longueur du flexible : 3 m\\n-  Type de flexible : PVC\\n- Enrouleur de flexible : Manuel\\n- Enrouleur pour flexible haute pression : Non\\n- Poids (sans accessoires) : 3,0 kg\\n- Poids de l\u2019outil : 3 kg\\n- Garantie : 6 mois\\n- Condition (neuf, occasion, refurbished): Neuf&quot;}\" data-sheets-userformat=\"{&quot;2&quot;:4226,&quot;4&quot;:{&quot;1&quot;:2,&quot;2&quot;:16777215},&quot;10&quot;:2,&quot;15&quot;:&quot;Arial&quot;}\"><strong>Syst\u00e8me pour d\u00e9tergent :<\/strong>\u00a0Mousse haute pression<br \/>\n<\/span><\/li>\n<li><span data-sheets-value=\"{&quot;1&quot;:2,&quot;2&quot;:&quot;- Type du produit : Nettoyeur Haute Pression\\n- Marque:  Bosch\\n- Mod\u00e8le : EasyAquatak 100\\n- Puissance du moteur : 1.100 W\\n- Pression maxi : 100 bar\\n- D\u00e9bit maxi : 330 l\/h\\n- D\u00e9bit maxi : 40 \u00b0C\\n- Capacit\u00e9 d'auto-amor\u00e7age : 0.5 m\\n- Syst\u00e8me pour d\u00e9tergent : Mousse haute pression\\n- Type de moteur : S\u00e9rie\\n- Type de pompe : 3 cylindres\\n- Longueur du c\u00e2ble : 5 m\\n- Longueur du flexible : 3 m\\n-  Type de flexible : PVC\\n- Enrouleur de flexible : Manuel\\n- Enrouleur pour flexible haute pression : Non\\n- Poids (sans accessoires) : 3,0 kg\\n- Poids de l\u2019outil : 3 kg\\n- Garantie : 6 mois\\n- Condition (neuf, occasion, refurbished): Neuf&quot;}\" data-sheets-userformat=\"{&quot;2&quot;:4226,&quot;4&quot;:{&quot;1&quot;:2,&quot;2&quot;:16777215},&quot;10&quot;:2,&quot;15&quot;:&quot;Arial&quot;}\"><strong>Type de moteur :<\/strong>\u00a0S\u00e9rie<br \/>\n<\/span><\/li>\n<li><span data-sheets-value=\"{&quot;1&quot;:2,&quot;2&quot;:&quot;- Type du produit : Nettoyeur Haute Pression\\n- Marque:  Bosch\\n- Mod\u00e8le : EasyAquatak 100\\n- Puissance du moteur : 1.100 W\\n- Pression maxi : 100 bar\\n- D\u00e9bit maxi : 330 l\/h\\n- D\u00e9bit maxi : 40 \u00b0C\\n- Capacit\u00e9 d'auto-amor\u00e7age : 0.5 m\\n- Syst\u00e8me pour d\u00e9tergent : Mousse haute pression\\n- Type de moteur : S\u00e9rie\\n- Type de pompe : 3 cylindres\\n- Longueur du c\u00e2ble : 5 m\\n- Longueur du flexible : 3 m\\n-  Type de flexible : PVC\\n- Enrouleur de flexible : Manuel\\n- Enrouleur pour flexible haute pression : Non\\n- Poids (sans accessoires) : 3,0 kg\\n- Poids de l\u2019outil : 3 kg\\n- Garantie : 6 mois\\n- Condition (neuf, occasion, refurbished): Neuf&quot;}\" data-sheets-userformat=\"{&quot;2&quot;:4226,&quot;4&quot;:{&quot;1&quot;:2,&quot;2&quot;:16777215},&quot;10&quot;:2,&quot;15&quot;:&quot;Arial&quot;}\"><strong>Type de pompe :<\/strong>\u00a03 cylindres<br \/>\n<\/span><\/li>\n<li><span data-sheets-value=\"{&quot;1&quot;:2,&quot;2&quot;:&quot;- Type du produit : Nettoyeur Haute Pression\\n- Marque:  Bosch\\n- Mod\u00e8le : EasyAquatak 100\\n- Puissance du moteur : 1.100 W\\n- Pression maxi : 100 bar\\n- D\u00e9bit maxi : 330 l\/h\\n- D\u00e9bit maxi : 40 \u00b0C\\n- Capacit\u00e9 d'auto-amor\u00e7age : 0.5 m\\n- Syst\u00e8me pour d\u00e9tergent : Mousse haute pression\\n- Type de moteur : S\u00e9rie\\n- Type de pompe : 3 cylindres\\n- Longueur du c\u00e2ble : 5 m\\n- Longueur du flexible : 3 m\\n-  Type de flexible : PVC\\n- Enrouleur de flexible : Manuel\\n- Enrouleur pour flexible haute pression : Non\\n- Poids (sans accessoires) : 3,0 kg\\n- Poids de l\u2019outil : 3 kg\\n- Garantie : 6 mois\\n- Condition (neuf, occasion, refurbished): Neuf&quot;}\" data-sheets-userformat=\"{&quot;2&quot;:4226,&quot;4&quot;:{&quot;1&quot;:2,&quot;2&quot;:16777215},&quot;10&quot;:2,&quot;15&quot;:&quot;Arial&quot;}\"><strong>Longueur du c\u00e2ble :<\/strong>\u00a05 m<br \/>\n<\/span><\/li>\n<li><span data-sheets-value=\"{&quot;1&quot;:2,&quot;2&quot;:&quot;- Type du produit : Nettoyeur Haute Pression\\n- Marque:  Bosch\\n- Mod\u00e8le : EasyAquatak 100\\n- Puissance du moteur : 1.100 W\\n- Pression maxi : 100 bar\\n- D\u00e9bit maxi : 330 l\/h\\n- D\u00e9bit maxi : 40 \u00b0C\\n- Capacit\u00e9 d'auto-amor\u00e7age : 0.5 m\\n- Syst\u00e8me pour d\u00e9tergent : Mousse haute pression\\n- Type de moteur : S\u00e9rie\\n- Type de pompe : 3 cylindres\\n- Longueur du c\u00e2ble : 5 m\\n- Longueur du flexible : 3 m\\n-  Type de flexible : PVC\\n- Enrouleur de flexible : Manuel\\n- Enrouleur pour flexible haute pression : Non\\n- Poids (sans accessoires) : 3,0 kg\\n- Poids de l\u2019outil : 3 kg\\n- Garantie : 6 mois\\n- Condition (neuf, occasion, refurbished): Neuf&quot;}\" data-sheets-userformat=\"{&quot;2&quot;:4226,&quot;4&quot;:{&quot;1&quot;:2,&quot;2&quot;:16777215},&quot;10&quot;:2,&quot;15&quot;:&quot;Arial&quot;}\"><strong>Longueur du flexible<\/strong>L\u00a0: 3 m<br \/>\n<\/span><\/li>\n<li><span data-sheets-value=\"{&quot;1&quot;:2,&quot;2&quot;:&quot;- Type du produit : Nettoyeur Haute Pression\\n- Marque:  Bosch\\n- Mod\u00e8le : EasyAquatak 100\\n- Puissance du moteur : 1.100 W\\n- Pression maxi : 100 bar\\n- D\u00e9bit maxi : 330 l\/h\\n- D\u00e9bit maxi : 40 \u00b0C\\n- Capacit\u00e9 d'auto-amor\u00e7age : 0.5 m\\n- Syst\u00e8me pour d\u00e9tergent : Mousse haute pression\\n- Type de moteur : S\u00e9rie\\n- Type de pompe : 3 cylindres\\n- Longueur du c\u00e2ble : 5 m\\n- Longueur du flexible : 3 m\\n-  Type de flexible : PVC\\n- Enrouleur de flexible : Manuel\\n- Enrouleur pour flexible haute pression : Non\\n- Poids (sans accessoires) : 3,0 kg\\n- Poids de l\u2019outil : 3 kg\\n- Garantie : 6 mois\\n- Condition (neuf, occasion, refurbished): Neuf&quot;}\" data-sheets-userformat=\"{&quot;2&quot;:4226,&quot;4&quot;:{&quot;1&quot;:2,&quot;2&quot;:16777215},&quot;10&quot;:2,&quot;15&quot;:&quot;Arial&quot;}\"><strong>Type de flexible<\/strong>\u00a0: PVC<br \/>\n<\/span><\/li>\n<li><span data-sheets-value=\"{&quot;1&quot;:2,&quot;2&quot;:&quot;- Type du produit : Nettoyeur Haute Pression\\n- Marque:  Bosch\\n- Mod\u00e8le : EasyAquatak 100\\n- Puissance du moteur : 1.100 W\\n- Pression maxi : 100 bar\\n- D\u00e9bit maxi : 330 l\/h\\n- D\u00e9bit maxi : 40 \u00b0C\\n- Capacit\u00e9 d'auto-amor\u00e7age : 0.5 m\\n- Syst\u00e8me pour d\u00e9tergent : Mousse haute pression\\n- Type de moteur : S\u00e9rie\\n- Type de pompe : 3 cylindres\\n- Longueur du c\u00e2ble : 5 m\\n- Longueur du flexible : 3 m\\n-  Type de flexible : PVC\\n- Enrouleur de flexible : Manuel\\n- Enrouleur pour flexible haute pression : Non\\n- Poids (sans accessoires) : 3,0 kg\\n- Poids de l\u2019outil : 3 kg\\n- Garantie : 6 mois\\n- Condition (neuf, occasion, refurbished): Neuf&quot;}\" data-sheets-userformat=\"{&quot;2&quot;:4226,&quot;4&quot;:{&quot;1&quot;:2,&quot;2&quot;:16777215},&quot;10&quot;:2,&quot;15&quot;:&quot;Arial&quot;}\"><strong>Enrouleur de flexible<\/strong>\u00a0: Manuel<br \/>\n<\/span><\/li>\n<li><span data-sheets-value=\"{&quot;1&quot;:2,&quot;2&quot;:&quot;- Type du produit : Nettoyeur Haute Pression\\n- Marque:  Bosch\\n- Mod\u00e8le : EasyAquatak 100\\n- Puissance du moteur : 1.100 W\\n- Pression maxi : 100 bar\\n- D\u00e9bit maxi : 330 l\/h\\n- D\u00e9bit maxi : 40 \u00b0C\\n- Capacit\u00e9 d'auto-amor\u00e7age : 0.5 m\\n- Syst\u00e8me pour d\u00e9tergent : Mousse haute pression\\n- Type de moteur : S\u00e9rie\\n- Type de pompe : 3 cylindres\\n- Longueur du c\u00e2ble : 5 m\\n- Longueur du flexible : 3 m\\n-  Type de flexible : PVC\\n- Enrouleur de flexible : Manuel\\n- Enrouleur pour flexible haute pression : Non\\n- Poids (sans accessoires) : 3,0 kg\\n- Poids de l\u2019outil : 3 kg\\n- Garantie : 6 mois\\n- Condition (neuf, occasion, refurbished): Neuf&quot;}\" data-sheets-userformat=\"{&quot;2&quot;:4226,&quot;4&quot;:{&quot;1&quot;:2,&quot;2&quot;:16777215},&quot;10&quot;:2,&quot;15&quot;:&quot;Arial&quot;}\"><strong>Enrouleur pour flexible haute pression<\/strong>\u00a0: Non<br \/>\n<\/span><\/li>\n<li><span data-sheets-value=\"{&quot;1&quot;:2,&quot;2&quot;:&quot;- Type du produit : Nettoyeur Haute Pression\\n- Marque:  Bosch\\n- Mod\u00e8le : EasyAquatak 100\\n- Puissance du moteur : 1.100 W\\n- Pression maxi : 100 bar\\n- D\u00e9bit maxi : 330 l\/h\\n- D\u00e9bit maxi : 40 \u00b0C\\n- Capacit\u00e9 d'auto-amor\u00e7age : 0.5 m\\n- Syst\u00e8me pour d\u00e9tergent : Mousse haute pression\\n- Type de moteur : S\u00e9rie\\n- Type de pompe : 3 cylindres\\n- Longueur du c\u00e2ble : 5 m\\n- Longueur du flexible : 3 m\\n-  Type de flexible : PVC\\n- Enrouleur de flexible : Manuel\\n- Enrouleur pour flexible haute pression : Non\\n- Poids (sans accessoires) : 3,0 kg\\n- Poids de l\u2019outil : 3 kg\\n- Garantie : 6 mois\\n- Condition (neuf, occasion, refurbished): Neuf&quot;}\" data-sheets-userformat=\"{&quot;2&quot;:4226,&quot;4&quot;:{&quot;1&quot;:2,&quot;2&quot;:16777215},&quot;10&quot;:2,&quot;15&quot;:&quot;Arial&quot;}\"><strong>Poids<\/strong>\u00a0(sans accessoires) : 3,0 kg<br \/>\n<\/span><\/li>\n<li><span data-sheets-value=\"{&quot;1&quot;:2,&quot;2&quot;:&quot;- Type du produit : Nettoyeur Haute Pression\\n- Marque:  Bosch\\n- Mod\u00e8le : EasyAquatak 100\\n- Puissance du moteur : 1.100 W\\n- Pression maxi : 100 bar\\n- D\u00e9bit maxi : 330 l\/h\\n- D\u00e9bit maxi : 40 \u00b0C\\n- Capacit\u00e9 d'auto-amor\u00e7age : 0.5 m\\n- Syst\u00e8me pour d\u00e9tergent : Mousse haute pression\\n- Type de moteur : S\u00e9rie\\n- Type de pompe : 3 cylindres\\n- Longueur du c\u00e2ble : 5 m\\n- Longueur du flexible : 3 m\\n-  Type de flexible : PVC\\n- Enrouleur de flexible : Manuel\\n- Enrouleur pour flexible haute pression : Non\\n- Poids (sans accessoires) : 3,0 kg\\n- Poids de l\u2019outil : 3 kg\\n- Garantie : 6 mois\\n- Condition (neuf, occasion, refurbished): Neuf&quot;}\" data-sheets-userformat=\"{&quot;2&quot;:4226,&quot;4&quot;:{&quot;1&quot;:2,&quot;2&quot;:16777215},&quot;10&quot;:2,&quot;15&quot;:&quot;Arial&quot;}\"><strong>Poids de l\u2019outil :<\/strong>\u00a03 kg<br \/>\n<\/span><\/li>\n<li><span data-sheets-value=\"{&quot;1&quot;:2,&quot;2&quot;:&quot;- Type du produit : Nettoyeur Haute Pression\\n- Marque:  Bosch\\n- Mod\u00e8le : EasyAquatak 100\\n- Puissance du moteur : 1.100 W\\n- Pression maxi : 100 bar\\n- D\u00e9bit maxi : 330 l\/h\\n- D\u00e9bit maxi : 40 \u00b0C\\n- Capacit\u00e9 d'auto-amor\u00e7age : 0.5 m\\n- Syst\u00e8me pour d\u00e9tergent : Mousse haute pression\\n- Type de moteur : S\u00e9rie\\n- Type de pompe : 3 cylindres\\n- Longueur du c\u00e2ble : 5 m\\n- Longueur du flexible : 3 m\\n-  Type de flexible : PVC\\n- Enrouleur de flexible : Manuel\\n- Enrouleur pour flexible haute pression : Non\\n- Poids (sans accessoires) : 3,0 kg\\n- Poids de l\u2019outil : 3 kg\\n- Garantie : 6 mois\\n- Condition (neuf, occasion, refurbished): Neuf&quot;}\" data-sheets-userformat=\"{&quot;2&quot;:4226,&quot;4&quot;:{&quot;1&quot;:2,&quot;2&quot;:16777215},&quot;10&quot;:2,&quot;15&quot;:&quot;Arial&quot;}\"><strong>Garantie :<\/strong>\u00a06 mois<br \/>\n<\/span><\/li>\n<li><span data-sheets-value=\"{&quot;1&quot;:2,&quot;2&quot;:&quot;- Type du produit : Nettoyeur Haute Pression\\n- Marque:  Bosch\\n- Mod\u00e8le : EasyAquatak 100\\n- Puissance du moteur : 1.100 W\\n- Pression maxi : 100 bar\\n- D\u00e9bit maxi : 330 l\/h\\n- D\u00e9bit maxi : 40 \u00b0C\\n- Capacit\u00e9 d'auto-amor\u00e7age : 0.5 m\\n- Syst\u00e8me pour d\u00e9tergent : Mousse haute pression\\n- Type de moteur : S\u00e9rie\\n- Type de pompe : 3 cylindres\\n- Longueur du c\u00e2ble : 5 m\\n- Longueur du flexible : 3 m\\n-  Type de flexible : PVC\\n- Enrouleur de flexible : Manuel\\n- Enrouleur pour flexible haute pression : Non\\n- Poids (sans accessoires) : 3,0 kg\\n- Poids de l\u2019outil : 3 kg\\n- Garantie : 6 mois\\n- Condition (neuf, occasion, refurbished): Neuf&quot;}\" data-sheets-userformat=\"{&quot;2&quot;:4226,&quot;4&quot;:{&quot;1&quot;:2,&quot;2&quot;:16777215},&quot;10&quot;:2,&quot;15&quot;:&quot;Arial&quot;}\"><strong>Condition<\/strong>\u00a0(neuf, occasion, refurbished): Neuf<\/span><\/li>\n<\/ul>\n","protected":false},"featured_media":8275,"comment_status":"open","ping_status":"closed","template":"","meta":{"_bst_post_transparent":"","_bst_post_title":"","_bst_post_layout":"","_bst_post_sidebar_id":"","_bst_post_content_style":"","_bst_post_vertical_padding":"","_bst_post_feature":"","_bst_post_feature_position":"","_bst_post_header":false,"_bst_post_footer":false},"product_brand":[],"product_cat":[156],"product_tag":[],"product_brands":[],"class_list":{"0":"post-9081","1":"product","2":"type-product","3":"status-publish","4":"has-post-thumbnail","6":"product_cat-outillages-et-petits-materiels-a-main","8":"first","9":"instock","10":"shipping-taxable","11":"purchasable","12":"product-type-simple","13":"entry","14":"content-bg","15":"loop-entry"},"_links":{"self":[{"href":"https:\/\/anopri.com\/index.php?rest_route=\/wp\/v2\/product\/9081","targetHints":{"allow":["GET"]}}],"collection":[{"href":"https:\/\/anopri.com\/index.php?rest_route=\/wp\/v2\/product"}],"about":[{"href":"https:\/\/anopri.com\/index.php?rest_route=\/wp\/v2\/types\/product"}],"replies":[{"embeddable":true,"href":"https:\/\/anopri.com\/index.php?rest_route=%2Fwp%2Fv2%2Fcomments&post=9081"}],"wp:featuredmedia":[{"embeddable":true,"href":"https:\/\/anopri.com\/index.php?rest_route=\/wp\/v2\/media\/8275"}],"wp:attachment":[{"href":"https:\/\/anopri.com\/index.php?rest_route=%2Fwp%2Fv2%2Fmedia&parent=9081"}],"wp:term":[{"taxonomy":"product_brand","embeddable":true,"href":"https:\/\/anopri.com\/index.php?rest_route=%2Fwp%2Fv2%2Fproduct_brand&post=9081"},{"taxonomy":"product_cat","embeddable":true,"href":"https:\/\/anopri.com\/index.php?rest_route=%2Fwp%2Fv2%2Fproduct_cat&post=9081"},{"taxonomy":"product_tag","embeddable":true,"href":"https:\/\/anopri.com\/index.php?rest_route=%2Fwp%2Fv2%2Fproduct_tag&post=9081"},{"taxonomy":"product_brands","embeddable":true,"href":"https:\/\/anopri.com\/index.php?rest_route=%2Fwp%2Fv2%2Fproduct_brands&post=9081"}],"curies":[{"name":"wp","href":"https:\/\/api.w.org\/{rel}","templated":true}]}}