{"id":9044,"date":"2026-04-25T13:07:01","date_gmt":"2026-04-25T13:07:01","guid":{"rendered":"https:\/\/anopri.com\/?post_type=product&#038;p=9044"},"modified":"2026-04-25T13:07:03","modified_gmt":"2026-04-25T13:07:03","slug":"mixeur-robot-silver-crist-star-scs-833-6000w","status":"publish","type":"product","link":"https:\/\/anopri.com\/?product=mixeur-robot-silver-crist-star-scs-833-6000w","title":{"rendered":"Mixeur robot  SILVER CRIST STAR SCS-833 6000w"},"content":{"rendered":"<p>Anopri met a votre disposition Le mixeur Silvert crist. Equip\u00e9 des technologie innovante qui offrent une puissance imbattable avec des lames qui pulv\u00e9risent et \u00e9crasent la glace, les fruits et l\u00e9gumes entiers en quelques secondes. Profitez de boissons fra\u00eeches \u00e0 tout moment et en tout lieu. Pr\u00e9parez des shakes et des smoothies sains, des boissons prot\u00e9in\u00e9es sportives, de la pur\u00e9e d\u2019aliments pour b\u00e9b\u00e9, des jus de fruits et de l\u00e9gumes, moudre du caf\u00e9, des noix, des \u00e9pices et des haricots\u2026<\/p>\n","protected":false},"excerpt":{"rendered":"<ul>\n<li>\n<h3>Marque: SILVER CRIST<\/h3>\n<\/li>\n<li>\n<h3>Mod\u00e8le: scs-833<\/h3>\n<\/li>\n<li>\n<h3>Volume: 2.2L<\/h3>\n<\/li>\n<li>\n<h3>Puissance: 6000 w<\/h3>\n<\/li>\n<li>\n<h3>Tension d\u2019alimentation: 220-240 v<\/h3>\n<\/li>\n<li>\n<h3>Fr\u00e9quence: 50-60 Hz<\/h3>\n<\/li>\n<li>\n<h3><\/h3>\n<\/li>\n<\/ul>\n","protected":false},"featured_media":8206,"comment_status":"open","ping_status":"closed","template":"","meta":{"_bst_post_transparent":"","_bst_post_title":"","_bst_post_layout":"","_bst_post_sidebar_id":"","_bst_post_content_style":"","_bst_post_vertical_padding":"","_bst_post_feature":"","_bst_post_feature_position":"","_bst_post_header":false,"_bst_post_footer":false},"product_brand":[],"product_cat":[182],"product_tag":[],"product_brands":[],"class_list":{"0":"post-9044","1":"product","2":"type-product","3":"status-publish","4":"has-post-thumbnail","6":"product_cat-mixeurs-blenders","8":"first","9":"instock","10":"shipping-taxable","11":"purchasable","12":"product-type-simple","13":"entry","14":"content-bg","15":"loop-entry"},"_links":{"self":[{"href":"https:\/\/anopri.com\/index.php?rest_route=\/wp\/v2\/product\/9044","targetHints":{"allow":["GET"]}}],"collection":[{"href":"https:\/\/anopri.com\/index.php?rest_route=\/wp\/v2\/product"}],"about":[{"href":"https:\/\/anopri.com\/index.php?rest_route=\/wp\/v2\/types\/product"}],"replies":[{"embeddable":true,"href":"https:\/\/anopri.com\/index.php?rest_route=%2Fwp%2Fv2%2Fcomments&post=9044"}],"wp:featuredmedia":[{"embeddable":true,"href":"https:\/\/anopri.com\/index.php?rest_route=\/wp\/v2\/media\/8206"}],"wp:attachment":[{"href":"https:\/\/anopri.com\/index.php?rest_route=%2Fwp%2Fv2%2Fmedia&parent=9044"}],"wp:term":[{"taxonomy":"product_brand","embeddable":true,"href":"https:\/\/anopri.com\/index.php?rest_route=%2Fwp%2Fv2%2Fproduct_brand&post=9044"},{"taxonomy":"product_cat","embeddable":true,"href":"https:\/\/anopri.com\/index.php?rest_route=%2Fwp%2Fv2%2Fproduct_cat&post=9044"},{"taxonomy":"product_tag","embeddable":true,"href":"https:\/\/anopri.com\/index.php?rest_route=%2Fwp%2Fv2%2Fproduct_tag&post=9044"},{"taxonomy":"product_brands","embeddable":true,"href":"https:\/\/anopri.com\/index.php?rest_route=%2Fwp%2Fv2%2Fproduct_brands&post=9044"}],"curies":[{"name":"wp","href":"https:\/\/api.w.org\/{rel}","templated":true}]}}