{"id":9019,"date":"2026-04-25T13:06:53","date_gmt":"2026-04-25T13:06:53","guid":{"rendered":"https:\/\/anopri.com\/?post_type=product&#038;p=9019"},"modified":"2026-04-25T13:06:55","modified_gmt":"2026-04-25T13:06:55","slug":"ventilateur-oscillant-power-king-pk-1602-16","status":"publish","type":"product","link":"https:\/\/anopri.com\/?product=ventilateur-oscillant-power-king-pk-1602-16","title":{"rendered":"Ventilateur oscillant Power King PK-1602 -16&#8243;"},"content":{"rendered":"<p>Con\u00e7u par la marque PAWER KING, optez pour un ventilateur de qualit\u00e9. Il se fixe au plafond du bureau ou de la chambre \u00e0 coucher, de mani\u00e8re s\u00e9curis\u00e9. C\u2019est un produit qui embarque 3 pales pour une puissance de 60 watts. Son fonctionnement quasi silencieux en fait un appareil remarquable.<\/p>\n","protected":false},"excerpt":{"rendered":"<p>Marque : POWER KING<br \/>\nVentilateur \u00e0 3 Vitesses<br \/>\nPuissance 60 watts<br \/>\nOscillation \u00e0 360 degr\u00e9s<br \/>\nTension 220V<br \/>\nFr\u00e9quence 60HZ\/50HZ<br \/>\nInterrupteur Mural : Oui<br \/>\nComposition du Produit : M\u00e9tal, Plastique<br \/>\nLieux d\u2019utilisation : chambres \u00e0 coucher, entrep\u00f4ts, restaurants, salles de sport, salons et divers\u00a0ateliers.<\/p>\n","protected":false},"featured_media":8119,"comment_status":"open","ping_status":"closed","template":"","meta":{"_bst_post_transparent":"","_bst_post_title":"","_bst_post_layout":"","_bst_post_sidebar_id":"","_bst_post_content_style":"","_bst_post_vertical_padding":"","_bst_post_feature":"","_bst_post_feature_position":"","_bst_post_header":false,"_bst_post_footer":false},"product_brand":[],"product_cat":[160,158],"product_tag":[],"product_brands":[],"class_list":{"0":"post-9019","1":"product","2":"type-product","3":"status-publish","4":"has-post-thumbnail","6":"product_cat-climatiseurs-ventilateurs","7":"product_cat-ventilateur","9":"first","10":"instock","11":"shipping-taxable","12":"purchasable","13":"product-type-simple","14":"entry","15":"content-bg","16":"loop-entry"},"_links":{"self":[{"href":"https:\/\/anopri.com\/index.php?rest_route=\/wp\/v2\/product\/9019","targetHints":{"allow":["GET"]}}],"collection":[{"href":"https:\/\/anopri.com\/index.php?rest_route=\/wp\/v2\/product"}],"about":[{"href":"https:\/\/anopri.com\/index.php?rest_route=\/wp\/v2\/types\/product"}],"replies":[{"embeddable":true,"href":"https:\/\/anopri.com\/index.php?rest_route=%2Fwp%2Fv2%2Fcomments&post=9019"}],"wp:featuredmedia":[{"embeddable":true,"href":"https:\/\/anopri.com\/index.php?rest_route=\/wp\/v2\/media\/8119"}],"wp:attachment":[{"href":"https:\/\/anopri.com\/index.php?rest_route=%2Fwp%2Fv2%2Fmedia&parent=9019"}],"wp:term":[{"taxonomy":"product_brand","embeddable":true,"href":"https:\/\/anopri.com\/index.php?rest_route=%2Fwp%2Fv2%2Fproduct_brand&post=9019"},{"taxonomy":"product_cat","embeddable":true,"href":"https:\/\/anopri.com\/index.php?rest_route=%2Fwp%2Fv2%2Fproduct_cat&post=9019"},{"taxonomy":"product_tag","embeddable":true,"href":"https:\/\/anopri.com\/index.php?rest_route=%2Fwp%2Fv2%2Fproduct_tag&post=9019"},{"taxonomy":"product_brands","embeddable":true,"href":"https:\/\/anopri.com\/index.php?rest_route=%2Fwp%2Fv2%2Fproduct_brands&post=9019"}],"curies":[{"name":"wp","href":"https:\/\/api.w.org\/{rel}","templated":true}]}}