{"id":9014,"date":"2026-04-25T13:06:53","date_gmt":"2026-04-25T13:06:53","guid":{"rendered":"https:\/\/anopri.com\/?post_type=product&#038;p=9014"},"modified":"2026-04-25T13:06:55","modified_gmt":"2026-04-25T13:06:55","slug":"haut-parleur-professionnel-portable-et-rechargeable-krypton-knms5197","status":"publish","type":"product","link":"https:\/\/anopri.com\/?product=haut-parleur-professionnel-portable-et-rechargeable-krypton-knms5197","title":{"rendered":"Haut-parleur professionnel portable et rechargeable Krypton KNMS5197"},"content":{"rendered":"<p>Apportez votre f\u00eate \u00e0 la maison avec notre nouveau haut-parleur de f\u00eate portable et rechargeable.\u00a0Notre haut-parleur est fabriqu\u00e9 avec des piles au lithium rechargeables et dispose d&#8217;une connectivit\u00e9 Bluetooth qui vous permet de vous connecter \u00e0 n&#8217;importe quel appareil autour de la diffusion de musique instantan\u00e9ment.\u00a0Le haut-parleur dispose de plusieurs modes d&#8217;entr\u00e9e tels que USB, fente pour carte TF et entr\u00e9e AUX 3,5 mm.\u00a0Il poss\u00e8de \u00e0 la fois les fonctions TWS et Bluetooth, ce qui le rend polyvalent.\u00a0Une fonction d&#8217;enregistrement, un microphone sans fil, une radio FM et une t\u00e9l\u00e9commande compl\u00e8te font partie des extras.\u00a0Il peut \u00eatre utilis\u00e9 pour les f\u00eates int\u00e9rieures et ext\u00e9rieures, les activit\u00e9s de plein air, les campagnes et autres formes de divertissement.\u00a0L&#8217;enceinte dispose \u00e9galement d&#8217;une lumi\u00e8re LED \u00e9blouissante \u00e0 grand cercle, qui cr\u00e9e une ambiance de f\u00eate chez vous en un seul clic.\u00a0La t\u00e9l\u00e9commande facilite le contr\u00f4le des fonctions.\u00a0La batterie rechargeable int\u00e9gr\u00e9e 7.\u00a0La batterie au lithium 4V\/3600mAh fournit une sauvegarde suffisante pour profiter de votre f\u00eate et jouer de la musique lorsqu&#8217;il n&#8217;y a pas de prise de courant.\u00a0Le woofer produit de la musique basse fr\u00e9quence et mesure 6,5&#8243; x 2. Le tweeter produit de la musique haute fr\u00e9quence et mesure 2&#8243;.\u00a0Le produit a des effets d&#8217;aigus, de basses, d&#8217;\u00e9cho et de volume de microphone.\u00a0L&#8217;\u00e9l\u00e9gant haut-parleur de f\u00eate noir a une capacit\u00e9 de diffusion in\u00e9gal\u00e9e et peut donner vie \u00e0 n&#8217;importe quelle f\u00eate.\u00a0Il p\u00e8se 5,6 kg.<\/p>\n","protected":false},"excerpt":{"rendered":"<div class=\"ant-col ant-col-24\"><span class=\"ant-typography product-description_mrp-label__2x-tH\"><strong>CARACT\u00c9RISTIQUES<\/strong><\/span><\/div>\n<div class=\"ant-col ant-col-24\">\n<div class=\"ant-row\">\n<div class=\"ant-col ant-col-1 ant-col-xs-2 ant-col-lg-1\">\n<div class=\"product-description_flex-center__3qqod\"><\/div>\n<\/div>\n<div class=\"ant-col ant-col-23 ant-col-xs-22 ant-col-lg-23\"><span class=\"ant-typography\">Enceinte de f\u00eate portable et rechargeable.<\/span><\/div>\n<\/div>\n<\/div>\n<div class=\"ant-col ant-col-24\">\n<div class=\"ant-row\">\n<div class=\"ant-col ant-col-1 ant-col-xs-2 ant-col-lg-1\">\n<div class=\"product-description_flex-center__3qqod\"><\/div>\n<\/div>\n<div class=\"ant-col ant-col-23 ant-col-xs-22 ant-col-lg-23\"><span class=\"ant-typography\">Modes d&#8217;entr\u00e9e : USB, fente pour carte TF, AUX 3,5 mm.<\/span><\/div>\n<\/div>\n<\/div>\n<div class=\"ant-col ant-col-24\">\n<div class=\"ant-row\">\n<div class=\"ant-col ant-col-1 ant-col-xs-2 ant-col-lg-1\">\n<div class=\"product-description_flex-center__3qqod\"><\/div>\n<\/div>\n<div class=\"ant-col ant-col-23 ant-col-xs-22 ant-col-lg-23\"><span class=\"ant-typography\">Fonction Bluetooth et TWS.<\/span><\/div>\n<\/div>\n<\/div>\n<div class=\"ant-col ant-col-24\">\n<div class=\"ant-row\">\n<div class=\"ant-col ant-col-1 ant-col-xs-2 ant-col-lg-1\">\n<div class=\"product-description_flex-center__3qqod\"><\/div>\n<\/div>\n<div class=\"ant-col ant-col-23 ant-col-xs-22 ant-col-lg-23\"><span class=\"ant-typography\">Lumi\u00e8re LED \u00e9blouissante \u00e0 grand cercle avec interrupteur marche\/arr\u00eat.<\/span><\/div>\n<\/div>\n<\/div>\n<div class=\"ant-col ant-col-24\">\n<div class=\"ant-row\">\n<div class=\"ant-col ant-col-1 ant-col-xs-2 ant-col-lg-1\">\n<div class=\"product-description_flex-center__3qqod\"><\/div>\n<\/div>\n<div class=\"ant-col ant-col-23 ant-col-xs-22 ant-col-lg-23\"><span class=\"ant-typography\">PMPO 50000W<\/span><\/div>\n<\/div>\n<\/div>\n<div class=\"ant-col ant-col-24\">\n<div class=\"ant-row\">\n<div class=\"ant-col ant-col-1 ant-col-xs-2 ant-col-lg-1\">\n<div class=\"product-description_flex-center__3qqod\"><\/div>\n<\/div>\n<div class=\"ant-col ant-col-23 ant-col-xs-22 ant-col-lg-23\"><span class=\"ant-typography\">Radio FM, microphone sans fil et fonction d&#8217;enregistrement avec t\u00e9l\u00e9commande compl\u00e8te.<\/span><\/div>\n<\/div>\n<\/div>\n<div class=\"ant-col ant-col-24\">\n<div class=\"ant-row\">\n<div class=\"ant-col ant-col-1 ant-col-xs-2 ant-col-lg-1\">\n<div class=\"product-description_flex-center__3qqod\"><\/div>\n<\/div>\n<div class=\"ant-col ant-col-23 ant-col-xs-22 ant-col-lg-23\"><span class=\"ant-typography\">Batterie au lithium rechargeable int\u00e9gr\u00e9e de 7,4 V\/3 600 mAh.<\/span><\/div>\n<\/div>\n<\/div>\n<div class=\"ant-col ant-col-24\">\n<div class=\"ant-row\">\n<div class=\"ant-col ant-col-1 ant-col-xs-2 ant-col-lg-1\">\n<div class=\"product-description_flex-center__3qqod\"><\/div>\n<\/div>\n<div class=\"ant-col ant-col-23 ant-col-xs-22 ant-col-lg-23\"><span class=\"ant-typography\">Prise d&#8217;entr\u00e9e micro *2<\/span><\/div>\n<\/div>\n<\/div>\n<div class=\"ant-col ant-col-24\">\n<div class=\"ant-row\">\n<div class=\"ant-col ant-col-1 ant-col-xs-2 ant-col-lg-1\">\n<div class=\"product-description_flex-center__3qqod\"><\/div>\n<\/div>\n<div class=\"ant-col ant-col-23 ant-col-xs-22 ant-col-lg-23\"><span class=\"ant-typography\">S\u00e9lection du mode\u00a0: FM\/Ligne\/USB\/TF\/Bluetooth<\/span><\/div>\n<\/div>\n<\/div>\n<div class=\"ant-col ant-col-24\">\n<div class=\"ant-row\">\n<div class=\"ant-col ant-col-1 ant-col-xs-2 ant-col-lg-1\">\n<div class=\"product-description_flex-center__3qqod\"><\/div>\n<\/div>\n<div class=\"ant-col ant-col-23 ant-col-xs-22 ant-col-lg-23\"><span class=\"ant-typography\">Contr\u00f4le du menu\u00a0: ajustez l&#8217;effet de volume des aigus\/basses\/\u00e9cho\/microphone<\/span><\/div>\n<\/div>\n<\/div>\n<div class=\"ant-col ant-col-24\">\n<div class=\"ant-row\">\n<div class=\"ant-col ant-col-1 ant-col-xs-2 ant-col-lg-1\">\n<div class=\"product-description_flex-center__3qqod\"><\/div>\n<\/div>\n<div class=\"ant-col ant-col-23 ant-col-xs-22 ant-col-lg-23\"><span class=\"ant-typography\">Haut-parleur de graves\u00a0: 6,5&#8243;\u00a0X2.<\/span><\/div>\n<\/div>\n<\/div>\n<div class=\"ant-col ant-col-24\">\n<div class=\"ant-row\">\n<div class=\"ant-col ant-col-1 ant-col-xs-2 ant-col-lg-1\">\n<div class=\"product-description_flex-center__3qqod\"><\/div>\n<\/div>\n<div class=\"ant-col ant-col-23 ant-col-xs-22 ant-col-lg-23\"><span class=\"ant-typography\">Tweeter : 2&#8243;<\/span><\/div>\n<\/div>\n<\/div>\n<div class=\"ant-col ant-col-24\">\n<div class=\"ant-row\">\n<div class=\"ant-col ant-col-1 ant-col-xs-2 ant-col-lg-1\">\n<div class=\"product-description_flex-center__3qqod\"><\/div>\n<\/div>\n<div class=\"ant-col ant-col-23 ant-col-xs-22 ant-col-lg-23\"><span class=\"ant-typography\">Entr\u00e9e : CA 110-240V 50-60Hz.<\/span><\/div>\n<\/div>\n<\/div>\n<div class=\"ant-col ant-col-24\">\n<div class=\"ant-row\">\n<div class=\"ant-col ant-col-1 ant-col-xs-2 ant-col-lg-1\">\n<div class=\"product-description_flex-center__3qqod\"><\/div>\n<\/div>\n<div class=\"ant-col ant-col-23 ant-col-xs-22 ant-col-lg-23\"><span class=\"ant-typography\">Sortie\u00a0:\u00a0CC 9\u00a0V\u00a02\u00a0A<\/span><\/div>\n<\/div>\n<\/div>\n<div class=\"ant-col ant-col-24\">\n<div class=\"ant-row\">\n<div class=\"ant-col ant-col-1 ant-col-xs-2 ant-col-lg-1\">\n<div class=\"product-description_flex-center__3qqod\"><\/div>\n<\/div>\n<div class=\"ant-col ant-col-23 ant-col-xs-22 ant-col-lg-23\"><span class=\"ant-typography\">Couleur du produit : Noir<\/span><\/div>\n<\/div>\n<\/div>\n<div class=\"ant-col ant-col-24\">\n<div class=\"ant-row\">\n<div class=\"ant-col ant-col-1 ant-col-xs-2 ant-col-lg-1\">\n<div class=\"product-description_flex-center__3qqod\"><\/div>\n<\/div>\n<div class=\"ant-col ant-col-23 ant-col-xs-22 ant-col-lg-23\"><span class=\"ant-typography\">Poids du produit\u00a0: 5,6\u00a0kg<\/span><\/div>\n<\/div>\n<\/div>\n","protected":false},"featured_media":8107,"comment_status":"open","ping_status":"closed","template":"","meta":{"_bst_post_transparent":"","_bst_post_title":"","_bst_post_layout":"","_bst_post_sidebar_id":"","_bst_post_content_style":"","_bst_post_vertical_padding":"","_bst_post_feature":"","_bst_post_feature_position":"","_bst_post_header":false,"_bst_post_footer":false},"product_brand":[],"product_cat":[147,142,162],"product_tag":[],"product_brands":[],"class_list":{"0":"post-9014","1":"product","2":"type-product","3":"status-publish","4":"has-post-thumbnail","6":"product_cat-audio-hifi","7":"product_cat-electronique","8":"product_cat-enceinte-bluetooth","10":"first","11":"instock","12":"shipping-taxable","13":"purchasable","14":"product-type-simple","15":"entry","16":"content-bg","17":"loop-entry"},"_links":{"self":[{"href":"https:\/\/anopri.com\/index.php?rest_route=\/wp\/v2\/product\/9014","targetHints":{"allow":["GET"]}}],"collection":[{"href":"https:\/\/anopri.com\/index.php?rest_route=\/wp\/v2\/product"}],"about":[{"href":"https:\/\/anopri.com\/index.php?rest_route=\/wp\/v2\/types\/product"}],"replies":[{"embeddable":true,"href":"https:\/\/anopri.com\/index.php?rest_route=%2Fwp%2Fv2%2Fcomments&post=9014"}],"wp:featuredmedia":[{"embeddable":true,"href":"https:\/\/anopri.com\/index.php?rest_route=\/wp\/v2\/media\/8107"}],"wp:attachment":[{"href":"https:\/\/anopri.com\/index.php?rest_route=%2Fwp%2Fv2%2Fmedia&parent=9014"}],"wp:term":[{"taxonomy":"product_brand","embeddable":true,"href":"https:\/\/anopri.com\/index.php?rest_route=%2Fwp%2Fv2%2Fproduct_brand&post=9014"},{"taxonomy":"product_cat","embeddable":true,"href":"https:\/\/anopri.com\/index.php?rest_route=%2Fwp%2Fv2%2Fproduct_cat&post=9014"},{"taxonomy":"product_tag","embeddable":true,"href":"https:\/\/anopri.com\/index.php?rest_route=%2Fwp%2Fv2%2Fproduct_tag&post=9014"},{"taxonomy":"product_brands","embeddable":true,"href":"https:\/\/anopri.com\/index.php?rest_route=%2Fwp%2Fv2%2Fproduct_brands&post=9014"}],"curies":[{"name":"wp","href":"https:\/\/api.w.org\/{rel}","templated":true}]}}