{"id":8955,"date":"2026-04-25T13:06:38","date_gmt":"2026-04-25T13:06:38","guid":{"rendered":"https:\/\/anopri.com\/?post_type=product&#038;p=8955"},"modified":"2026-04-25T13:06:41","modified_gmt":"2026-04-25T13:06:41","slug":"tv-led-lg-32-32lj520u","status":"publish","type":"product","link":"https:\/\/anopri.com\/?product=tv-led-lg-32-32lj520u","title":{"rendered":"TV LED LG 32&#8243;-32LJ520U"},"content":{"rendered":"<p>Dynamic Color rend les couleurs plus vives et plus nettes. Cette technologie de traitement de la couleur de derni\u00e8re g\u00e9n\u00e9ration vous donne une image naturelle. L\u2019effet de son surround de LG semble recr\u00e9er les sons. Sans avoir besoin d\u2019\u00e9quipement suppl\u00e9mentaire, b\u00e9n\u00e9ficiez d\u2019un son surround immersif uniquement gr\u00e2ce aux haut-parleurs de votre t\u00e9l\u00e9viseur.<\/p>\n","protected":false},"excerpt":{"rendered":"<p>Marque : LG<\/p>\n<p>Mod\u00e8le : 32LJ520U<\/p>\n<p>Ecran : 32 pouces<\/p>\n<p>R\u00e9solution : HD 1366 x 768<\/p>\n<p>Sortie audio : 6 Watts<\/p>\n<p>Connectivit\u00e9 : 2 x HDMI, 1 x USB<\/p>\n","protected":false},"featured_media":7731,"comment_status":"open","ping_status":"closed","template":"","meta":{"_bst_post_transparent":"","_bst_post_title":"","_bst_post_layout":"","_bst_post_sidebar_id":"","_bst_post_content_style":"","_bst_post_vertical_padding":"","_bst_post_feature":"","_bst_post_feature_position":"","_bst_post_header":false,"_bst_post_footer":false},"product_brand":[],"product_cat":[142,143,177],"product_tag":[],"product_brands":[],"class_list":{"0":"post-8955","1":"product","2":"type-product","3":"status-publish","4":"has-post-thumbnail","6":"product_cat-electronique","7":"product_cat-television","8":"product_cat-televisions-led","10":"first","11":"instock","12":"sale","13":"shipping-taxable","14":"purchasable","15":"product-type-simple","16":"entry","17":"content-bg","18":"loop-entry"},"_links":{"self":[{"href":"https:\/\/anopri.com\/index.php?rest_route=\/wp\/v2\/product\/8955","targetHints":{"allow":["GET"]}}],"collection":[{"href":"https:\/\/anopri.com\/index.php?rest_route=\/wp\/v2\/product"}],"about":[{"href":"https:\/\/anopri.com\/index.php?rest_route=\/wp\/v2\/types\/product"}],"replies":[{"embeddable":true,"href":"https:\/\/anopri.com\/index.php?rest_route=%2Fwp%2Fv2%2Fcomments&post=8955"}],"wp:featuredmedia":[{"embeddable":true,"href":"https:\/\/anopri.com\/index.php?rest_route=\/wp\/v2\/media\/7731"}],"wp:attachment":[{"href":"https:\/\/anopri.com\/index.php?rest_route=%2Fwp%2Fv2%2Fmedia&parent=8955"}],"wp:term":[{"taxonomy":"product_brand","embeddable":true,"href":"https:\/\/anopri.com\/index.php?rest_route=%2Fwp%2Fv2%2Fproduct_brand&post=8955"},{"taxonomy":"product_cat","embeddable":true,"href":"https:\/\/anopri.com\/index.php?rest_route=%2Fwp%2Fv2%2Fproduct_cat&post=8955"},{"taxonomy":"product_tag","embeddable":true,"href":"https:\/\/anopri.com\/index.php?rest_route=%2Fwp%2Fv2%2Fproduct_tag&post=8955"},{"taxonomy":"product_brands","embeddable":true,"href":"https:\/\/anopri.com\/index.php?rest_route=%2Fwp%2Fv2%2Fproduct_brands&post=8955"}],"curies":[{"name":"wp","href":"https:\/\/api.w.org\/{rel}","templated":true}]}}