{"id":8942,"date":"2026-04-25T13:06:30","date_gmt":"2026-04-25T13:06:30","guid":{"rendered":"https:\/\/anopri.com\/?post_type=product&#038;p=8942"},"modified":"2026-04-25T13:06:35","modified_gmt":"2026-04-25T13:06:35","slug":"ventilateur-de-table-rechargeable-6%e2%80%b3-avec-lumiere-crs-608","status":"publish","type":"product","link":"https:\/\/anopri.com\/?product=ventilateur-de-table-rechargeable-6%e2%80%b3-avec-lumiere-crs-608","title":{"rendered":"VENTILATEUR DE TABLE RECHARGEABLE  6\u2033 AVEC LUMI\u00c8RE-CRS 608"},"content":{"rendered":"<p>Restez au frais pendant vos voyages cet \u00e9t\u00e9 avec le ventilateur rechargeable Wanderer de 6 pouces.\u00a0Ce ventilateur est parfait pour la voiture, la caravane, la tente ou la maison.\u00a0Il peut fonctionner sur courant alternatif ou continu ou via la batterie au lithium rechargeable int\u00e9gr\u00e9e qui le rend parfait pour toutes vos aventures.\u00a0Il a des r\u00e9glages de vitesse \u00e9lev\u00e9e et basse et est livr\u00e9 avec tous les cordons n\u00e9cessaires au fonctionnement et \u00e0 la recharge.\u00a0Le ventilateur rechargeable de 6 pouces de Wanderer est le compagnon id\u00e9al pour vous garder au frais en plein air cet \u00e9t\u00e9\u00a0!<\/p>\n","protected":false},"excerpt":{"rendered":"<ul>\n<li>4 x lumi\u00e8res LED blanches (sur le dessus) avec interrupteur marche\/arr\u00eat<\/li>\n<li>Peut fonctionner en mode AC ou DC<\/li>\n<li>Protections contre les surcharges et les d\u00e9charges excessives<\/li>\n<li>1 batterie au lithium 7,4 V 2 Ah.<\/li>\n<li>2 x indicateurs LED de charge et d&#8217;alimentation<\/li>\n<li>1 x commutateur de vitesses HAUTE\/ARR\u00caT\/BASSE<\/li>\n<li>1 x interrupteur AC\/DC<\/li>\n<li>1 c\u00e2ble, prise et fiche SAA AC240V de 1,0\u00a0M<\/li>\n<li>1 x 1.8M DC12V 5A adaptateur de charge de prise de voiture \u00e0 fusible avec indicateur d&#8217;alimentation &#8211; pour le fonctionnement direct et la charge<\/li>\n<li>Bo\u00eetier en plastique ABS<\/li>\n<\/ul>\n","protected":false},"featured_media":7697,"comment_status":"closed","ping_status":"closed","template":"","meta":{"_bst_post_transparent":"","_bst_post_title":"","_bst_post_layout":"","_bst_post_sidebar_id":"","_bst_post_content_style":"","_bst_post_vertical_padding":"","_bst_post_feature":"","_bst_post_feature_position":"","_bst_post_header":false,"_bst_post_footer":false},"product_brand":[],"product_cat":[160,158],"product_tag":[],"product_brands":[],"class_list":{"0":"post-8942","1":"product","2":"type-product","3":"status-publish","4":"has-post-thumbnail","6":"product_cat-climatiseurs-ventilateurs","7":"product_cat-ventilateur","9":"first","10":"instock","11":"shipping-taxable","12":"purchasable","13":"product-type-simple","14":"entry","15":"content-bg","16":"loop-entry"},"_links":{"self":[{"href":"https:\/\/anopri.com\/index.php?rest_route=\/wp\/v2\/product\/8942","targetHints":{"allow":["GET"]}}],"collection":[{"href":"https:\/\/anopri.com\/index.php?rest_route=\/wp\/v2\/product"}],"about":[{"href":"https:\/\/anopri.com\/index.php?rest_route=\/wp\/v2\/types\/product"}],"replies":[{"embeddable":true,"href":"https:\/\/anopri.com\/index.php?rest_route=%2Fwp%2Fv2%2Fcomments&post=8942"}],"wp:featuredmedia":[{"embeddable":true,"href":"https:\/\/anopri.com\/index.php?rest_route=\/wp\/v2\/media\/7697"}],"wp:attachment":[{"href":"https:\/\/anopri.com\/index.php?rest_route=%2Fwp%2Fv2%2Fmedia&parent=8942"}],"wp:term":[{"taxonomy":"product_brand","embeddable":true,"href":"https:\/\/anopri.com\/index.php?rest_route=%2Fwp%2Fv2%2Fproduct_brand&post=8942"},{"taxonomy":"product_cat","embeddable":true,"href":"https:\/\/anopri.com\/index.php?rest_route=%2Fwp%2Fv2%2Fproduct_cat&post=8942"},{"taxonomy":"product_tag","embeddable":true,"href":"https:\/\/anopri.com\/index.php?rest_route=%2Fwp%2Fv2%2Fproduct_tag&post=8942"},{"taxonomy":"product_brands","embeddable":true,"href":"https:\/\/anopri.com\/index.php?rest_route=%2Fwp%2Fv2%2Fproduct_brands&post=8942"}],"curies":[{"name":"wp","href":"https:\/\/api.w.org\/{rel}","templated":true}]}}