{"id":8895,"date":"2026-04-25T13:06:19","date_gmt":"2026-04-25T13:06:19","guid":{"rendered":"https:\/\/anopri.com\/?post_type=product&#038;p=8895"},"modified":"2026-04-25T13:06:21","modified_gmt":"2026-04-25T13:06:21","slug":"regulateur-de-tension-akai-1000w","status":"publish","type":"product","link":"https:\/\/anopri.com\/?product=regulateur-de-tension-akai-1000w","title":{"rendered":"R\u00e9gulateur de Tension AKAI 1000W"},"content":{"rendered":"","protected":false},"excerpt":{"rendered":"<ul class=\"caract\" data-value=\" Type de produit : R\u00e9gulateur de tension automatique, Mod\u00e8le : LW-AVR003A, Entr\u00e9e : 140 ~ 260 Vac, Sortie : 220\/110 Vac, Fr\u00e9quence : 50\/60 Hz, D\u00e9lai : 3 ~ 5 secondes \/ 2 ~ 3 minutes\">\n<li>Type de produit : R\u00e9gulateur de tension automatique<\/li>\n<li>Mod\u00e8le : LW-AVR003A<\/li>\n<li>Entr\u00e9e : 140 ~ 260 Vac<\/li>\n<li>Sortie : 220\/110 Vac<\/li>\n<li>Fr\u00e9quence : 50\/60 Hz<\/li>\n<li>D\u00e9lai : 3 ~ 5 secondes \/ 2 ~ 3 minutes<\/li>\n<\/ul>\n","protected":false},"featured_media":7555,"comment_status":"open","ping_status":"closed","template":"","meta":{"_bst_post_transparent":"","_bst_post_title":"","_bst_post_layout":"","_bst_post_sidebar_id":"","_bst_post_content_style":"","_bst_post_vertical_padding":"","_bst_post_feature":"","_bst_post_feature_position":"","_bst_post_header":false,"_bst_post_footer":false},"product_brand":[],"product_cat":[142],"product_tag":[],"product_brands":[],"class_list":{"0":"post-8895","1":"product","2":"type-product","3":"status-publish","4":"has-post-thumbnail","6":"product_cat-electronique","8":"first","9":"instock","10":"shipping-taxable","11":"purchasable","12":"product-type-simple","13":"entry","14":"content-bg","15":"loop-entry"},"_links":{"self":[{"href":"https:\/\/anopri.com\/index.php?rest_route=\/wp\/v2\/product\/8895","targetHints":{"allow":["GET"]}}],"collection":[{"href":"https:\/\/anopri.com\/index.php?rest_route=\/wp\/v2\/product"}],"about":[{"href":"https:\/\/anopri.com\/index.php?rest_route=\/wp\/v2\/types\/product"}],"replies":[{"embeddable":true,"href":"https:\/\/anopri.com\/index.php?rest_route=%2Fwp%2Fv2%2Fcomments&post=8895"}],"wp:featuredmedia":[{"embeddable":true,"href":"https:\/\/anopri.com\/index.php?rest_route=\/wp\/v2\/media\/7555"}],"wp:attachment":[{"href":"https:\/\/anopri.com\/index.php?rest_route=%2Fwp%2Fv2%2Fmedia&parent=8895"}],"wp:term":[{"taxonomy":"product_brand","embeddable":true,"href":"https:\/\/anopri.com\/index.php?rest_route=%2Fwp%2Fv2%2Fproduct_brand&post=8895"},{"taxonomy":"product_cat","embeddable":true,"href":"https:\/\/anopri.com\/index.php?rest_route=%2Fwp%2Fv2%2Fproduct_cat&post=8895"},{"taxonomy":"product_tag","embeddable":true,"href":"https:\/\/anopri.com\/index.php?rest_route=%2Fwp%2Fv2%2Fproduct_tag&post=8895"},{"taxonomy":"product_brands","embeddable":true,"href":"https:\/\/anopri.com\/index.php?rest_route=%2Fwp%2Fv2%2Fproduct_brands&post=8895"}],"curies":[{"name":"wp","href":"https:\/\/api.w.org\/{rel}","templated":true}]}}