{"id":8841,"date":"2026-04-25T13:06:00","date_gmt":"2026-04-25T13:06:00","guid":{"rendered":"https:\/\/anopri.com\/?post_type=product&#038;p=8841"},"modified":"2026-04-25T13:06:04","modified_gmt":"2026-04-25T13:06:04","slug":"refrigerateur-roch-rfr-190t-b-166l","status":"publish","type":"product","link":"https:\/\/anopri.com\/?product=refrigerateur-roch-rfr-190t-b-166l","title":{"rendered":"R\u00e9frig\u00e9rateur Roch RFR &#8211; 190T-B &#8211; 166L"},"content":{"rendered":"<ul>\n<li><strong>Cat\u00e9gorie :<\/strong>\u00a0Electrom\u00e9nager<\/li>\n<li><strong>Nom Produit :<\/strong>\u00a0R\u00e9frig\u00e9rateur Combin\u00e9<\/li>\n<li><strong>Marque :<\/strong>\u00a0ROCH<\/li>\n<li><strong>Volume du r\u00e9frig\u00e9rateur :<\/strong>\u00a0166L<\/li>\n<li><strong>Couleur :<\/strong>\u00a0Grise<\/li>\n<li><strong>Mod\u00e8le :<\/strong>\u00a0RFR-190T-B<\/li>\n<li><strong>Voltage :<\/strong>\u00a0220-240<\/li>\n<li><strong>Fr\u00e9quence :<\/strong>\u00a050HZ<\/li>\n<li><strong>Classe climatique :<\/strong>\u00a0ST<\/li>\n<li><strong>R\u00e9frig\u00e9rant :<\/strong>\u00a0R600a<\/li>\n<li><strong>Poids net :<\/strong>\u00a043kg<\/li>\n<li><strong>Garantie :<\/strong> 06 Mois<\/li>\n<\/ul>\n","protected":false},"excerpt":{"rendered":"<p>Cat\u00e9gorie :\u00a0Electrom\u00e9nager Nom Produit :\u00a0R\u00e9frig\u00e9rateur Combin\u00e9 Marque :\u00a0ROCH Volume du r\u00e9frig\u00e9rateur :\u00a0166L Couleur :\u00a0Grise Mod\u00e8le :\u00a0RFR-190T-B Voltage :\u00a0220-240 Fr\u00e9quence :\u00a050HZ Classe climatique :\u00a0ST R\u00e9frig\u00e9rant :\u00a0R600a Poids net :\u00a043kg Garantie : 06 Mois<\/p>\n","protected":false},"featured_media":7430,"comment_status":"closed","ping_status":"closed","template":"","meta":{"_bst_post_transparent":"","_bst_post_title":"","_bst_post_layout":"","_bst_post_sidebar_id":"","_bst_post_content_style":"","_bst_post_vertical_padding":"","_bst_post_feature":"","_bst_post_feature_position":"","_bst_post_header":false,"_bst_post_footer":false},"product_brand":[],"product_cat":[157],"product_tag":[],"product_brands":[],"class_list":{"0":"post-8841","1":"product","2":"type-product","3":"status-publish","4":"has-post-thumbnail","6":"product_cat-refrigerateur","8":"first","9":"instock","10":"purchasable","11":"product-type-simple","12":"entry","13":"content-bg","14":"loop-entry"},"_links":{"self":[{"href":"https:\/\/anopri.com\/index.php?rest_route=\/wp\/v2\/product\/8841","targetHints":{"allow":["GET"]}}],"collection":[{"href":"https:\/\/anopri.com\/index.php?rest_route=\/wp\/v2\/product"}],"about":[{"href":"https:\/\/anopri.com\/index.php?rest_route=\/wp\/v2\/types\/product"}],"replies":[{"embeddable":true,"href":"https:\/\/anopri.com\/index.php?rest_route=%2Fwp%2Fv2%2Fcomments&post=8841"}],"wp:featuredmedia":[{"embeddable":true,"href":"https:\/\/anopri.com\/index.php?rest_route=\/wp\/v2\/media\/7430"}],"wp:attachment":[{"href":"https:\/\/anopri.com\/index.php?rest_route=%2Fwp%2Fv2%2Fmedia&parent=8841"}],"wp:term":[{"taxonomy":"product_brand","embeddable":true,"href":"https:\/\/anopri.com\/index.php?rest_route=%2Fwp%2Fv2%2Fproduct_brand&post=8841"},{"taxonomy":"product_cat","embeddable":true,"href":"https:\/\/anopri.com\/index.php?rest_route=%2Fwp%2Fv2%2Fproduct_cat&post=8841"},{"taxonomy":"product_tag","embeddable":true,"href":"https:\/\/anopri.com\/index.php?rest_route=%2Fwp%2Fv2%2Fproduct_tag&post=8841"},{"taxonomy":"product_brands","embeddable":true,"href":"https:\/\/anopri.com\/index.php?rest_route=%2Fwp%2Fv2%2Fproduct_brands&post=8841"}],"curies":[{"name":"wp","href":"https:\/\/api.w.org\/{rel}","templated":true}]}}

Réfrigérateur Roch RFR &#8211; 190T-B &#8211; 166L

<ul>
<li><strong>Catégorie :</strong> Electroménager</li>
<li><strong>Nom Produit :</strong> Réfrigérateur Combiné</li>
<li><strong>Marque :</strong> ROCH</li>
<li><strong>Volume du réfrigérateur :</strong> 166L</li>
<li><strong>Couleur :</strong> Grise</li>
<li><strong>Modèle :</strong> RFR-190T-B</li>
<li><strong>Voltage :</strong> 220-240</li>
<li><strong>Fréquence :</strong> 50HZ</li>
<li><strong>Classe climatique :</strong> ST</li>
<li><strong>Réfrigérant :</strong> R600a</li>
<li><strong>Poids net :</strong> 43kg</li>
<li><strong>Garantie :</strong> 06 Mois</li>
</ul>

<p>Catégorie : Electroménager Nom Produit : Réfrigérateur Combiné Marque : ROCH Volume du réfrigérateur : 166L Couleur : Grise Modèle : RFR-190T-B Voltage : 220-240 Fréquence : 50HZ Classe climatique : ST Réfrigérant : R600a Poids net : 43kg Garantie : 06 Mois</p>
