{"id":8829,"date":"2026-04-25T13:05:59","date_gmt":"2026-04-25T13:05:59","guid":{"rendered":"https:\/\/anopri.com\/?post_type=product&#038;p=8829"},"modified":"2026-04-25T13:06:01","modified_gmt":"2026-04-25T13:06:01","slug":"mixeur-melangeur-geepas-2-en-1-gsb5485","status":"publish","type":"product","link":"https:\/\/anopri.com\/?product=mixeur-melangeur-geepas-2-en-1-gsb5485","title":{"rendered":"MIXEUR M\u00e9langeur Geepas 2 en 1 &#8211; GSB5485"},"content":{"rendered":"<ul class=\"a-unordered-list a-vertical a-spacing-mini\">\n<li><span class=\"a-list-item\">Marque : Geepas<\/span><\/li>\n<li><span class=\"a-list-item\">Poids du colis en KG : 2080 grammes<\/span><\/li>\n<li><span class=\"a-list-item\">Mat\u00e9riel: Mixte<\/span><\/li>\n<li><span class=\"a-list-item\">Num\u00e9ro de mod\u00e8le: GSB5485<\/span><\/li>\n<li><span class=\"a-list-item\">Type: Mixeurs plongeants<\/span><\/li>\n<li><span class=\"a-list-item\">Puissance : 400 watts<\/span><\/li>\n<li>Litres: 1,5L<\/li>\n<li><span class=\"a-list-item\">Type d&#8217;ID de produit externe\u00a0: non disponible<\/span><\/li>\n<li><span class=\"a-list-item\">ID de produit externe\u00a0: 1<\/span><\/li>\n<\/ul>\n","protected":false},"excerpt":{"rendered":"<p>Effectuez vos t\u00e2ches de cuisine de routine en un rien de temps avec le mixeur Geepas 2-en-1. Il a un design attrayant qui est combin\u00e9 avec des fonctionnalit\u00e9s brillantes pour offrir une grande satisfaction de l&#8217;utilisateur. Vous pouvez m\u00e9langer diff\u00e9rents types de jus avec ce m\u00e9langeur intelligent. Ses lames de haute qualit\u00e9 coupent les tranches les plus fines et donnent une texture lisse et homog\u00e8ne au jus. Vous pouvez compter sur la fiabilit\u00e9 de ce mixeur Geepas pendant de nombreuses ann\u00e9es, gr\u00e2ce \u00e0 sa construction robuste. Il a une construction l\u00e9g\u00e8re qui vous permet de le transporter et de le nettoyer sans effort.Utilisation facile<br \/>\nCe m\u00e9langeur Geepas 2 en 1 offre des fonctionnalit\u00e9s simples qui permettent une utilisation facile. Il dispose d&#8217;un contr\u00f4le \u00e0 2 vitesses qui vous permet d&#8217;ajuster la vitesse du pouls en fonction du type d&#8217;aliments que vous m\u00e9langez.<\/p>\n","protected":false},"featured_media":7406,"comment_status":"closed","ping_status":"closed","template":"","meta":{"_bst_post_transparent":"","_bst_post_title":"","_bst_post_layout":"","_bst_post_sidebar_id":"","_bst_post_content_style":"","_bst_post_vertical_padding":"","_bst_post_feature":"","_bst_post_feature_position":"","_bst_post_header":false,"_bst_post_footer":false},"product_brand":[],"product_cat":[145,182],"product_tag":[],"product_brands":[],"class_list":{"0":"post-8829","1":"product","2":"type-product","3":"status-publish","4":"has-post-thumbnail","6":"product_cat-electromenager","7":"product_cat-mixeurs-blenders","9":"first","10":"instock","11":"purchasable","12":"product-type-simple","13":"entry","14":"content-bg","15":"loop-entry"},"_links":{"self":[{"href":"https:\/\/anopri.com\/index.php?rest_route=\/wp\/v2\/product\/8829","targetHints":{"allow":["GET"]}}],"collection":[{"href":"https:\/\/anopri.com\/index.php?rest_route=\/wp\/v2\/product"}],"about":[{"href":"https:\/\/anopri.com\/index.php?rest_route=\/wp\/v2\/types\/product"}],"replies":[{"embeddable":true,"href":"https:\/\/anopri.com\/index.php?rest_route=%2Fwp%2Fv2%2Fcomments&post=8829"}],"wp:featuredmedia":[{"embeddable":true,"href":"https:\/\/anopri.com\/index.php?rest_route=\/wp\/v2\/media\/7406"}],"wp:attachment":[{"href":"https:\/\/anopri.com\/index.php?rest_route=%2Fwp%2Fv2%2Fmedia&parent=8829"}],"wp:term":[{"taxonomy":"product_brand","embeddable":true,"href":"https:\/\/anopri.com\/index.php?rest_route=%2Fwp%2Fv2%2Fproduct_brand&post=8829"},{"taxonomy":"product_cat","embeddable":true,"href":"https:\/\/anopri.com\/index.php?rest_route=%2Fwp%2Fv2%2Fproduct_cat&post=8829"},{"taxonomy":"product_tag","embeddable":true,"href":"https:\/\/anopri.com\/index.php?rest_route=%2Fwp%2Fv2%2Fproduct_tag&post=8829"},{"taxonomy":"product_brands","embeddable":true,"href":"https:\/\/anopri.com\/index.php?rest_route=%2Fwp%2Fv2%2Fproduct_brands&post=8829"}],"curies":[{"name":"wp","href":"https:\/\/api.w.org\/{rel}","templated":true}]}}