{"id":8825,"date":"2026-04-25T13:05:52","date_gmt":"2026-04-25T13:05:52","guid":{"rendered":"https:\/\/anopri.com\/?post_type=product&#038;p=8825"},"modified":"2026-04-25T13:05:57","modified_gmt":"2026-04-25T13:05:57","slug":"adaptateur-wi-fi-ac600-asus-sans-fil","status":"publish","type":"product","link":"https:\/\/anopri.com\/?product=adaptateur-wi-fi-ac600-asus-sans-fil","title":{"rendered":"Adaptateur Wi-Fi AC600 ASUS sans fil"},"content":{"rendered":"<ul class=\"a-unordered-list a-vertical a-spacing-mini\">\n<li><span class=\"a-list-item\">Immersion exceptionnelle<\/span><\/li>\n<li><span class=\"a-list-item\">Qualit\u00e9 de fabrication irr\u00e9prochable<\/span><\/li>\n<li><span class=\"a-list-item\">Produit destin\u00e9 aux joueurs exigeants<\/span><\/li>\n<li><span class=\"a-list-item\">L&#8217;un des plus petits adaptateurs wifi 802,11ac du march\u00e9<\/span><\/li>\n<li><span class=\"a-list-item\">Mise \u00e0 niveau instantan\u00e9e vers la nouvelle g\u00e9n\u00e9ration de wi-fi 5 ghz pour votre ordinateur<\/span><\/li>\n<li><span class=\"a-list-item\">Mettez \u00e0 niveau la nouvelle g\u00e9n\u00e9ration wi-fi en tirant parti de la bande 5 ghz sur votre ordinateur portable ou pc<\/span><\/li>\n<li><span class=\"a-list-item\">Syst\u00e8mes d&#8217;exploitation compatible : windows 10, windows 8. 1, windows 8, windows 7, windows vista, windows xp; mac os x 10. 4, mac os x 10. 5, mac os x 10. 6, mac os x 10. 7, mac os x 10. 8, mac os x 10. 9, mac os x 10. 10; linux kernel (ubuntu), linux<\/span><\/li>\n<\/ul>\n","protected":false},"excerpt":{"rendered":"<p>Le moyen facile de mettre \u00e0 niveau les ordinateurs portables et les ordinateurs de bureau vers la derni\u00e8re norme WLAN 802.11ac<br \/>\nL&#8217;ASUS USB-AC51 est l&#8217;un des plus petits adaptateurs Wi-Fi USB 802.11ac qui peut \u00eatre utilis\u00e9 pour mettre \u00e0 niveau rapidement et facilement les ordinateurs de bureau et les ordinateurs portables vers la norme Wi-Fi 5G de nouvelle g\u00e9n\u00e9ration. L&#8217;antenne interne sp\u00e9cialement con\u00e7ue offre des vitesses de transmission sans fil allant jusqu&#8217;\u00e0 150 Mb\/s \u00e0 2,4 GHz et jusqu&#8217;\u00e0 433 Mb\/s \u00e0 5 GHz. L&#8217;adaptateur prend en charge la plupart des syst\u00e8mes d&#8217;exploitation, y compris Windows, Mac OS X et Linux. La qualit\u00e9 de transmission et ses fonctionnalit\u00e9s innovantes font de l&#8217;ASUS USB-AC51 le choix optimal pour le t\u00e9l\u00e9chargement simultan\u00e9, les jeux en ligne et le streaming vid\u00e9o.<\/p>\n","protected":false},"featured_media":7397,"comment_status":"closed","ping_status":"closed","template":"","meta":{"_bst_post_transparent":"","_bst_post_title":"","_bst_post_layout":"","_bst_post_sidebar_id":"","_bst_post_content_style":"","_bst_post_vertical_padding":"","_bst_post_feature":"","_bst_post_feature_position":"","_bst_post_header":false,"_bst_post_footer":false},"product_brand":[],"product_cat":[152],"product_tag":[],"product_brands":[],"class_list":{"0":"post-8825","1":"product","2":"type-product","3":"status-publish","4":"has-post-thumbnail","6":"product_cat-telephones-accessoires","8":"first","9":"instock","10":"purchasable","11":"product-type-simple","12":"entry","13":"content-bg","14":"loop-entry"},"_links":{"self":[{"href":"https:\/\/anopri.com\/index.php?rest_route=\/wp\/v2\/product\/8825","targetHints":{"allow":["GET"]}}],"collection":[{"href":"https:\/\/anopri.com\/index.php?rest_route=\/wp\/v2\/product"}],"about":[{"href":"https:\/\/anopri.com\/index.php?rest_route=\/wp\/v2\/types\/product"}],"replies":[{"embeddable":true,"href":"https:\/\/anopri.com\/index.php?rest_route=%2Fwp%2Fv2%2Fcomments&post=8825"}],"wp:featuredmedia":[{"embeddable":true,"href":"https:\/\/anopri.com\/index.php?rest_route=\/wp\/v2\/media\/7397"}],"wp:attachment":[{"href":"https:\/\/anopri.com\/index.php?rest_route=%2Fwp%2Fv2%2Fmedia&parent=8825"}],"wp:term":[{"taxonomy":"product_brand","embeddable":true,"href":"https:\/\/anopri.com\/index.php?rest_route=%2Fwp%2Fv2%2Fproduct_brand&post=8825"},{"taxonomy":"product_cat","embeddable":true,"href":"https:\/\/anopri.com\/index.php?rest_route=%2Fwp%2Fv2%2Fproduct_cat&post=8825"},{"taxonomy":"product_tag","embeddable":true,"href":"https:\/\/anopri.com\/index.php?rest_route=%2Fwp%2Fv2%2Fproduct_tag&post=8825"},{"taxonomy":"product_brands","embeddable":true,"href":"https:\/\/anopri.com\/index.php?rest_route=%2Fwp%2Fv2%2Fproduct_brands&post=8825"}],"curies":[{"name":"wp","href":"https:\/\/api.w.org\/{rel}","templated":true}]}}