{"id":8787,"date":"2026-04-25T13:05:43","date_gmt":"2026-04-25T13:05:43","guid":{"rendered":"https:\/\/anopri.com\/?post_type=product&#038;p=8787"},"modified":"2026-04-25T13:05:47","modified_gmt":"2026-04-25T13:05:47","slug":"alimentation-220-12v-dc-10a-pour-cameras-sans-coffret","status":"publish","type":"product","link":"https:\/\/anopri.com\/?product=alimentation-220-12v-dc-10a-pour-cameras-sans-coffret","title":{"rendered":"ALIMENTATION 220\/ 12V DC 10A POUR CAM\u00c9RAS (Sans Coffret)"},"content":{"rendered":"<ul>\n<li>Entr\u00e9e : 110 V\/220 V CA ;\u00a0Sortie : CC 12 V 10 A max.\u00a0La tension de sortie est r\u00e9glable de 15 %.\u00a0Deux ensembles de canaux de sortie.<\/li>\n<li>Caract\u00e9ristiques de s\u00e9curit\u00e9 : coupure automatique de surcharge, coupure de surtension, coupure thermique automatique, protection contre les courts-circuits.<\/li>\n<li>Coh\u00e9rence de la tension\u00a0: il n&#8217;y a pas de fluctuations de tension \u00e0 proprement parler \u00e0 la mise sous tension, pendant la transmission, la r\u00e9ception ou la mise hors tension.<\/li>\n<li>Il n&#8217;y a pas de ventilateur \u00e0 l&#8217;int\u00e9rieur du bo\u00eetier, fonctionnement silencieux.\u00a0Le bo\u00eetier en m\u00e9tal avec de nombreux trous rend la dissipation de la chaleur plus efficace.<\/li>\n<li>Id\u00e9al pour les bandes LED, les imprimantes 3D, les \u00e9metteurs-r\u00e9cepteurs radioamateurs, les cam\u00e9ras de vid\u00e9osurveillance, les amplis de caisson de basses de voiture, les amplificateurs audio, les routeurs sans fil, les chats ADSL, les HUB, les alimentations audio\/vid\u00e9o.\u00a0Utilisation en int\u00e9rieur uniquement\u00a0!<\/li>\n<\/ul>\n","protected":false},"excerpt":{"rendered":"<p>Entr\u00e9e : 110 V\/220 V CA ;\u00a0Sortie : CC 12 V 10 A max.\u00a0La tension de sortie est r\u00e9glable de 15 %.\u00a0Deux ensembles de canaux de sortie. Caract\u00e9ristiques de s\u00e9curit\u00e9 : coupure automatique de surcharge, coupure de surtension, coupure thermique automatique, protection contre les courts-circuits. Coh\u00e9rence de la tension\u00a0: il n&#8217;y a pas de fluctuations&#8230;<\/p>\n","protected":false},"featured_media":7317,"comment_status":"closed","ping_status":"closed","template":"","meta":{"_bst_post_transparent":"","_bst_post_title":"","_bst_post_layout":"","_bst_post_sidebar_id":"","_bst_post_content_style":"","_bst_post_vertical_padding":"","_bst_post_feature":"","_bst_post_feature_position":"","_bst_post_header":false,"_bst_post_footer":false},"product_brand":[],"product_cat":[142],"product_tag":[],"product_brands":[],"class_list":{"0":"post-8787","1":"product","2":"type-product","3":"status-publish","4":"has-post-thumbnail","6":"product_cat-electronique","8":"first","9":"instock","10":"purchasable","11":"product-type-simple","12":"entry","13":"content-bg","14":"loop-entry"},"_links":{"self":[{"href":"https:\/\/anopri.com\/index.php?rest_route=\/wp\/v2\/product\/8787","targetHints":{"allow":["GET"]}}],"collection":[{"href":"https:\/\/anopri.com\/index.php?rest_route=\/wp\/v2\/product"}],"about":[{"href":"https:\/\/anopri.com\/index.php?rest_route=\/wp\/v2\/types\/product"}],"replies":[{"embeddable":true,"href":"https:\/\/anopri.com\/index.php?rest_route=%2Fwp%2Fv2%2Fcomments&post=8787"}],"wp:featuredmedia":[{"embeddable":true,"href":"https:\/\/anopri.com\/index.php?rest_route=\/wp\/v2\/media\/7317"}],"wp:attachment":[{"href":"https:\/\/anopri.com\/index.php?rest_route=%2Fwp%2Fv2%2Fmedia&parent=8787"}],"wp:term":[{"taxonomy":"product_brand","embeddable":true,"href":"https:\/\/anopri.com\/index.php?rest_route=%2Fwp%2Fv2%2Fproduct_brand&post=8787"},{"taxonomy":"product_cat","embeddable":true,"href":"https:\/\/anopri.com\/index.php?rest_route=%2Fwp%2Fv2%2Fproduct_cat&post=8787"},{"taxonomy":"product_tag","embeddable":true,"href":"https:\/\/anopri.com\/index.php?rest_route=%2Fwp%2Fv2%2Fproduct_tag&post=8787"},{"taxonomy":"product_brands","embeddable":true,"href":"https:\/\/anopri.com\/index.php?rest_route=%2Fwp%2Fv2%2Fproduct_brands&post=8787"}],"curies":[{"name":"wp","href":"https:\/\/api.w.org\/{rel}","templated":true}]}}