{"id":8683,"date":"2026-04-25T13:05:15","date_gmt":"2026-04-25T13:05:15","guid":{"rendered":"https:\/\/anopri.com\/?post_type=product&#038;p=8683"},"modified":"2026-04-25T13:05:17","modified_gmt":"2026-04-25T13:05:17","slug":"machine-a-sandwich-bm-satellite-bm-7092","status":"publish","type":"product","link":"https:\/\/anopri.com\/?product=machine-a-sandwich-bm-satellite-bm-7092","title":{"rendered":"Machine \u00e0 sandwich BM Satellite (bM-7092)"},"content":{"rendered":"<table class=\"table\">\n<tbody>\n<tr>\n<td class=\"specifcname\"><strong>Taper<\/strong><\/td>\n<td><strong>Pr\u00e9parateur de sandwich<\/strong><\/td>\n<\/tr>\n<tr>\n<td class=\"specifcname\"><strong>Type de plaque<\/strong><\/td>\n<td><strong>Plaque de cuisson antiadh\u00e9sive<\/strong><\/td>\n<\/tr>\n<tr>\n<td class=\"specifcname\"><strong>Nombre de tranches<\/strong><\/td>\n<td><strong>2 tranches<\/strong><\/td>\n<\/tr>\n<tr>\n<td class=\"specifcname\"><strong>Puissance Watts<\/strong><\/td>\n<td><strong>750W<\/strong><\/td>\n<\/tr>\n<tr>\n<td class=\"specifcname\"><strong>Indicateur lumineux<\/strong><\/td>\n<td><strong>\u00c9chauffement et pr\u00eat<\/strong><\/td>\n<\/tr>\n<tr>\n<td class=\"specifcname\"><strong>Contr\u00f4le thermostatique<\/strong><\/td>\n<td><strong>Oui<\/strong><\/td>\n<\/tr>\n<tr>\n<td class=\"specifcname\"><strong>Fonctionnalit\u00e9s<\/strong><\/td>\n<td><strong>Ext\u00e9rieur au toucher froid<\/strong><\/td>\n<\/tr>\n<\/tbody>\n<\/table>\n","protected":false},"excerpt":{"rendered":"<p>Le d\u00e9jeuner prend une toute autre dimension avec ce sandwich grill.\u00a0\u00c9talez du fromage, du thon, des l\u00e9gumes, des champignons ou tout ce que vous voulez entre les tranches de pain, placez-les sur le gril \u00e0 poche profonde, puis fermez et verrouillez le couvercle.\u00a0Les sandwichs sortent parfaitement dor\u00e9s et scell\u00e9s, avec une indentation diagonale les rendant faciles \u00e0 couper en deux.\u00a0Le gril cuit un ou deux sandwichs \u00e0 la fois et pr\u00e9pare \u00e9galement des gaufres et des omelettes.\u00a0La finition antiadh\u00e9sive emp\u00eache les aliments de coller, bien qu&#8217;un peu de beurre ou d&#8217;huile aide \u00e9galement.\u00a0Un voyant rouge s&#8217;allume lorsque le gril est branch\u00e9 et chauffe ;\u00a0un voyant vert annonce que le gril est pr\u00eat \u00e0 l&#8217;emploi.\u00a0Pour nettoyer, essuyez simplement les plaques du gril lorsqu&#8217;elles sont froides.<\/p>\n<p>&nbsp;<\/p>\n","protected":false},"featured_media":7124,"comment_status":"closed","ping_status":"closed","template":"","meta":{"_bst_post_transparent":"","_bst_post_title":"","_bst_post_layout":"","_bst_post_sidebar_id":"","_bst_post_content_style":"","_bst_post_vertical_padding":"","_bst_post_feature":"","_bst_post_feature_position":"","_bst_post_header":false,"_bst_post_footer":false},"product_brand":[],"product_cat":[145],"product_tag":[],"product_brands":[],"class_list":{"0":"post-8683","1":"product","2":"type-product","3":"status-publish","4":"has-post-thumbnail","6":"product_cat-electromenager","8":"first","9":"instock","10":"purchasable","11":"product-type-simple","12":"entry","13":"content-bg","14":"loop-entry"},"_links":{"self":[{"href":"https:\/\/anopri.com\/index.php?rest_route=\/wp\/v2\/product\/8683","targetHints":{"allow":["GET"]}}],"collection":[{"href":"https:\/\/anopri.com\/index.php?rest_route=\/wp\/v2\/product"}],"about":[{"href":"https:\/\/anopri.com\/index.php?rest_route=\/wp\/v2\/types\/product"}],"replies":[{"embeddable":true,"href":"https:\/\/anopri.com\/index.php?rest_route=%2Fwp%2Fv2%2Fcomments&post=8683"}],"wp:featuredmedia":[{"embeddable":true,"href":"https:\/\/anopri.com\/index.php?rest_route=\/wp\/v2\/media\/7124"}],"wp:attachment":[{"href":"https:\/\/anopri.com\/index.php?rest_route=%2Fwp%2Fv2%2Fmedia&parent=8683"}],"wp:term":[{"taxonomy":"product_brand","embeddable":true,"href":"https:\/\/anopri.com\/index.php?rest_route=%2Fwp%2Fv2%2Fproduct_brand&post=8683"},{"taxonomy":"product_cat","embeddable":true,"href":"https:\/\/anopri.com\/index.php?rest_route=%2Fwp%2Fv2%2Fproduct_cat&post=8683"},{"taxonomy":"product_tag","embeddable":true,"href":"https:\/\/anopri.com\/index.php?rest_route=%2Fwp%2Fv2%2Fproduct_tag&post=8683"},{"taxonomy":"product_brands","embeddable":true,"href":"https:\/\/anopri.com\/index.php?rest_route=%2Fwp%2Fv2%2Fproduct_brands&post=8683"}],"curies":[{"name":"wp","href":"https:\/\/api.w.org\/{rel}","templated":true}]}}