{"id":8678,"date":"2026-04-25T13:05:06","date_gmt":"2026-04-25T13:05:06","guid":{"rendered":"https:\/\/anopri.com\/?post_type=product&#038;p=8678"},"modified":"2026-04-25T13:05:13","modified_gmt":"2026-04-25T13:05:13","slug":"hachoir-a-viande-electrique-tk-22","status":"publish","type":"product","link":"https:\/\/anopri.com\/?product=hachoir-a-viande-electrique-tk-22","title":{"rendered":"Hachoir \u00e0 Viande Electrique TK-22"},"content":{"rendered":"<p>\u2013 R\u00e9ducteur en fonte robuste.<br \/>\n\u2013 Fonction de marche arri\u00e8re.<br \/>\n\u2013 Le dispositif de protection des mains avec poussoir \u00e0 viande offre une protection efficace.<br \/>\n\u2013 Pieds en plastique qui r\u00e9duisent les vibrations.<br \/>\n\u2013 Indicateur d\u2019huile r\u00e9ducteur.<\/p>\n","protected":false},"excerpt":{"rendered":"<h4>Le hachoir \u00e0 viande TK-22 est conduit \u00e0 travers des engrenages ferm\u00e9s. Le hachoir dispose d&#8217;une puissance de 1100 watts qui fournit sans effort une production de 150 kg\/h. L&#8217;unit\u00e9 de hachage de la viande enti\u00e8rement en acier inoxydable r\u00e9pond \u00e0 la norme d&#8217;hygi\u00e8ne maximale. La machine convient pour hacher la viande dans les h\u00f4tels, les restaurants, les cuisines et les cantines.<\/h4>\n<div align=\"left\">\n<p><span style=\"font-size: large;\"><span data-spm-anchor-id=\"a2g0o.detail.1000023.i5.20b5822fhPVKIh\">Le producteur met les aliments hach\u00e9s dans un entonnoir, qui est plac\u00e9 sur le dessus du broyeur. De l\u00e0, le mat\u00e9riau va sur un convoyeur \u00e0 vis horizontal. Ce convoyeur \u00e0 vis, qui est aliment\u00e9 par un moteur \u00e9lectrique, \u00e9crase et m\u00e9lange partiellement les aliments. Au bout du convoyeur \u00e0 vis il y a un couteau install\u00e9 directement devant la plaque \u00e0 trou fixe. \u00c0 cette ouverture, la viande hach\u00e9e sort de la machine. La finesse de la viande d\u00e9pend de la taille des trous de la plaque.<\/span><\/span><\/p>\n<p><span style=\"font-size: large;\">En changeant la plaque de trou, il est \u00e9galement possible de produire de la chapelure ou de remplir la bo\u00eete \u00e0 saucisses. Apr\u00e8s la chute du retenue, il est possible de changer la plaque de trou. En retirant la vis de fixation, le broyeur peut \u00eatre compl\u00e8tement d\u00e9mont\u00e9 pour le nettoyage. <\/span><span style=\"font-size: large;\">N\u2019h\u00e9sitez pas \u00e0 nous contacter pour avoir davantage de renseignement sur le mat\u00e9riel professionnelle au 696673836<\/span><\/p>\n<\/div>\n","protected":false},"featured_media":7109,"comment_status":"closed","ping_status":"closed","template":"","meta":{"_bst_post_transparent":"","_bst_post_title":"","_bst_post_layout":"","_bst_post_sidebar_id":"","_bst_post_content_style":"","_bst_post_vertical_padding":"","_bst_post_feature":"","_bst_post_feature_position":"","_bst_post_header":false,"_bst_post_footer":false},"product_brand":[],"product_cat":[145],"product_tag":[],"product_brands":[],"class_list":{"0":"post-8678","1":"product","2":"type-product","3":"status-publish","4":"has-post-thumbnail","6":"product_cat-electromenager","8":"first","9":"instock","10":"purchasable","11":"product-type-simple","12":"entry","13":"content-bg","14":"loop-entry"},"_links":{"self":[{"href":"https:\/\/anopri.com\/index.php?rest_route=\/wp\/v2\/product\/8678","targetHints":{"allow":["GET"]}}],"collection":[{"href":"https:\/\/anopri.com\/index.php?rest_route=\/wp\/v2\/product"}],"about":[{"href":"https:\/\/anopri.com\/index.php?rest_route=\/wp\/v2\/types\/product"}],"replies":[{"embeddable":true,"href":"https:\/\/anopri.com\/index.php?rest_route=%2Fwp%2Fv2%2Fcomments&post=8678"}],"wp:featuredmedia":[{"embeddable":true,"href":"https:\/\/anopri.com\/index.php?rest_route=\/wp\/v2\/media\/7109"}],"wp:attachment":[{"href":"https:\/\/anopri.com\/index.php?rest_route=%2Fwp%2Fv2%2Fmedia&parent=8678"}],"wp:term":[{"taxonomy":"product_brand","embeddable":true,"href":"https:\/\/anopri.com\/index.php?rest_route=%2Fwp%2Fv2%2Fproduct_brand&post=8678"},{"taxonomy":"product_cat","embeddable":true,"href":"https:\/\/anopri.com\/index.php?rest_route=%2Fwp%2Fv2%2Fproduct_cat&post=8678"},{"taxonomy":"product_tag","embeddable":true,"href":"https:\/\/anopri.com\/index.php?rest_route=%2Fwp%2Fv2%2Fproduct_tag&post=8678"},{"taxonomy":"product_brands","embeddable":true,"href":"https:\/\/anopri.com\/index.php?rest_route=%2Fwp%2Fv2%2Fproduct_brands&post=8678"}],"curies":[{"name":"wp","href":"https:\/\/api.w.org\/{rel}","templated":true}]}}