{"id":8671,"date":"2026-04-25T13:05:06","date_gmt":"2026-04-25T13:05:06","guid":{"rendered":"https:\/\/anopri.com\/?post_type=product&#038;p=8671"},"modified":"2026-04-25T13:05:11","modified_gmt":"2026-04-25T13:05:11","slug":"congelateur-vertical-oscar-lux-osc-h272-nofrost-262-litres","status":"publish","type":"product","link":"https:\/\/anopri.com\/?product=congelateur-vertical-oscar-lux-osc-h272-nofrost-262-litres","title":{"rendered":"Cong\u00e9lateur Vertical Oscar Lux &#8211; OSC-H272 &#8211; NOFROST &#8211; 262 litres"},"content":{"rendered":"<ul>\n<li><span data-sheets-value=\"{\" data-sheets-userformat=\"{\"><strong>Capacit\u00e9:<\/strong>\u00a0262<br \/>\n<\/span><\/li>\n<li><span data-sheets-value=\"{\" data-sheets-userformat=\"{\"><strong>Model:<\/strong>OSC-H272<br \/>\n<\/span><\/li>\n<li><span data-sheets-value=\"{\" data-sheets-userformat=\"{\"><strong>Cong\u00e9lateur:<\/strong>\u00a0262<br \/>\n<\/span><\/li>\n<li><span data-sheets-value=\"{\" data-sheets-userformat=\"{\"><strong>Classe \u00e9nerg\u00e9tique:<\/strong>\u00a0A+<br \/>\n<\/span><\/li>\n<li><span data-sheets-value=\"{\" data-sheets-userformat=\"{\"><strong>Couleur:<\/strong>\u00a0ARGENT<br \/>\n<\/span><\/li>\n<li><span data-sheets-value=\"{\" data-sheets-userformat=\"{\"><strong>Tension:<\/strong>\u00a0220-240V<br \/>\n<\/span><\/li>\n<li><span data-sheets-value=\"{\" data-sheets-userformat=\"{\"><strong>Fr\u00e9quence:<\/strong>\u00a050 HZ<br \/>\n<\/span><\/li>\n<li><span data-sheets-value=\"{\" data-sheets-userformat=\"{\"><strong>Dimension:<\/strong>\u00a01490X735X870MM<br \/>\n<\/span><\/li>\n<li><span data-sheets-value=\"{\" data-sheets-userformat=\"{\"><strong>Nombre de battant:<\/strong>1<br \/>\n<\/span><\/li>\n<li><span data-sheets-value=\"{\" data-sheets-userformat=\"{\"><strong>Courant nominal\u00a0:<\/strong>\u00a00.7A<br \/>\n<\/span><\/li>\n<li><span data-sheets-value=\"{\" data-sheets-userformat=\"{\"><strong>Courant d&#8217;entr\u00e9e\u00a0:<\/strong>\u00a0170\u00a0W<br \/>\n<\/span><\/li>\n<li><span data-sheets-value=\"{\" data-sheets-userformat=\"{\"><strong>Refrigerant:<\/strong>R600a(74)g<\/span><\/li>\n<li><span data-sheets-value=\"{\" data-sheets-userformat=\"{\"><strong>Garantie:<\/strong>\u00a06 mois<\/span><\/li>\n<\/ul>\n","protected":false},"excerpt":{"rendered":"<p>Que vous viviez seule ou en famille, ce cong\u00e9lateur\u00a0oscar moins cher, vous permet de faire des achats par mois pour que vous n&#8217;ayez plus besoin de sortir tout les jours de chez vous. Vous b\u00e9n\u00e9ficiez de ce fait d&#8217;une\u00a0capacit\u00e9 de 262\u00a0litres vous permettant de stocker des consommable de grande masse tel que de la viande, poisson, l\u00e9gumes et pleins d&#8217;autre aliments n\u00e9cessitant une conservation \u00e0 longue dur\u00e9e.<\/p>\n","protected":false},"featured_media":7089,"comment_status":"closed","ping_status":"closed","template":"","meta":{"_bst_post_transparent":"","_bst_post_title":"","_bst_post_layout":"","_bst_post_sidebar_id":"","_bst_post_content_style":"","_bst_post_vertical_padding":"","_bst_post_feature":"","_bst_post_feature_position":"","_bst_post_header":false,"_bst_post_footer":false},"product_brand":[],"product_cat":[145,157],"product_tag":[],"product_brands":[],"class_list":{"0":"post-8671","1":"product","2":"type-product","3":"status-publish","4":"has-post-thumbnail","6":"product_cat-electromenager","7":"product_cat-refrigerateur","9":"first","10":"instock","11":"purchasable","12":"product-type-simple","13":"entry","14":"content-bg","15":"loop-entry"},"_links":{"self":[{"href":"https:\/\/anopri.com\/index.php?rest_route=\/wp\/v2\/product\/8671","targetHints":{"allow":["GET"]}}],"collection":[{"href":"https:\/\/anopri.com\/index.php?rest_route=\/wp\/v2\/product"}],"about":[{"href":"https:\/\/anopri.com\/index.php?rest_route=\/wp\/v2\/types\/product"}],"replies":[{"embeddable":true,"href":"https:\/\/anopri.com\/index.php?rest_route=%2Fwp%2Fv2%2Fcomments&post=8671"}],"wp:featuredmedia":[{"embeddable":true,"href":"https:\/\/anopri.com\/index.php?rest_route=\/wp\/v2\/media\/7089"}],"wp:attachment":[{"href":"https:\/\/anopri.com\/index.php?rest_route=%2Fwp%2Fv2%2Fmedia&parent=8671"}],"wp:term":[{"taxonomy":"product_brand","embeddable":true,"href":"https:\/\/anopri.com\/index.php?rest_route=%2Fwp%2Fv2%2Fproduct_brand&post=8671"},{"taxonomy":"product_cat","embeddable":true,"href":"https:\/\/anopri.com\/index.php?rest_route=%2Fwp%2Fv2%2Fproduct_cat&post=8671"},{"taxonomy":"product_tag","embeddable":true,"href":"https:\/\/anopri.com\/index.php?rest_route=%2Fwp%2Fv2%2Fproduct_tag&post=8671"},{"taxonomy":"product_brands","embeddable":true,"href":"https:\/\/anopri.com\/index.php?rest_route=%2Fwp%2Fv2%2Fproduct_brands&post=8671"}],"curies":[{"name":"wp","href":"https:\/\/api.w.org\/{rel}","templated":true}]}}