{"id":8664,"date":"2026-04-25T13:05:06","date_gmt":"2026-04-25T13:05:06","guid":{"rendered":"https:\/\/anopri.com\/?post_type=product&#038;p=8664"},"modified":"2026-04-25T13:05:10","modified_gmt":"2026-04-25T13:05:10","slug":"machine-a-laver-automatique-oscar-fl-1070w-7kg","status":"publish","type":"product","link":"https:\/\/anopri.com\/?product=machine-a-laver-automatique-oscar-fl-1070w-7kg","title":{"rendered":"Machine \u00e0 Laver automatique &#8211; Oscar &#8211; FL-1070W &#8211; 7Kg"},"content":{"rendered":"<ul>\n<li><strong>Marque:\u00a0<\/strong>OSCAR<\/li>\n<li><strong>Type de produit:\u00a0<\/strong>Machine \u00e0 laver et s\u00e9chage<\/li>\n<li><strong>Mod\u00e8le<\/strong>: OSC- FL 1070W<\/li>\n<li><strong>Classe de protection<\/strong>: I<\/li>\n<li><strong>Classe \u00e9tanche<\/strong>: IPX4<\/li>\n<li><strong>Capacit\u00e9 de lavage nominale<\/strong>: 7 kg<\/li>\n<li><strong>consommation d&#8217;eau annuelle; 12000 L\/an<\/strong><\/li>\n<li><strong>Tension nominale<\/strong>: 220-240V<\/li>\n<li><strong>Fr\u00e9quence nominale<\/strong>: 50 Hz<\/li>\n<li><strong>Classe \u00e9nerg\u00e9tique<\/strong>:\u00a0A<\/li>\n<li><strong>Vitesse d\u2019essorage:<\/strong>\u00a01400 tr \/ min<\/li>\n<li><strong>Nombre de tours<\/strong>\u00a0: 1200rmp<\/li>\n<li><strong>Garantie<\/strong>: 12 mois<\/li>\n<\/ul>\n","protected":false},"excerpt":{"rendered":"<p>La\u00a0machine \u00e0 laver automatique Oscar FL-1070W\u00a0est un\u00a0lave linge pas cher,\u00a0qui vous permettra de prendre soins de vos v\u00eatement en vous offrant un lavage impeccable sans plus aucun r\u00e9sidus. Il s&#8217;agit l\u00e0 d&#8217;une machine d&#8217;une\u00a0capacit\u00e9 de 7Kg\u00a0qui vous donne assez d&#8217;espace pour laver vos v\u00eatements en grande quantit\u00e9, tous ce ci en un seul tour.\u00a0Elle offre \u00e9galement\u00a0un d\u00e9bit d&#8217;eau puissant et rapide\u00a0pour un nettoyage efficace.<\/p>\n","protected":false},"featured_media":7072,"comment_status":"closed","ping_status":"closed","template":"","meta":{"_bst_post_transparent":"","_bst_post_title":"","_bst_post_layout":"","_bst_post_sidebar_id":"","_bst_post_content_style":"","_bst_post_vertical_padding":"","_bst_post_feature":"","_bst_post_feature_position":"","_bst_post_header":false,"_bst_post_footer":false},"product_brand":[],"product_cat":[168,167],"product_tag":[],"product_brands":[],"class_list":{"0":"post-8664","1":"product","2":"type-product","3":"status-publish","4":"has-post-thumbnail","6":"product_cat-machine-a-laver","7":"product_cat-machine-a-laver-et-seche-linge","9":"first","10":"instock","11":"purchasable","12":"product-type-simple","13":"entry","14":"content-bg","15":"loop-entry"},"_links":{"self":[{"href":"https:\/\/anopri.com\/index.php?rest_route=\/wp\/v2\/product\/8664","targetHints":{"allow":["GET"]}}],"collection":[{"href":"https:\/\/anopri.com\/index.php?rest_route=\/wp\/v2\/product"}],"about":[{"href":"https:\/\/anopri.com\/index.php?rest_route=\/wp\/v2\/types\/product"}],"replies":[{"embeddable":true,"href":"https:\/\/anopri.com\/index.php?rest_route=%2Fwp%2Fv2%2Fcomments&post=8664"}],"wp:featuredmedia":[{"embeddable":true,"href":"https:\/\/anopri.com\/index.php?rest_route=\/wp\/v2\/media\/7072"}],"wp:attachment":[{"href":"https:\/\/anopri.com\/index.php?rest_route=%2Fwp%2Fv2%2Fmedia&parent=8664"}],"wp:term":[{"taxonomy":"product_brand","embeddable":true,"href":"https:\/\/anopri.com\/index.php?rest_route=%2Fwp%2Fv2%2Fproduct_brand&post=8664"},{"taxonomy":"product_cat","embeddable":true,"href":"https:\/\/anopri.com\/index.php?rest_route=%2Fwp%2Fv2%2Fproduct_cat&post=8664"},{"taxonomy":"product_tag","embeddable":true,"href":"https:\/\/anopri.com\/index.php?rest_route=%2Fwp%2Fv2%2Fproduct_tag&post=8664"},{"taxonomy":"product_brands","embeddable":true,"href":"https:\/\/anopri.com\/index.php?rest_route=%2Fwp%2Fv2%2Fproduct_brands&post=8664"}],"curies":[{"name":"wp","href":"https:\/\/api.w.org\/{rel}","templated":true}]}}