{"id":8659,"date":"2026-04-25T13:05:05","date_gmt":"2026-04-25T13:05:05","guid":{"rendered":"https:\/\/anopri.com\/?post_type=product&#038;p=8659"},"modified":"2026-04-25T13:05:09","modified_gmt":"2026-04-25T13:05:09","slug":"refrigerateur-combine-oscar-166-litres-osc-f222-gris","status":"publish","type":"product","link":"https:\/\/anopri.com\/?product=refrigerateur-combine-oscar-166-litres-osc-f222-gris","title":{"rendered":"R\u00e9frig\u00e9rateur Combin\u00e9 Oscar &#8211; 166 Litres &#8211; OSC-F222 &#8211; Gris"},"content":{"rendered":"<ul>\n<li><span data-sheets-value=\"{&quot;1&quot;:2,&quot;2&quot;:&quot;-Marque : Oscar\\n-Mod\u00e8les : OSC-F220\\n-Type de produit : R\u00e9frig\u00e9rateur \\n-Nombre de portes :2\\n-Volume brut \/ Volume net : 155L\\n-Classe \u00e9nerg\u00e9tique\/Climatique : A+\\n-R\u00e9frig\u00e9rant : R600a (40g)\\n-Tension: 220\/240Hz\\n- Frequency :50Hz\\n-Garantie: 6mois\\nLamp Power : 85W\\n- Net poids:33kg&quot;}\" data-sheets-userformat=\"{&quot;2&quot;:4224,&quot;10&quot;:2,&quot;15&quot;:&quot;Arial&quot;}\">\u00a0\u00a0<strong>Marque :<\/strong>\u00a0\u00a0Oscar<br \/>\n<\/span><\/li>\n<li><span data-sheets-value=\"{&quot;1&quot;:2,&quot;2&quot;:&quot;-Marque : Oscar\\n-Mod\u00e8les : OSC-F220\\n-Type de produit : R\u00e9frig\u00e9rateur \\n-Nombre de portes :2\\n-Volume brut \/ Volume net : 155L\\n-Classe \u00e9nerg\u00e9tique\/Climatique : A+\\n-R\u00e9frig\u00e9rant : R600a (40g)\\n-Tension: 220\/240Hz\\n- Frequency :50Hz\\n-Garantie: 6mois\\nLamp Power : 85W\\n- Net poids:33kg&quot;}\" data-sheets-userformat=\"{&quot;2&quot;:4224,&quot;10&quot;:2,&quot;15&quot;:&quot;Arial&quot;}\"><strong>\u00a0 Mod\u00e8les :<\/strong>\u00a0\u00a0OSC-F222<br \/>\n<\/span><\/li>\n<li><span data-sheets-value=\"{&quot;1&quot;:2,&quot;2&quot;:&quot;-Marque : Oscar\\n-Mod\u00e8les : OSC-F220\\n-Type de produit : R\u00e9frig\u00e9rateur \\n-Nombre de portes :2\\n-Volume brut \/ Volume net : 155L\\n-Classe \u00e9nerg\u00e9tique\/Climatique : A+\\n-R\u00e9frig\u00e9rant : R600a (40g)\\n-Tension: 220\/240Hz\\n- Frequency :50Hz\\n-Garantie: 6mois\\nLamp Power : 85W\\n- Net poids:33kg&quot;}\" data-sheets-userformat=\"{&quot;2&quot;:4224,&quot;10&quot;:2,&quot;15&quot;:&quot;Arial&quot;}\">\u00a0\u00a0<strong>Type de produit :<\/strong>\u00a0\u00a0R\u00e9frig\u00e9rateur<br \/>\n<\/span><\/li>\n<li><span data-sheets-value=\"{&quot;1&quot;:2,&quot;2&quot;:&quot;-Marque : Oscar\\n-Mod\u00e8les : OSC-F220\\n-Type de produit : R\u00e9frig\u00e9rateur \\n-Nombre de portes :2\\n-Volume brut \/ Volume net : 155L\\n-Classe \u00e9nerg\u00e9tique\/Climatique : A+\\n-R\u00e9frig\u00e9rant : R600a (40g)\\n-Tension: 220\/240Hz\\n- Frequency :50Hz\\n-Garantie: 6mois\\nLamp Power : 85W\\n- Net poids:33kg&quot;}\" data-sheets-userformat=\"{&quot;2&quot;:4224,&quot;10&quot;:2,&quot;15&quot;:&quot;Arial&quot;}\">\u00a0\u00a0<strong>Nombre de portes :<\/strong>\u00a02<br \/>\n<\/span><\/li>\n<li><span data-sheets-value=\"{&quot;1&quot;:2,&quot;2&quot;:&quot;-Marque : Oscar\\n-Mod\u00e8les : OSC-F220\\n-Type de produit : R\u00e9frig\u00e9rateur \\n-Nombre de portes :2\\n-Volume brut \/ Volume net : 155L\\n-Classe \u00e9nerg\u00e9tique\/Climatique : A+\\n-R\u00e9frig\u00e9rant : R600a (40g)\\n-Tension: 220\/240Hz\\n- Frequency :50Hz\\n-Garantie: 6mois\\nLamp Power : 85W\\n- Net poids:33kg&quot;}\" data-sheets-userformat=\"{&quot;2&quot;:4224,&quot;10&quot;:2,&quot;15&quot;:&quot;Arial&quot;}\">\u00a0\u00a0<strong>Volume brut \/ Volume net :<\/strong>\u00a0\u00a0166L<br \/>\n<\/span><\/li>\n<li><span data-sheets-value=\"{&quot;1&quot;:2,&quot;2&quot;:&quot;-Marque : Oscar\\n-Mod\u00e8les : OSC-F220\\n-Type de produit : R\u00e9frig\u00e9rateur \\n-Nombre de portes :2\\n-Volume brut \/ Volume net : 155L\\n-Classe \u00e9nerg\u00e9tique\/Climatique : A+\\n-R\u00e9frig\u00e9rant : R600a (40g)\\n-Tension: 220\/240Hz\\n- Frequency :50Hz\\n-Garantie: 6mois\\nLamp Power : 85W\\n- Net poids:33kg&quot;}\" data-sheets-userformat=\"{&quot;2&quot;:4224,&quot;10&quot;:2,&quot;15&quot;:&quot;Arial&quot;}\">\u00a0\u00a0<strong>Classe \u00e9nerg\u00e9tique\/climatique :<\/strong>\u00a0\u00a0A+<br \/>\n<\/span><\/li>\n<li><span data-sheets-value=\"{&quot;1&quot;:2,&quot;2&quot;:&quot;-Marque : Oscar\\n-Mod\u00e8les : OSC-F220\\n-Type de produit : R\u00e9frig\u00e9rateur \\n-Nombre de portes :2\\n-Volume brut \/ Volume net : 155L\\n-Classe \u00e9nerg\u00e9tique\/Climatique : A+\\n-R\u00e9frig\u00e9rant : R600a (40g)\\n-Tension: 220\/240Hz\\n- Frequency :50Hz\\n-Garantie: 6mois\\nLamp Power : 85W\\n- Net poids:33kg&quot;}\" data-sheets-userformat=\"{&quot;2&quot;:4224,&quot;10&quot;:2,&quot;15&quot;:&quot;Arial&quot;}\">\u00a0\u00a0<strong>R\u00e9frig\u00e9rant :<\/strong>\u00a0\u00a0R600a (40g)<br \/>\n<\/span><\/li>\n<li><span data-sheets-value=\"{&quot;1&quot;:2,&quot;2&quot;:&quot;-Marque : Oscar\\n-Mod\u00e8les : OSC-F220\\n-Type de produit : R\u00e9frig\u00e9rateur \\n-Nombre de portes :2\\n-Volume brut \/ Volume net : 155L\\n-Classe \u00e9nerg\u00e9tique\/Climatique : A+\\n-R\u00e9frig\u00e9rant : R600a (40g)\\n-Tension: 220\/240Hz\\n- Frequency :50Hz\\n-Garantie: 6mois\\nLamp Power : 85W\\n- Net poids:33kg&quot;}\" data-sheets-userformat=\"{&quot;2&quot;:4224,&quot;10&quot;:2,&quot;15&quot;:&quot;Arial&quot;}\">\u00a0\u00a0<strong>Tension\u00a0:<\/strong>\u00a0\u00a0220\/240\u00a0Hz<br \/>\n<\/span><\/li>\n<li><span data-sheets-value=\"{&quot;1&quot;:2,&quot;2&quot;:&quot;-Marque : Oscar\\n-Mod\u00e8les : OSC-F220\\n-Type de produit : R\u00e9frig\u00e9rateur \\n-Nombre de portes :2\\n-Volume brut \/ Volume net : 155L\\n-Classe \u00e9nerg\u00e9tique\/Climatique : A+\\n-R\u00e9frig\u00e9rant : R600a (40g)\\n-Tension: 220\/240Hz\\n- Frequency :50Hz\\n-Garantie: 6mois\\nLamp Power : 85W\\n- Net poids:33kg&quot;}\" data-sheets-userformat=\"{&quot;2&quot;:4224,&quot;10&quot;:2,&quot;15&quot;:&quot;Arial&quot;}\">\u00a0\u00a0<strong>Fr\u00e9quence :<\/strong>\u00a0\u00a050Hz<br \/>\n<\/span><\/li>\n<li><span data-sheets-value=\"{&quot;1&quot;:2,&quot;2&quot;:&quot;-Marque : Oscar\\n-Mod\u00e8les : OSC-F220\\n-Type de produit : R\u00e9frig\u00e9rateur \\n-Nombre de portes :2\\n-Volume brut \/ Volume net : 155L\\n-Classe \u00e9nerg\u00e9tique\/Climatique : A+\\n-R\u00e9frig\u00e9rant : R600a (40g)\\n-Tension: 220\/240Hz\\n- Frequency :50Hz\\n-Garantie: 6mois\\nLamp Power : 85W\\n- Net poids:33kg&quot;}\" data-sheets-userformat=\"{&quot;2&quot;:4224,&quot;10&quot;:2,&quot;15&quot;:&quot;Arial&quot;}\">\u00a0\u00a0<strong>Garantie :<\/strong>\u00a0\u00a06mois<br \/>\n<\/span><\/li>\n<li><span data-sheets-value=\"{&quot;1&quot;:2,&quot;2&quot;:&quot;-Marque : Oscar\\n-Mod\u00e8les : OSC-F220\\n-Type de produit : R\u00e9frig\u00e9rateur \\n-Nombre de portes :2\\n-Volume brut \/ Volume net : 155L\\n-Classe \u00e9nerg\u00e9tique\/Climatique : A+\\n-R\u00e9frig\u00e9rant : R600a (40g)\\n-Tension: 220\/240Hz\\n- Frequency :50Hz\\n-Garantie: 6mois\\nLamp Power : 85W\\n- Net poids:33kg&quot;}\" data-sheets-userformat=\"{&quot;2&quot;:4224,&quot;10&quot;:2,&quot;15&quot;:&quot;Arial&quot;}\">\u00a0\u00a0<strong>Puissance de la lampe :<\/strong>\u00a0\u00a085W<br \/>\n<\/span><\/li>\n<li><span data-sheets-value=\"{&quot;1&quot;:2,&quot;2&quot;:&quot;-Marque : Oscar\\n-Mod\u00e8les : OSC-F220\\n-Type de produit : R\u00e9frig\u00e9rateur \\n-Nombre de portes :2\\n-Volume brut \/ Volume net : 155L\\n-Classe \u00e9nerg\u00e9tique\/Climatique : A+\\n-R\u00e9frig\u00e9rant : R600a (40g)\\n-Tension: 220\/240Hz\\n- Frequency :50Hz\\n-Garantie: 6mois\\nLamp Power : 85W\\n- Net poids:33kg&quot;}\" data-sheets-userformat=\"{&quot;2&quot;:4224,&quot;10&quot;:2,&quot;15&quot;:&quot;Arial&quot;}\">\u00a0\u00a0<strong>Poids net :<\/strong>\u00a033kg<\/span><\/li>\n<\/ul>\n","protected":false},"excerpt":{"rendered":"<p>Vous \u00eates \u00e0 la recherche de\u00a0r\u00e9frig\u00e9rateur qui ne consomme pas assez d&#8217;\u00e9nergie ? <strong>ANOPRI<\/strong> vous offre la solution ad\u00e9quate pour pallier \u00e0 votre besoin. Le <strong>r\u00e9frig\u00e9rateur combin\u00e9 Oscar<\/strong>\u00a0est un appareil constitu\u00e9 de\u00a0<strong>02 portes<\/strong>\u00a0( r\u00e9frig\u00e9rateur et cong\u00e9lateur) qui renferme un stockage de 166 litres pour la conservation de vos aliments et une classe \u00e9nerg\u00e9tique A .<\/p>\n","protected":false},"featured_media":7054,"comment_status":"closed","ping_status":"closed","template":"","meta":{"_bst_post_transparent":"","_bst_post_title":"","_bst_post_layout":"","_bst_post_sidebar_id":"","_bst_post_content_style":"","_bst_post_vertical_padding":"","_bst_post_feature":"","_bst_post_feature_position":"","_bst_post_header":false,"_bst_post_footer":false},"product_brand":[],"product_cat":[145,157],"product_tag":[],"product_brands":[],"class_list":{"0":"post-8659","1":"product","2":"type-product","3":"status-publish","4":"has-post-thumbnail","6":"product_cat-electromenager","7":"product_cat-refrigerateur","9":"first","10":"instock","11":"purchasable","12":"product-type-simple","13":"entry","14":"content-bg","15":"loop-entry"},"_links":{"self":[{"href":"https:\/\/anopri.com\/index.php?rest_route=\/wp\/v2\/product\/8659","targetHints":{"allow":["GET"]}}],"collection":[{"href":"https:\/\/anopri.com\/index.php?rest_route=\/wp\/v2\/product"}],"about":[{"href":"https:\/\/anopri.com\/index.php?rest_route=\/wp\/v2\/types\/product"}],"replies":[{"embeddable":true,"href":"https:\/\/anopri.com\/index.php?rest_route=%2Fwp%2Fv2%2Fcomments&post=8659"}],"wp:featuredmedia":[{"embeddable":true,"href":"https:\/\/anopri.com\/index.php?rest_route=\/wp\/v2\/media\/7054"}],"wp:attachment":[{"href":"https:\/\/anopri.com\/index.php?rest_route=%2Fwp%2Fv2%2Fmedia&parent=8659"}],"wp:term":[{"taxonomy":"product_brand","embeddable":true,"href":"https:\/\/anopri.com\/index.php?rest_route=%2Fwp%2Fv2%2Fproduct_brand&post=8659"},{"taxonomy":"product_cat","embeddable":true,"href":"https:\/\/anopri.com\/index.php?rest_route=%2Fwp%2Fv2%2Fproduct_cat&post=8659"},{"taxonomy":"product_tag","embeddable":true,"href":"https:\/\/anopri.com\/index.php?rest_route=%2Fwp%2Fv2%2Fproduct_tag&post=8659"},{"taxonomy":"product_brands","embeddable":true,"href":"https:\/\/anopri.com\/index.php?rest_route=%2Fwp%2Fv2%2Fproduct_brands&post=8659"}],"curies":[{"name":"wp","href":"https:\/\/api.w.org\/{rel}","templated":true}]}}