{"id":8651,"date":"2026-04-25T13:05:05","date_gmt":"2026-04-25T13:05:05","guid":{"rendered":"https:\/\/anopri.com\/?post_type=product&#038;p=8651"},"modified":"2026-04-25T13:05:07","modified_gmt":"2026-04-25T13:05:07","slug":"refrigerateur-oscar-osc-r115-90l","status":"publish","type":"product","link":"https:\/\/anopri.com\/?product=refrigerateur-oscar-osc-r115-90l","title":{"rendered":"R\u00e9frig\u00e9rateur Oscar OSC-R115 &#8211; 90L"},"content":{"rendered":"<p>Le r\u00e9frig\u00e9rateur neuf \u00e0 deux portes Oscar\u00a0a une taille de chambre de<strong>\u00a090 litres<\/strong>\u00a0et des dimensions de 42 par 42cm pour 82 cm de hauteur.<strong>\u00a0Ce r\u00e9frig\u00e9rateur n&#8217;aura pas besoin beaucoup d&#8217;espace<\/strong>\u00a0car il couvre une petite superficie. Le compartiment sup\u00e9rieur du r\u00e9frig\u00e9rateur est\u00a0<strong>un cong\u00e9lateur de 25litres,<\/strong>\u00a0tandis que\u00a0<strong>le compartiment du r\u00e9frig\u00e9rateur fait 65 litres.<\/strong><\/p>\n","protected":false},"excerpt":{"rendered":"<p>&nbsp;<\/p>\n<ul>\n<li><strong>Type d\u2019article<\/strong>: R\u00e9frig\u00e9rateur un battant<\/li>\n<li><strong>Marque<\/strong>: Oscar<\/li>\n<li><strong>Mod\u00e8le<\/strong>: OSC-R115<\/li>\n<li><strong>Capacit\u00e9: 9<\/strong>0 L<\/li>\n<li>Consommation annuelle:139kWh\/an<\/li>\n<li><strong>Type Climatique<\/strong>: ST\/T<\/li>\n<li><strong>Cat\u00e9gorie<\/strong>: \u00c9lectrom\u00e9nager<\/li>\n<li><strong>R\u00e9frig\u00e9rant\u00a0<\/strong>: R600a<\/li>\n<li>Dimensions:LxlxH=45x45x81cm<\/li>\n<\/ul>\n","protected":false},"featured_media":7031,"comment_status":"closed","ping_status":"closed","template":"","meta":{"_bst_post_transparent":"","_bst_post_title":"","_bst_post_layout":"","_bst_post_sidebar_id":"","_bst_post_content_style":"","_bst_post_vertical_padding":"","_bst_post_feature":"","_bst_post_feature_position":"","_bst_post_header":false,"_bst_post_footer":false},"product_brand":[],"product_cat":[145,157],"product_tag":[],"product_brands":[],"class_list":{"0":"post-8651","1":"product","2":"type-product","3":"status-publish","4":"has-post-thumbnail","6":"product_cat-electromenager","7":"product_cat-refrigerateur","9":"first","10":"instock","11":"purchasable","12":"product-type-simple","13":"entry","14":"content-bg","15":"loop-entry"},"_links":{"self":[{"href":"https:\/\/anopri.com\/index.php?rest_route=\/wp\/v2\/product\/8651","targetHints":{"allow":["GET"]}}],"collection":[{"href":"https:\/\/anopri.com\/index.php?rest_route=\/wp\/v2\/product"}],"about":[{"href":"https:\/\/anopri.com\/index.php?rest_route=\/wp\/v2\/types\/product"}],"replies":[{"embeddable":true,"href":"https:\/\/anopri.com\/index.php?rest_route=%2Fwp%2Fv2%2Fcomments&post=8651"}],"wp:featuredmedia":[{"embeddable":true,"href":"https:\/\/anopri.com\/index.php?rest_route=\/wp\/v2\/media\/7031"}],"wp:attachment":[{"href":"https:\/\/anopri.com\/index.php?rest_route=%2Fwp%2Fv2%2Fmedia&parent=8651"}],"wp:term":[{"taxonomy":"product_brand","embeddable":true,"href":"https:\/\/anopri.com\/index.php?rest_route=%2Fwp%2Fv2%2Fproduct_brand&post=8651"},{"taxonomy":"product_cat","embeddable":true,"href":"https:\/\/anopri.com\/index.php?rest_route=%2Fwp%2Fv2%2Fproduct_cat&post=8651"},{"taxonomy":"product_tag","embeddable":true,"href":"https:\/\/anopri.com\/index.php?rest_route=%2Fwp%2Fv2%2Fproduct_tag&post=8651"},{"taxonomy":"product_brands","embeddable":true,"href":"https:\/\/anopri.com\/index.php?rest_route=%2Fwp%2Fv2%2Fproduct_brands&post=8651"}],"curies":[{"name":"wp","href":"https:\/\/api.w.org\/{rel}","templated":true}]}}

Réfrigérateur Oscar OSC-R115 &#8211; 90L

<p>Le réfrigérateur neuf à deux portes Oscar a une taille de chambre de<strong> 90 litres</strong> et des dimensions de 42 par 42cm pour 82 cm de hauteur.<strong> Ce réfrigérateur n&#8217;aura pas besoin beaucoup d&#8217;espace</strong> car il couvre une petite superficie. Le compartiment supérieur du réfrigérateur est <strong>un congélateur de 25litres,</strong> tandis que <strong>le compartiment du réfrigérateur fait 65 litres.</strong></p>

<p>&nbsp;</p>
<ul>
<li><strong>Type d’article</strong>: Réfrigérateur un battant</li>
<li><strong>Marque</strong>: Oscar</li>
<li><strong>Modèle</strong>: OSC-R115</li>
<li><strong>Capacité: 9</strong>0 L</li>
<li>Consommation annuelle:139kWh/an</li>
<li><strong>Type Climatique</strong>: ST/T</li>
<li><strong>Catégorie</strong>: Électroménager</li>
<li><strong>Réfrigérant </strong>: R600a</li>
<li>Dimensions:LxlxH=45x45x81cm</li>
</ul>
