{"id":8630,"date":"2026-04-25T13:04:56","date_gmt":"2026-04-25T13:04:56","guid":{"rendered":"https:\/\/anopri.com\/?post_type=product&#038;p=8630"},"modified":"2026-04-25T13:04:59","modified_gmt":"2026-04-25T13:04:59","slug":"papier-film","status":"publish","type":"product","link":"https:\/\/anopri.com\/?product=papier-film","title":{"rendered":"PAPIER FILM"},"content":{"rendered":"","protected":false},"excerpt":{"rendered":"<p>D\u00e9roul\u00e9 autour de vos palettes, le film \u00e9tirable maintient parfaitement vos colis et les prot\u00e8ge de la poussi\u00e8re et de l\u2019humidit\u00e9. Le film \u00e9tirable est recommand\u00e9 pour la plupart des besoins en palettisation. Il est silencieux lors du d\u00e9roulement, se caract\u00e9rise par une bonne transparence et assure une bonne r\u00e9sistance \u00e0 la d\u00e9chirure. Le film pr\u00e9-\u00e9tir\u00e9 souffl\u00e9 est deux fois moins \u00e9pais et s\u2019applique sans effort. Il est recommand\u00e9 pour les palettes homog\u00e8nes de poids moyen \u00e0 angles peu saillants.<\/p>\n","protected":false},"featured_media":6973,"comment_status":"closed","ping_status":"closed","template":"","meta":{"_bst_post_transparent":"","_bst_post_title":"","_bst_post_layout":"","_bst_post_sidebar_id":"","_bst_post_content_style":"","_bst_post_vertical_padding":"","_bst_post_feature":"","_bst_post_feature_position":"","_bst_post_header":false,"_bst_post_footer":false},"product_brand":[],"product_cat":[169],"product_tag":[],"product_brands":[],"class_list":{"0":"post-8630","1":"product","2":"type-product","3":"status-publish","4":"has-post-thumbnail","6":"product_cat-ustensiles-gadgets-maison-et-bureau","8":"first","9":"instock","10":"sale","11":"purchasable","12":"product-type-simple","13":"entry","14":"content-bg","15":"loop-entry"},"_links":{"self":[{"href":"https:\/\/anopri.com\/index.php?rest_route=\/wp\/v2\/product\/8630","targetHints":{"allow":["GET"]}}],"collection":[{"href":"https:\/\/anopri.com\/index.php?rest_route=\/wp\/v2\/product"}],"about":[{"href":"https:\/\/anopri.com\/index.php?rest_route=\/wp\/v2\/types\/product"}],"replies":[{"embeddable":true,"href":"https:\/\/anopri.com\/index.php?rest_route=%2Fwp%2Fv2%2Fcomments&post=8630"}],"wp:featuredmedia":[{"embeddable":true,"href":"https:\/\/anopri.com\/index.php?rest_route=\/wp\/v2\/media\/6973"}],"wp:attachment":[{"href":"https:\/\/anopri.com\/index.php?rest_route=%2Fwp%2Fv2%2Fmedia&parent=8630"}],"wp:term":[{"taxonomy":"product_brand","embeddable":true,"href":"https:\/\/anopri.com\/index.php?rest_route=%2Fwp%2Fv2%2Fproduct_brand&post=8630"},{"taxonomy":"product_cat","embeddable":true,"href":"https:\/\/anopri.com\/index.php?rest_route=%2Fwp%2Fv2%2Fproduct_cat&post=8630"},{"taxonomy":"product_tag","embeddable":true,"href":"https:\/\/anopri.com\/index.php?rest_route=%2Fwp%2Fv2%2Fproduct_tag&post=8630"},{"taxonomy":"product_brands","embeddable":true,"href":"https:\/\/anopri.com\/index.php?rest_route=%2Fwp%2Fv2%2Fproduct_brands&post=8630"}],"curies":[{"name":"wp","href":"https:\/\/api.w.org\/{rel}","templated":true}]}}