{"id":8609,"date":"2026-04-25T13:04:47","date_gmt":"2026-04-25T13:04:47","guid":{"rendered":"https:\/\/anopri.com\/?post_type=product&#038;p=8609"},"modified":"2026-04-25T13:04:52","modified_gmt":"2026-04-25T13:04:52","slug":"pompe-manuelle-de-forage-complet-15m","status":"publish","type":"product","link":"https:\/\/anopri.com\/?product=pompe-manuelle-de-forage-complet-15m","title":{"rendered":"Pompe Manuelle de forage Complet 15m"},"content":{"rendered":"<p>Nous offrons une gamme de pompes manuelles profondes, id\u00e9ales pour le levage de l&#8217;eau d&#8217;une profondeur de 10 m \u00e0 une profondeur de 45 m et adapt\u00e9es aux forages ayant un tubage de diam\u00e8tre interne valant 100 mm, 115 mm, 127 mm, 150 mm ou 200 mm.<\/p>\n","protected":false},"excerpt":{"rendered":"<p>Nous offrons une gamme de pompes manuelles profondes, id\u00e9ales pour le levage de l&#8217;eau d&#8217;une profondeur de 10 m \u00e0 une profondeur de 45 m et adapt\u00e9es aux forages ayant un tubage de diam\u00e8tre interne valant 100 mm, 115 mm, 127 mm, 150 mm ou 200 mm.<\/p>\n","protected":false},"featured_media":6925,"comment_status":"closed","ping_status":"closed","template":"","meta":{"_bst_post_transparent":"","_bst_post_title":"","_bst_post_layout":"","_bst_post_sidebar_id":"","_bst_post_content_style":"","_bst_post_vertical_padding":"","_bst_post_feature":"","_bst_post_feature_position":"","_bst_post_header":false,"_bst_post_footer":false},"product_brand":[],"product_cat":[179],"product_tag":[],"product_brands":[],"class_list":{"0":"post-8609","1":"product","2":"type-product","3":"status-publish","4":"has-post-thumbnail","6":"product_cat-developpement-personnel","8":"first","9":"instock","10":"purchasable","11":"product-type-simple","12":"entry","13":"content-bg","14":"loop-entry"},"_links":{"self":[{"href":"https:\/\/anopri.com\/index.php?rest_route=\/wp\/v2\/product\/8609","targetHints":{"allow":["GET"]}}],"collection":[{"href":"https:\/\/anopri.com\/index.php?rest_route=\/wp\/v2\/product"}],"about":[{"href":"https:\/\/anopri.com\/index.php?rest_route=\/wp\/v2\/types\/product"}],"replies":[{"embeddable":true,"href":"https:\/\/anopri.com\/index.php?rest_route=%2Fwp%2Fv2%2Fcomments&post=8609"}],"wp:featuredmedia":[{"embeddable":true,"href":"https:\/\/anopri.com\/index.php?rest_route=\/wp\/v2\/media\/6925"}],"wp:attachment":[{"href":"https:\/\/anopri.com\/index.php?rest_route=%2Fwp%2Fv2%2Fmedia&parent=8609"}],"wp:term":[{"taxonomy":"product_brand","embeddable":true,"href":"https:\/\/anopri.com\/index.php?rest_route=%2Fwp%2Fv2%2Fproduct_brand&post=8609"},{"taxonomy":"product_cat","embeddable":true,"href":"https:\/\/anopri.com\/index.php?rest_route=%2Fwp%2Fv2%2Fproduct_cat&post=8609"},{"taxonomy":"product_tag","embeddable":true,"href":"https:\/\/anopri.com\/index.php?rest_route=%2Fwp%2Fv2%2Fproduct_tag&post=8609"},{"taxonomy":"product_brands","embeddable":true,"href":"https:\/\/anopri.com\/index.php?rest_route=%2Fwp%2Fv2%2Fproduct_brands&post=8609"}],"curies":[{"name":"wp","href":"https:\/\/api.w.org\/{rel}","templated":true}]}}