{"id":8587,"date":"2026-04-25T13:04:37","date_gmt":"2026-04-25T13:04:37","guid":{"rendered":"https:\/\/anopri.com\/?post_type=product&#038;p=8587"},"modified":"2026-04-25T13:04:44","modified_gmt":"2026-04-25T13:04:44","slug":"groupe-electrogene-kingmax-km8600fs","status":"publish","type":"product","link":"https:\/\/anopri.com\/?product=groupe-electrogene-kingmax-km8600fs","title":{"rendered":"Groupe Electrog\u00e8ne -KINGMAX-KM8600FS"},"content":{"rendered":"<p>Le groupe \u00e9lectrog\u00e8ne<strong> kingmax -KM8600FS<\/strong> est un g\u00e9n\u00e9rateur mobile de haute qualit\u00e9 avec brosse, auto-stimulant, bipolaire et triphas\u00e9e avec une puissance de 2,4 kVa. La machine poss\u00e8de un syst\u00e8me de d\u00e9marrage \u00e9lectrique \u00a0facile et elle est faible en \u00a0consommation de gazole.il est utilis\u00e9 dans deux cas: Les zones ou le r\u00e9seau de distribution \u00e9lectrique ne dessert pas ou pallier une \u00e9ventuelle coupure d\u2019alimentation \u00e9lectrique.<\/p>\n","protected":false},"excerpt":{"rendered":"<ul>\n<li><strong>Marque:\u00a0<\/strong>Kingmax<\/li>\n<li><strong>Type de produit:\u00a0<\/strong>Groupe \u00c9lectrog\u00e8ne<\/li>\n<li><strong>Cat\u00e9gorie:\u00a0<\/strong>Gros \u00e9lectrom\u00e9nager<\/li>\n<li><strong>Mod\u00e8le:<\/strong>\u00a0KM8600FS<\/li>\n<li><strong>Puissance:<\/strong>\u00a02,4KVA<\/li>\n<li><strong>Tension:<\/strong>\u00a0220 V \/ 50 Hz<\/li>\n<li><strong>Nombre de phases:<\/strong>\u00a01<\/li>\n<li><strong>Capacit\u00e9 de r\u00e9servoir:<\/strong>\u00a018L \/ 1,2L\/H<\/li>\n<li><strong>Syst\u00e8me de d\u00e9marrage:<\/strong>\u00a0Electrique et Manuel<\/li>\n<li><strong>Combustible<\/strong>: Essence<\/li>\n<li><strong>Garantie:<\/strong>\u00a06 mois<\/li>\n<\/ul>\n","protected":false},"featured_media":6873,"comment_status":"closed","ping_status":"closed","template":"","meta":{"_bst_post_transparent":"","_bst_post_title":"","_bst_post_layout":"","_bst_post_sidebar_id":"","_bst_post_content_style":"","_bst_post_vertical_padding":"","_bst_post_feature":"","_bst_post_feature_position":"","_bst_post_header":false,"_bst_post_footer":false},"product_brand":[],"product_cat":[186],"product_tag":[],"product_brands":[],"class_list":{"0":"post-8587","1":"product","2":"type-product","3":"status-publish","4":"has-post-thumbnail","6":"product_cat-generateurs","8":"first","9":"instock","10":"purchasable","11":"product-type-simple","12":"entry","13":"content-bg","14":"loop-entry"},"_links":{"self":[{"href":"https:\/\/anopri.com\/index.php?rest_route=\/wp\/v2\/product\/8587","targetHints":{"allow":["GET"]}}],"collection":[{"href":"https:\/\/anopri.com\/index.php?rest_route=\/wp\/v2\/product"}],"about":[{"href":"https:\/\/anopri.com\/index.php?rest_route=\/wp\/v2\/types\/product"}],"replies":[{"embeddable":true,"href":"https:\/\/anopri.com\/index.php?rest_route=%2Fwp%2Fv2%2Fcomments&post=8587"}],"wp:featuredmedia":[{"embeddable":true,"href":"https:\/\/anopri.com\/index.php?rest_route=\/wp\/v2\/media\/6873"}],"wp:attachment":[{"href":"https:\/\/anopri.com\/index.php?rest_route=%2Fwp%2Fv2%2Fmedia&parent=8587"}],"wp:term":[{"taxonomy":"product_brand","embeddable":true,"href":"https:\/\/anopri.com\/index.php?rest_route=%2Fwp%2Fv2%2Fproduct_brand&post=8587"},{"taxonomy":"product_cat","embeddable":true,"href":"https:\/\/anopri.com\/index.php?rest_route=%2Fwp%2Fv2%2Fproduct_cat&post=8587"},{"taxonomy":"product_tag","embeddable":true,"href":"https:\/\/anopri.com\/index.php?rest_route=%2Fwp%2Fv2%2Fproduct_tag&post=8587"},{"taxonomy":"product_brands","embeddable":true,"href":"https:\/\/anopri.com\/index.php?rest_route=%2Fwp%2Fv2%2Fproduct_brands&post=8587"}],"curies":[{"name":"wp","href":"https:\/\/api.w.org\/{rel}","templated":true}]}}