{"id":8584,"date":"2026-04-25T13:04:37","date_gmt":"2026-04-25T13:04:37","guid":{"rendered":"https:\/\/anopri.com\/?post_type=product&#038;p=8584"},"modified":"2026-04-25T13:04:44","modified_gmt":"2026-04-25T13:04:44","slug":"mixeur-binatone-blg-620","status":"publish","type":"product","link":"https:\/\/anopri.com\/?product=mixeur-binatone-blg-620","title":{"rendered":"MIXEUR BINATONE BLG-620"},"content":{"rendered":"<ul>\n<li>La qualit\u00e9 chez nous<\/li>\n<li>Capacit\u00e9: 1.5Ltr<\/li>\n<li>Puissance: 500W<\/li>\n<li>Moteur Super Charge 100% Cuivre<\/li>\n<li>Couleur : Blanc\/ Noir<\/li>\n<li>Moulin sec pour le broyage des grains de caf\u00e9, des \u00e9pices, etc.<\/li>\n<li>Lame en acier inoxydable sp\u00e9cialement con\u00e7ue pour broyer la glace<\/li>\n<li>Interrupteurs \u00e0 clavier pour 2 commandes de vitesse et d&#8217;impulsion pour des r\u00e9sultats de m\u00e9lange efficaces<\/li>\n<li>Couvercle anti\u00e9claboussures avec entr\u00e9e d&#8217;alimentation pour ajouter des ingr\u00e9dients<\/li>\n<li>Protection contre la surchauffe du moteur, protection de verrouillage de s\u00e9curit\u00e9<\/li>\n<\/ul>\n","protected":false},"excerpt":{"rendered":"<p>Le mixeur Binatone\u00a0<strong>\u00a0BLG-620<\/strong>\u00a0est d\u2019une pr\u00e9cieuse aide pour la cuisine au quotidien! En un rien de temps, vous pourrez mixer, hacher, \u00e9craser vos condiments, vos jus et bouillons dans\u00a0<strong>son bol d&#8217;une capacit\u00e9 d&#8217;1,5 litres<\/strong>. Le robot mixeur Binatone vous aide pour toutes vos petites pr\u00e9parations sans risque. Ses lames en acier inoxydable, le couvercle anti-\u00e9claboussure et la possibilit\u00e9 d\u2019ajouter des ingr\u00e9dients lors du m\u00e9lange garantissent une pr\u00e9paration facile mais aussi parfaite.<\/p>\n","protected":false},"featured_media":6863,"comment_status":"closed","ping_status":"closed","template":"","meta":{"_bst_post_transparent":"","_bst_post_title":"","_bst_post_layout":"","_bst_post_sidebar_id":"","_bst_post_content_style":"","_bst_post_vertical_padding":"","_bst_post_feature":"","_bst_post_feature_position":"","_bst_post_header":false,"_bst_post_footer":false},"product_brand":[],"product_cat":[145,182],"product_tag":[],"product_brands":[],"class_list":{"0":"post-8584","1":"product","2":"type-product","3":"status-publish","4":"has-post-thumbnail","6":"product_cat-electromenager","7":"product_cat-mixeurs-blenders","9":"first","10":"instock","11":"purchasable","12":"product-type-simple","13":"entry","14":"content-bg","15":"loop-entry"},"_links":{"self":[{"href":"https:\/\/anopri.com\/index.php?rest_route=\/wp\/v2\/product\/8584","targetHints":{"allow":["GET"]}}],"collection":[{"href":"https:\/\/anopri.com\/index.php?rest_route=\/wp\/v2\/product"}],"about":[{"href":"https:\/\/anopri.com\/index.php?rest_route=\/wp\/v2\/types\/product"}],"replies":[{"embeddable":true,"href":"https:\/\/anopri.com\/index.php?rest_route=%2Fwp%2Fv2%2Fcomments&post=8584"}],"wp:featuredmedia":[{"embeddable":true,"href":"https:\/\/anopri.com\/index.php?rest_route=\/wp\/v2\/media\/6863"}],"wp:attachment":[{"href":"https:\/\/anopri.com\/index.php?rest_route=%2Fwp%2Fv2%2Fmedia&parent=8584"}],"wp:term":[{"taxonomy":"product_brand","embeddable":true,"href":"https:\/\/anopri.com\/index.php?rest_route=%2Fwp%2Fv2%2Fproduct_brand&post=8584"},{"taxonomy":"product_cat","embeddable":true,"href":"https:\/\/anopri.com\/index.php?rest_route=%2Fwp%2Fv2%2Fproduct_cat&post=8584"},{"taxonomy":"product_tag","embeddable":true,"href":"https:\/\/anopri.com\/index.php?rest_route=%2Fwp%2Fv2%2Fproduct_tag&post=8584"},{"taxonomy":"product_brands","embeddable":true,"href":"https:\/\/anopri.com\/index.php?rest_route=%2Fwp%2Fv2%2Fproduct_brands&post=8584"}],"curies":[{"name":"wp","href":"https:\/\/api.w.org\/{rel}","templated":true}]}}