{"id":8558,"date":"2026-04-25T13:04:27","date_gmt":"2026-04-25T13:04:27","guid":{"rendered":"https:\/\/anopri.com\/?post_type=product&#038;p=8558"},"modified":"2026-04-25T13:04:33","modified_gmt":"2026-04-25T13:04:33","slug":"mixeur-robot-gourmetmaxx-mr-magic-8-fonctions","status":"publish","type":"product","link":"https:\/\/anopri.com\/?product=mixeur-robot-gourmetmaxx-mr-magic-8-fonctions","title":{"rendered":"Mixeur robot GOURMETmaxx Mr. Magic 8 fonctions"},"content":{"rendered":"<ul>\n<li><strong>Type de produit:\u00a0<\/strong>M\u00e9langeur sur pied avec 9 fonctions<\/li>\n<li><strong>Marque:<\/strong>\u00a0Gourmet Maxx MR. MAGIC<\/li>\n<li><strong>Cat\u00e9gorie:\u00a0<\/strong>Mixeurs<\/li>\n<li><strong>Couleur:<\/strong>\u00a0Rouge\/Gris<\/li>\n<li><strong>Mat\u00e9riau:\u00a0<\/strong>Plastique, M\u00e9ta<\/li>\n<li><strong>Puissance:<\/strong>\u00a0400 Watts<\/li>\n<li><strong>Peut passer au lave-vaisselle<\/strong><\/li>\n<li><strong>9 en 1 : mixer, brasser, moudre, broyer, hacher, r\u00e9duire en pur\u00e9e, battre, conserver<\/strong><\/li>\n<li><strong>Pr\u00e9paration ultra rapide<\/strong><\/li>\n<li><strong>Nettoyage ais\u00e9<\/strong><\/li>\n<li><strong>Sans agent conservateur<\/strong><\/li>\n<li><strong>Couvercle inclus<\/strong><\/li>\n<li><strong>Blender 750\u00a0ml 2\u00a0x Grand mug 500\u00a0ml 2\u00a0x petit mug, 350\u00a0ml<\/strong><\/li>\n<\/ul>\n","protected":false},"excerpt":{"rendered":"<p>Avec ce Mr. Magic,<em>\u00a0<strong>c&#8217;est la magie!<\/strong><\/em> Il n&#8217;y a pas de limites \u00e0 l&#8217;imagination lors du m\u00e9lange, car le magicien agile de la cuisine \u00a0<strong>m\u00e9lange, remu, \u00e9crase, r\u00e9duit en pur\u00e9e et hache<\/strong>.<strong>\u00a0Le m\u00e9langeur sur pied avec 9 fonctions<\/strong>\u00a0convient \u00e9galement pour fouetter de la cr\u00e8me et ne convient pas pour broyer des gla\u00e7ons.<\/p>\n","protected":false},"featured_media":6792,"comment_status":"closed","ping_status":"closed","template":"","meta":{"_bst_post_transparent":"","_bst_post_title":"","_bst_post_layout":"","_bst_post_sidebar_id":"","_bst_post_content_style":"","_bst_post_vertical_padding":"","_bst_post_feature":"","_bst_post_feature_position":"","_bst_post_header":false,"_bst_post_footer":false},"product_brand":[],"product_cat":[145],"product_tag":[],"product_brands":[],"class_list":{"0":"post-8558","1":"product","2":"type-product","3":"status-publish","4":"has-post-thumbnail","6":"product_cat-electromenager","8":"first","9":"outofstock","10":"purchasable","11":"product-type-simple","12":"entry","13":"content-bg","14":"loop-entry"},"_links":{"self":[{"href":"https:\/\/anopri.com\/index.php?rest_route=\/wp\/v2\/product\/8558","targetHints":{"allow":["GET"]}}],"collection":[{"href":"https:\/\/anopri.com\/index.php?rest_route=\/wp\/v2\/product"}],"about":[{"href":"https:\/\/anopri.com\/index.php?rest_route=\/wp\/v2\/types\/product"}],"replies":[{"embeddable":true,"href":"https:\/\/anopri.com\/index.php?rest_route=%2Fwp%2Fv2%2Fcomments&post=8558"}],"wp:featuredmedia":[{"embeddable":true,"href":"https:\/\/anopri.com\/index.php?rest_route=\/wp\/v2\/media\/6792"}],"wp:attachment":[{"href":"https:\/\/anopri.com\/index.php?rest_route=%2Fwp%2Fv2%2Fmedia&parent=8558"}],"wp:term":[{"taxonomy":"product_brand","embeddable":true,"href":"https:\/\/anopri.com\/index.php?rest_route=%2Fwp%2Fv2%2Fproduct_brand&post=8558"},{"taxonomy":"product_cat","embeddable":true,"href":"https:\/\/anopri.com\/index.php?rest_route=%2Fwp%2Fv2%2Fproduct_cat&post=8558"},{"taxonomy":"product_tag","embeddable":true,"href":"https:\/\/anopri.com\/index.php?rest_route=%2Fwp%2Fv2%2Fproduct_tag&post=8558"},{"taxonomy":"product_brands","embeddable":true,"href":"https:\/\/anopri.com\/index.php?rest_route=%2Fwp%2Fv2%2Fproduct_brands&post=8558"}],"curies":[{"name":"wp","href":"https:\/\/api.w.org\/{rel}","templated":true}]}}