{"id":8519,"date":"2026-04-25T13:04:17","date_gmt":"2026-04-25T13:04:17","guid":{"rendered":"https:\/\/anopri.com\/?post_type=product&#038;p=8519"},"modified":"2026-04-25T13:04:22","modified_gmt":"2026-04-25T13:04:22","slug":"refrigerateur-americain-hisense-rc-67","status":"publish","type":"product","link":"https:\/\/anopri.com\/?product=refrigerateur-americain-hisense-rc-67","title":{"rendered":"R\u00e9frig\u00e9rateur americain HISENSE RC-67"},"content":{"rendered":"<p>Le frigo am\u00e9ricain Hissense RC-67\u00a0 se distingue par sa taille imposante et son design aux lignes \u00e9pur\u00e9es. anopri vous propose sa gamme de r\u00e9frig\u00e9rateurs am\u00e9ricains pas cher.<br \/>\nce frigo se reconnais gr\u00e2ce a ses deux portes verticales et ind\u00e9pendantes. l&#8217;une des portes repr\u00e9sente la partie cong\u00e9lateur tandis que l&#8217;autre, la partie r\u00e9frig\u00e9ration. en bref, un r\u00e9frig\u00e9rateur am\u00e9ricain est un frigo combin\u00e9 dont les deux parties sont verticalement juxtapos\u00e9es. et beaucoup plus grandes. du fait de sa grande capacit\u00e9, c&#8217;est un appareil qui convient aux grandes familles nombreuses.<br \/>\nR\u00e9frig\u00e9rateur Hisense Side-By-Side avec fontaine 514 litres RC-67WS4SMIB<\/p>\n","protected":false},"excerpt":{"rendered":"<ul>\n<li><strong>Type de produit: R<\/strong>\u00e9frig\u00e9rateur am\u00e9ricain<\/li>\n<li><strong>Marque:\u00a0<\/strong>Hisense<\/li>\n<li><strong>Mod\u00e8le:\u00a0<\/strong>RC-67WS4SSB<\/li>\n<li><strong>Cat\u00e9gorie :\u00a0<\/strong>Gros \u00e9lectrom\u00e9nager<\/li>\n<li><strong>Contenance:\u00a0<\/strong>514L<\/li>\n<li><strong>Type de R\u00e9frig\u00e9rateur:\u00a0<\/strong>combin\u00e9<\/li>\n<li><strong>Volume utile du cong\u00e9lateur :<\/strong>\u00a0177 L<\/li>\n<li><strong>Volume utile du r\u00e9frig\u00e9rateur :<\/strong>\u00a0337 L<\/li>\n<li><strong>Distributeur :<\/strong>\u00a0Oui<\/li>\n<li><strong>Dimensions cm: 123cmx 47cm<\/strong><\/li>\n<li><strong>Classe Energ\u00e9tique:\u00a0<\/strong>A+<\/li>\n<li><strong>Classe Climatique:\u00a0<\/strong>ST<\/li>\n<li><strong>R\u00e9glage Thermostat:\u00a0<\/strong>oui<\/li>\n<li><strong>Consommation:<\/strong>\u00a00,55 kWh \/ 24h<\/li>\n<li><strong>Dimensions :\u00a0<\/strong>1780 x 910 x 641 mm<\/li>\n<li><strong>Garantie:\u00a0<\/strong>06 mois<\/li>\n<\/ul>\n","protected":false},"featured_media":6701,"comment_status":"closed","ping_status":"closed","template":"","meta":{"_bst_post_transparent":"","_bst_post_title":"","_bst_post_layout":"","_bst_post_sidebar_id":"","_bst_post_content_style":"","_bst_post_vertical_padding":"","_bst_post_feature":"","_bst_post_feature_position":"","_bst_post_header":false,"_bst_post_footer":false},"product_brand":[],"product_cat":[145,157],"product_tag":[],"product_brands":[],"class_list":{"0":"post-8519","1":"product","2":"type-product","3":"status-publish","4":"has-post-thumbnail","6":"product_cat-electromenager","7":"product_cat-refrigerateur","9":"first","10":"instock","11":"sale","12":"purchasable","13":"product-type-simple","14":"entry","15":"content-bg","16":"loop-entry"},"_links":{"self":[{"href":"https:\/\/anopri.com\/index.php?rest_route=\/wp\/v2\/product\/8519","targetHints":{"allow":["GET"]}}],"collection":[{"href":"https:\/\/anopri.com\/index.php?rest_route=\/wp\/v2\/product"}],"about":[{"href":"https:\/\/anopri.com\/index.php?rest_route=\/wp\/v2\/types\/product"}],"replies":[{"embeddable":true,"href":"https:\/\/anopri.com\/index.php?rest_route=%2Fwp%2Fv2%2Fcomments&post=8519"}],"wp:featuredmedia":[{"embeddable":true,"href":"https:\/\/anopri.com\/index.php?rest_route=\/wp\/v2\/media\/6701"}],"wp:attachment":[{"href":"https:\/\/anopri.com\/index.php?rest_route=%2Fwp%2Fv2%2Fmedia&parent=8519"}],"wp:term":[{"taxonomy":"product_brand","embeddable":true,"href":"https:\/\/anopri.com\/index.php?rest_route=%2Fwp%2Fv2%2Fproduct_brand&post=8519"},{"taxonomy":"product_cat","embeddable":true,"href":"https:\/\/anopri.com\/index.php?rest_route=%2Fwp%2Fv2%2Fproduct_cat&post=8519"},{"taxonomy":"product_tag","embeddable":true,"href":"https:\/\/anopri.com\/index.php?rest_route=%2Fwp%2Fv2%2Fproduct_tag&post=8519"},{"taxonomy":"product_brands","embeddable":true,"href":"https:\/\/anopri.com\/index.php?rest_route=%2Fwp%2Fv2%2Fproduct_brands&post=8519"}],"curies":[{"name":"wp","href":"https:\/\/api.w.org\/{rel}","templated":true}]}}