{"id":8512,"date":"2026-04-25T13:04:16","date_gmt":"2026-04-25T13:04:16","guid":{"rendered":"https:\/\/anopri.com\/?post_type=product&#038;p=8512"},"modified":"2026-04-25T13:04:21","modified_gmt":"2026-04-25T13:04:21","slug":"mixeur-binatone-blg-595-mk2-600w-15l","status":"publish","type":"product","link":"https:\/\/anopri.com\/?product=mixeur-binatone-blg-595-mk2-600w-15l","title":{"rendered":"Mixeur BINATONE BLG-595 MK2 &#8211; 600W-1,5L"},"content":{"rendered":"<ul>\n<li>Super charge 100% cuivre moteur<\/li>\n<li>Bocal en verre hygi\u00e9nique de 1,5 L<\/li>\n<li><strong>Tension:<\/strong>\u00a0220-240V- 50 \/ 60Hz<\/li>\n<li><strong>Puissance:<\/strong>\u00a0600W<\/li>\n<li>Parfait pour m\u00e9langer et faire des smoothies, milk-shake, jus de fruits et autres<\/li>\n<li>Moulin sec efficace pour moudre du caf\u00e9 en grains, des noix, des \u00e9pices, etc.<\/li>\n<li>Lame sp\u00e9ciale en acier inoxydable<\/li>\n<li>Contr\u00f4les de vitesse et d&#8217;impulsion pour des r\u00e9sultats efficaces<\/li>\n<li>corps et bouton de r\u00e9glage en acier inoxydable<\/li>\n<li>Couvercle anti-\u00e9claboussures<\/li>\n<li>possibilit\u00e9 d&#8217;ajouter des aliments pendant le m\u00e9lange<\/li>\n<li>Verrou de s\u00e9curit\u00e9<\/li>\n<li>Protection contre la surchauffe du moteur<\/li>\n<\/ul>\n","protected":false},"excerpt":{"rendered":"<p>Ce mixeur-broyeur de Binatone est le compl\u00e9ment id\u00e9al \u00e0 vos appareils de cuisine. Equip\u00e9 de pots incassables et d\u2019un moteur puissant, il facilite et acc\u00e9l\u00e8re le m\u00e9lange des ingr\u00e9dients.<\/p>\n","protected":false},"featured_media":6687,"comment_status":"closed","ping_status":"closed","template":"","meta":{"_bst_post_transparent":"","_bst_post_title":"","_bst_post_layout":"","_bst_post_sidebar_id":"","_bst_post_content_style":"","_bst_post_vertical_padding":"","_bst_post_feature":"","_bst_post_feature_position":"","_bst_post_header":false,"_bst_post_footer":false},"product_brand":[],"product_cat":[145],"product_tag":[],"product_brands":[],"class_list":{"0":"post-8512","1":"product","2":"type-product","3":"status-publish","4":"has-post-thumbnail","6":"product_cat-electromenager","8":"first","9":"instock","10":"purchasable","11":"product-type-simple","12":"entry","13":"content-bg","14":"loop-entry"},"_links":{"self":[{"href":"https:\/\/anopri.com\/index.php?rest_route=\/wp\/v2\/product\/8512","targetHints":{"allow":["GET"]}}],"collection":[{"href":"https:\/\/anopri.com\/index.php?rest_route=\/wp\/v2\/product"}],"about":[{"href":"https:\/\/anopri.com\/index.php?rest_route=\/wp\/v2\/types\/product"}],"replies":[{"embeddable":true,"href":"https:\/\/anopri.com\/index.php?rest_route=%2Fwp%2Fv2%2Fcomments&post=8512"}],"wp:featuredmedia":[{"embeddable":true,"href":"https:\/\/anopri.com\/index.php?rest_route=\/wp\/v2\/media\/6687"}],"wp:attachment":[{"href":"https:\/\/anopri.com\/index.php?rest_route=%2Fwp%2Fv2%2Fmedia&parent=8512"}],"wp:term":[{"taxonomy":"product_brand","embeddable":true,"href":"https:\/\/anopri.com\/index.php?rest_route=%2Fwp%2Fv2%2Fproduct_brand&post=8512"},{"taxonomy":"product_cat","embeddable":true,"href":"https:\/\/anopri.com\/index.php?rest_route=%2Fwp%2Fv2%2Fproduct_cat&post=8512"},{"taxonomy":"product_tag","embeddable":true,"href":"https:\/\/anopri.com\/index.php?rest_route=%2Fwp%2Fv2%2Fproduct_tag&post=8512"},{"taxonomy":"product_brands","embeddable":true,"href":"https:\/\/anopri.com\/index.php?rest_route=%2Fwp%2Fv2%2Fproduct_brands&post=8512"}],"curies":[{"name":"wp","href":"https:\/\/api.w.org\/{rel}","templated":true}]}}