{"id":8495,"date":"2026-04-25T13:04:07","date_gmt":"2026-04-25T13:04:07","guid":{"rendered":"https:\/\/anopri.com\/?post_type=product&#038;p=8495"},"modified":"2026-04-25T13:04:13","modified_gmt":"2026-04-25T13:04:13","slug":"tv-hisense-smart-58-pouces-a6h-ultrahd-4k","status":"publish","type":"product","link":"https:\/\/anopri.com\/?product=tv-hisense-smart-58-pouces-a6h-ultrahd-4k","title":{"rendered":"TV Hisense SMART 58 pouces A6H &#8211; UltraHD 4K"},"content":{"rendered":"<p><span style=\"vertical-align: inherit;\"><span style=\"vertical-align: inherit;\">Profitez d&#8217;un divertissement de qualit\u00e9 sup\u00e9rieure avec le t\u00e9l\u00e9viseur Hisense A7100F et sa\u00a0 <\/span><\/span><strong><span style=\"vertical-align: inherit;\"><span style=\"vertical-align: inherit;\">r\u00e9solution 4K Ultra HD<\/span><\/span><\/strong><span style=\"vertical-align: inherit;\"><span style=\"vertical-align: inherit;\"> . <\/span><span style=\"vertical-align: inherit;\">La prise en charge\u00a0 <\/span><\/span><strong><span style=\"vertical-align: inherit;\"><span style=\"vertical-align: inherit;\">HDR10+<\/span><\/span><\/strong><span style=\"vertical-align: inherit;\"><span style=\"vertical-align: inherit;\"> \u00a0d\u00e9livre des \u00e9motions intenses en proposant des noirs plus profonds et des blancs plus clairs. <\/span><span style=\"vertical-align: inherit;\">Chaque d\u00e9tail est ainsi r\u00e9v\u00e9l\u00e9 pour vous assurer un divertissement de tr\u00e8s haute qualit\u00e9. <\/span><span style=\"vertical-align: inherit;\">De son c\u00f4t\u00e9, la\u00a0 <\/span><\/span><strong><span style=\"vertical-align: inherit;\"><span style=\"vertical-align: inherit;\">technologie MEMC<\/span><\/span><\/strong><span style=\"vertical-align: inherit;\"><span style=\"vertical-align: inherit;\"> \u00a0am\u00e9liore la fluidit\u00e9 de l&#8217;image pour une exp\u00e9rience visuelle optimale. <\/span><span style=\"vertical-align: inherit;\">Ce mod\u00e8le b\u00e9n\u00e9ficie \u00e9galement de l&#8217; <\/span><\/span><strong><span style=\"vertical-align: inherit;\"><span style=\"vertical-align: inherit;\">Upscaler 4K<\/span><\/span><\/strong><span style=\"vertical-align: inherit;\"><span style=\"vertical-align: inherit;\"> \u00a0pour vous offrir une exp\u00e9rience 4K Ultra HD m\u00eame avec des contenus qui ne le sont pas nativement.<\/span><\/span><\/p>\n<div class=\"fusion-fullwidth fullwidth-box fusion-builder-row-5 fusion-flex-container nonhundred-percent-fullwidth non-hundred-percent-height-scrolling\">\n<div class=\"fusion-builder-row fusion-row fusion-flex-align-items-flex-start fusion-flex-content-wrap\">\n<div class=\"fusion-layout-column fusion_builder_column fusion-builder-column-7 fusion_builder_column_1_1 1_1 fusion-flex-column\">\n<div class=\"fusion-column-wrapper fusion-column-has-shadow fusion-flex-justify-content-flex-start fusion-content-layout-column\">\n<div class=\"fusion-content-tb fusion-content-tb-1\">\n<div class=\"fusion-fullwidth fullwidth-box fusion-builder-row-5-1 fusion-flex-container has-pattern-background has-mask-background youtube-parent nonhundred-percent-fullwidth non-hundred-percent-height-scrolling\">\n<div class=\"fusion-builder-row fusion-row fusion-flex-align-items-flex-start fusion-flex-content-wrap\">\n<div class=\"fusion-layout-column fusion_builder_column fusion-builder-column-8 fusion_builder_column_1_1 1_1 fusion-flex-column youtube-container\">\n<div class=\"fusion-column-wrapper fusion-column-has-shadow fusion-flex-justify-content-flex-start fusion-content-layout-column\">\n<div class=\"vc-row-wrapper\">\n<div class=\"wpb_row\">\n<div class=\"twelve\">\n<div class=\"wpb_wrapper\">\n<div class=\"wpb_single_image\">\n<div class=\"wpb_wrapper\">\n<div class=\"vc_single_image-wrapper\"><img decoding=\"async\" class=\"img-full feature_image\" src=\"https:\/\/hisense.co.za\/wp-content\/uploads\/2022\/06\/A6H-KV-H.jpg\" \/>\u00a0<img decoding=\"async\" class=\"img-full feature_image\" src=\"https:\/\/hisense.co.za\/wp-content\/uploads\/2022\/06\/A6H-1.-Precision-Colour-scaled.jpg\" \/>\u00a0<img decoding=\"async\" class=\"img-full feature_image\" src=\"https:\/\/hisense.co.za\/wp-content\/uploads\/2022\/06\/A6H-3-DolbyHDR-scaled.jpg\" \/>\u00a0<img decoding=\"async\" class=\"img-full feature_image\" src=\"https:\/\/hisense.co.za\/wp-content\/uploads\/2022\/06\/A6H-4.-DTS-scaled.jpg\" \/>\u00a0<img decoding=\"async\" class=\"img-full feature_image\" src=\"https:\/\/hisense.co.za\/wp-content\/uploads\/2022\/06\/A6H-5.-Sports-Mode-scaled.jpg\" \/>\u00a0<img decoding=\"async\" class=\"img-full feature_image\" src=\"https:\/\/hisense.co.za\/wp-content\/uploads\/2022\/06\/A6H-10.-Game-Mode-scaled.jpg\" \/>\u00a0<img decoding=\"async\" class=\"img-full feature_image\" src=\"https:\/\/hisense.co.za\/wp-content\/uploads\/2022\/06\/A6H-7.-VIDAA-scaled.jpg\" \/>\u00a0<img decoding=\"async\" class=\"img-full feature_image\" src=\"https:\/\/hisense.co.za\/wp-content\/uploads\/2022\/06\/A6H-6.-Dual-band-scaled.jpg\" \/>\u00a0<img decoding=\"async\" class=\"img-full feature_image\" src=\"https:\/\/hisense.co.za\/wp-content\/uploads\/2022\/06\/A6H-11.-TU%CC%88V-Rheinland-User-Data-Protection_VIDAA-light-scaled.jpg\" \/>\u00a0<img decoding=\"async\" class=\"img-full feature_image\" src=\"https:\/\/hisense.co.za\/wp-content\/uploads\/2022\/06\/A6H-12.-Product-scaled.jpg\" \/>\u00a0<img decoding=\"async\" class=\"img-full feature_image\" src=\"https:\/\/hisense.co.za\/wp-content\/uploads\/2022\/06\/A6H-Lifestyle-H.jpg\" \/><\/div>\n<\/div>\n<\/div>\n<\/div>\n<\/div>\n<\/div>\n<\/div>\n<\/div>\n<\/div>\n<\/div>\n<\/div>\n<\/div>\n<div class=\"retailers-plugin\"><\/div>\n<\/div>\n<\/div>\n<\/div>\n<\/div>\n<div class=\"fusion-fullwidth fullwidth-box fusion-builder-row-6 fusion-flex-container nonhundred-percent-fullwidth non-hundred-percent-height-scrolling\">\n<div class=\"fusion-builder-row fusion-row fusion-flex-align-items-flex-start fusion-flex-content-wrap\">\n<div class=\"fusion-layout-column fusion_builder_column fusion-builder-column-9 fusion_builder_column_1_1 1_1 fusion-flex-column\">\n<div class=\"fusion-column-wrapper fusion-column-has-shadow fusion-flex-justify-content-flex-start fusion-content-layout-column\">\n<div class=\"fusion-separator fusion-full-width-sep\"><\/div>\n<\/div>\n<\/div>\n<\/div>\n<\/div>\n","protected":false},"excerpt":{"rendered":"<ul>\n<li><strong><span style=\"vertical-align: inherit;\"><span style=\"vertical-align: inherit;\">R\u00e9solution\u00a0<\/span><\/span><\/strong><span style=\"vertical-align: inherit;\"><span style=\"vertical-align: inherit;\"> : 4K UHD 3840 x 2160 pixels<\/span><\/span><\/li>\n<li><strong><span style=\"vertical-align: inherit;\"><span style=\"vertical-align: inherit;\">Taille de l&#8217;\u00e9cran<\/span><\/span><\/strong><span style=\"vertical-align: inherit;\"><span style=\"vertical-align: inherit;\"> \u00a0: 58&#8243; (147 cm) &#8211; Dalle 8 bits + FRC<\/span><\/span><\/li>\n<li><strong><span style=\"vertical-align: inherit;\"><span style=\"vertical-align: inherit;\">Fluidit\u00e9\u00a0<\/span><\/span><\/strong><span style=\"vertical-align: inherit;\"><span style=\"vertical-align: inherit;\"> : 50 Hz \/ 1600 PCI (Picture Criteria Index)<\/span><\/span><\/li>\n<li><strong><span style=\"vertical-align: inherit;\"><span style=\"vertical-align: inherit;\">Technologies\u00a0<\/span><\/span><\/strong><span style=\"vertical-align: inherit;\"><span style=\"vertical-align: inherit;\"> : MEMC, Upscaling UHD, HDR (HDR10, HLG, HDR10+)<\/span><\/span><\/li>\n<li><strong><span style=\"vertical-align: inherit;\"><span style=\"vertical-align: inherit;\">R\u00e9seau\u00a0<\/span><\/span><\/strong><span style=\"vertical-align: inherit;\"><span style=\"vertical-align: inherit;\"> : Smart TV Vidaa U 3.0, Wi-Fi, Bluetooth, Alexa (via l&#8217;application Remote Now ou Amazon Echo), Ethernet, Anyview Cast<\/span><\/span><\/li>\n<li><strong><span style=\"vertical-align: inherit;\"><span style=\"vertical-align: inherit;\">Puissance sonore<\/span><\/span><\/strong><span style=\"vertical-align: inherit;\"><span style=\"vertical-align: inherit;\"> \u00a0: 16W (2 x 7 Watts) \/ DTS Studio Sound<\/span><\/span><\/li>\n<li><span style=\"vertical-align: inherit;\"><span style=\"vertical-align: inherit;\">Classe \u00e9nerg\u00e9tique : G<\/span><\/span><\/li>\n<li><span style=\"vertical-align: inherit;\"><span style=\"vertical-align: inherit;\">Dimensions : 1293 x 813 x 226 mm<\/span><\/span><\/li>\n<li><span style=\"vertical-align: inherit;\"><span style=\"vertical-align: inherit;\">Poids : 13,8 kg<\/span><\/span><\/li>\n<li><strong><span style=\"vertical-align: inherit;\"><span style=\"vertical-align: inherit;\">Design\u00a0<\/span><\/span><\/strong><span style=\"vertical-align: inherit;\"><span style=\"vertical-align: inherit;\"> : Ailerons Slim \/ Bords<\/span><\/span><\/li>\n<\/ul>\n","protected":false},"featured_media":6625,"comment_status":"closed","ping_status":"closed","template":"","meta":{"_bst_post_transparent":"","_bst_post_title":"","_bst_post_layout":"","_bst_post_sidebar_id":"","_bst_post_content_style":"","_bst_post_vertical_padding":"","_bst_post_feature":"","_bst_post_feature_position":"","_bst_post_header":false,"_bst_post_footer":false},"product_brand":[],"product_cat":[142,143,177,144],"product_tag":[],"product_brands":[],"class_list":{"0":"post-8495","1":"product","2":"type-product","3":"status-publish","4":"has-post-thumbnail","6":"product_cat-electronique","7":"product_cat-television","8":"product_cat-televisions-led","9":"product_cat-televisions-smart","11":"first","12":"instock","13":"purchasable","14":"product-type-simple","15":"entry","16":"content-bg","17":"loop-entry"},"_links":{"self":[{"href":"https:\/\/anopri.com\/index.php?rest_route=\/wp\/v2\/product\/8495","targetHints":{"allow":["GET"]}}],"collection":[{"href":"https:\/\/anopri.com\/index.php?rest_route=\/wp\/v2\/product"}],"about":[{"href":"https:\/\/anopri.com\/index.php?rest_route=\/wp\/v2\/types\/product"}],"replies":[{"embeddable":true,"href":"https:\/\/anopri.com\/index.php?rest_route=%2Fwp%2Fv2%2Fcomments&post=8495"}],"wp:featuredmedia":[{"embeddable":true,"href":"https:\/\/anopri.com\/index.php?rest_route=\/wp\/v2\/media\/6625"}],"wp:attachment":[{"href":"https:\/\/anopri.com\/index.php?rest_route=%2Fwp%2Fv2%2Fmedia&parent=8495"}],"wp:term":[{"taxonomy":"product_brand","embeddable":true,"href":"https:\/\/anopri.com\/index.php?rest_route=%2Fwp%2Fv2%2Fproduct_brand&post=8495"},{"taxonomy":"product_cat","embeddable":true,"href":"https:\/\/anopri.com\/index.php?rest_route=%2Fwp%2Fv2%2Fproduct_cat&post=8495"},{"taxonomy":"product_tag","embeddable":true,"href":"https:\/\/anopri.com\/index.php?rest_route=%2Fwp%2Fv2%2Fproduct_tag&post=8495"},{"taxonomy":"product_brands","embeddable":true,"href":"https:\/\/anopri.com\/index.php?rest_route=%2Fwp%2Fv2%2Fproduct_brands&post=8495"}],"curies":[{"name":"wp","href":"https:\/\/api.w.org\/{rel}","templated":true}]}}