{"id":8476,"date":"2026-04-25T13:04:06","date_gmt":"2026-04-25T13:04:06","guid":{"rendered":"https:\/\/anopri.com\/?post_type=product&#038;p=8476"},"modified":"2026-04-25T13:04:09","modified_gmt":"2026-04-25T13:04:09","slug":"machine-de-boulettes-bm-satellite-bm-135","status":"publish","type":"product","link":"https:\/\/anopri.com\/?product=machine-de-boulettes-bm-satellite-bm-135","title":{"rendered":"Machine de boulettes BM-Satellite BM-135"},"content":{"rendered":"<p>Avec un seul bouton] \u2014- interrupteur indicateur d\u2019alimentation, un fonctionnement simple et pratique, vous pouvez commencer \u00e0 faire des boulettes de poulpe d\u00e9licieux avec un seul bouton, et vous pouvez faire 18 balles \u00e0 la fois ..<br \/>\n[Contr\u00f4le de la temp\u00e9rature automatique] \u2014- La machine se mettra en marche automatiquement coup\u00e9e lorsque la machine est en surchauffe et le chauffage sera automatiquement d\u00e9marr\u00e9 apr\u00e8s le changement de temp\u00e9rature est abaiss\u00e9e, de sorte que la plaque de cuisson est toujours dans une plage de temp\u00e9rature id\u00e9ale ..<br \/>\n[Poign\u00e9e homme-machine] \u2014- L\u2019angle d\u2019arc confortable est conforme \u00e0 l\u2019angle de la m\u00e9thode handholding homme-machine, ce qui vous fait vous sentir pratique et confortable lors de son utilisation ..<br \/>\n[Dissipation thermique stable] \u2014- Il y a plusieurs lignes de bouches de dissipation de la chaleur au fond, ce qui peut r\u00e9duire la temp\u00e9rature de la machine pendant l\u2019utilisation \u00e0 haute temp\u00e9rature et vous permettent de l\u2019utiliser en toute s\u00e9curit\u00e9 ..<br \/>\n[Puissance de torr\u00e9faction appropri\u00e9e] \u2014- La puissance est 650W. La machine de boulettes est adapt\u00e9 pour pouvoir la torr\u00e9faction.<br \/>\nLa base en plastique Cool Touch aide \u00e0 r\u00e9duire votre exposition \u00e0 la surface chaude<br \/>\nLa base antid\u00e9rapante l\u2019aide \u00e0 le maintenir ferme en place sur les tables de cuisine plates ou les comptoirs<\/p>\n<div class=\"watch-action\">\n<div class=\"watch-position align-left\">\n<div class=\"action-like\"><\/div>\n<\/div>\n<\/div>\n","protected":false},"excerpt":{"rendered":"<p>Couleur Noir rouge<br \/>\nNum\u00e9ro de mod\u00e8le BM-135<br \/>\nLongueur du produit 28 cm<br \/>\nHauteur du produit 11 cm<br \/>\nLargeur \/ profondeur du produit 35 cm<\/p>\n","protected":false},"featured_media":6569,"comment_status":"closed","ping_status":"closed","template":"","meta":{"_bst_post_transparent":"","_bst_post_title":"","_bst_post_layout":"","_bst_post_sidebar_id":"","_bst_post_content_style":"","_bst_post_vertical_padding":"","_bst_post_feature":"","_bst_post_feature_position":"","_bst_post_header":false,"_bst_post_footer":false},"product_brand":[],"product_cat":[145],"product_tag":[],"product_brands":[],"class_list":{"0":"post-8476","1":"product","2":"type-product","3":"status-publish","4":"has-post-thumbnail","6":"product_cat-electromenager","8":"first","9":"instock","10":"purchasable","11":"product-type-simple","12":"entry","13":"content-bg","14":"loop-entry"},"_links":{"self":[{"href":"https:\/\/anopri.com\/index.php?rest_route=\/wp\/v2\/product\/8476","targetHints":{"allow":["GET"]}}],"collection":[{"href":"https:\/\/anopri.com\/index.php?rest_route=\/wp\/v2\/product"}],"about":[{"href":"https:\/\/anopri.com\/index.php?rest_route=\/wp\/v2\/types\/product"}],"replies":[{"embeddable":true,"href":"https:\/\/anopri.com\/index.php?rest_route=%2Fwp%2Fv2%2Fcomments&post=8476"}],"wp:featuredmedia":[{"embeddable":true,"href":"https:\/\/anopri.com\/index.php?rest_route=\/wp\/v2\/media\/6569"}],"wp:attachment":[{"href":"https:\/\/anopri.com\/index.php?rest_route=%2Fwp%2Fv2%2Fmedia&parent=8476"}],"wp:term":[{"taxonomy":"product_brand","embeddable":true,"href":"https:\/\/anopri.com\/index.php?rest_route=%2Fwp%2Fv2%2Fproduct_brand&post=8476"},{"taxonomy":"product_cat","embeddable":true,"href":"https:\/\/anopri.com\/index.php?rest_route=%2Fwp%2Fv2%2Fproduct_cat&post=8476"},{"taxonomy":"product_tag","embeddable":true,"href":"https:\/\/anopri.com\/index.php?rest_route=%2Fwp%2Fv2%2Fproduct_tag&post=8476"},{"taxonomy":"product_brands","embeddable":true,"href":"https:\/\/anopri.com\/index.php?rest_route=%2Fwp%2Fv2%2Fproduct_brands&post=8476"}],"curies":[{"name":"wp","href":"https:\/\/api.w.org\/{rel}","templated":true}]}}