{"id":8468,"date":"2026-04-25T13:03:58","date_gmt":"2026-04-25T13:03:58","guid":{"rendered":"https:\/\/anopri.com\/?post_type=product&#038;p=8468"},"modified":"2026-04-25T13:04:04","modified_gmt":"2026-04-25T13:04:04","slug":"fer-a-repasser-irvings-220w","status":"publish","type":"product","link":"https:\/\/anopri.com\/?product=fer-a-repasser-irvings-220w","title":{"rendered":"Fer \u00e0 repasser IRVINGS 220W"},"content":{"rendered":"<p>Fer \u00e0 vapeur IRVINGS &#8211; 2200W &#8211; Semelle anti-adh\u00e9sive &#8211; d\u00e9bit vapeur continu 40g\/min &#8211; Syst\u00e8me anti-calcaire Calc Clean &#8211; capacit\u00e9 r\u00e9servoir 360ml.<br \/>\nLa Semelle de ce fer \u00e0 repasser est non collante.<\/p>\n","protected":false},"excerpt":{"rendered":"<p>Fer \u00e0 vapeur IRVINGS &#8211; 2200W &#8211; Semelle anti-adh\u00e9sive &#8211; d\u00e9bit vapeur continu 40g\/min &#8211; Syst\u00e8me anti-calcaire Calc Clean &#8211; capacit\u00e9 r\u00e9servoir 360ml.<br \/>\nLa Semelle de ce fer \u00e0 repasser est non collante.<\/p>\n","protected":false},"featured_media":6547,"comment_status":"closed","ping_status":"closed","template":"","meta":{"_bst_post_transparent":"","_bst_post_title":"","_bst_post_layout":"","_bst_post_sidebar_id":"","_bst_post_content_style":"","_bst_post_vertical_padding":"","_bst_post_feature":"","_bst_post_feature_position":"","_bst_post_header":false,"_bst_post_footer":false},"product_brand":[],"product_cat":[145,159],"product_tag":[],"product_brands":[],"class_list":{"0":"post-8468","1":"product","2":"type-product","3":"status-publish","4":"has-post-thumbnail","6":"product_cat-electromenager","7":"product_cat-fer-a-repasser","9":"first","10":"instock","11":"purchasable","12":"product-type-simple","13":"entry","14":"content-bg","15":"loop-entry"},"_links":{"self":[{"href":"https:\/\/anopri.com\/index.php?rest_route=\/wp\/v2\/product\/8468","targetHints":{"allow":["GET"]}}],"collection":[{"href":"https:\/\/anopri.com\/index.php?rest_route=\/wp\/v2\/product"}],"about":[{"href":"https:\/\/anopri.com\/index.php?rest_route=\/wp\/v2\/types\/product"}],"replies":[{"embeddable":true,"href":"https:\/\/anopri.com\/index.php?rest_route=%2Fwp%2Fv2%2Fcomments&post=8468"}],"wp:featuredmedia":[{"embeddable":true,"href":"https:\/\/anopri.com\/index.php?rest_route=\/wp\/v2\/media\/6547"}],"wp:attachment":[{"href":"https:\/\/anopri.com\/index.php?rest_route=%2Fwp%2Fv2%2Fmedia&parent=8468"}],"wp:term":[{"taxonomy":"product_brand","embeddable":true,"href":"https:\/\/anopri.com\/index.php?rest_route=%2Fwp%2Fv2%2Fproduct_brand&post=8468"},{"taxonomy":"product_cat","embeddable":true,"href":"https:\/\/anopri.com\/index.php?rest_route=%2Fwp%2Fv2%2Fproduct_cat&post=8468"},{"taxonomy":"product_tag","embeddable":true,"href":"https:\/\/anopri.com\/index.php?rest_route=%2Fwp%2Fv2%2Fproduct_tag&post=8468"},{"taxonomy":"product_brands","embeddable":true,"href":"https:\/\/anopri.com\/index.php?rest_route=%2Fwp%2Fv2%2Fproduct_brands&post=8468"}],"curies":[{"name":"wp","href":"https:\/\/api.w.org\/{rel}","templated":true}]}}